000
CXUS52 KGSP 011306
CLMCLT

CLIMATE REPORT
NATIONAL WEATHER SERVICE GREENVILLE-SPARTANBURG SC
907 AM EDT MON JUN 1 2015

...................................

...THE CHARLOTTE CLIMATE SUMMARY FOR THE MONTH OF MAY 2015...

CLIMATE NORMAL PERIOD 1981 TO 2010
CLIMATE RECORD PERIOD 1878 TO 2015

WEATHER         OBSERVED          NORMAL  DEPART  LAST YEAR`S
                 VALUE   DATE(S)  VALUE   FROM    VALUE  DATE(S)
                                          NORMAL
................................................................
TEMPERATURE (F)
RECORD
 HIGH              98   05/29/1941
                        05/23/1941
                        05/22/1941
 LOW               32   05/02/1963
HIGHEST            91   05/20        MM      MM       90  05/29
LOWEST             45   05/02        MM      MM       43  05/19
                                                          05/17
AVG. MAXIMUM     83.9              78.9     5.0     82.0
AVG. MINIMUM     59.4              55.8     3.6     57.3
MEAN             71.7              67.4     4.3     69.6
DAYS MAX >= 90      2               1.0     1.0        1
DAYS MAX <= 32      0               0.0     0.0        0
DAYS MIN <= 32      0               0.0     0.0        0
DAYS MIN <= 0       0               0.0     0.0        0

PRECIPITATION (INCHES)
RECORD
 MAXIMUM        12.48   1975
 MINIMUM         0.01   1936
TOTALS           0.32              3.18   -2.86     4.05
DAILY AVG.       0.01              0.10   -0.09     0.13
DAYS >= .01         1               9.6    -8.6        6
DAYS >= .10         1               5.8    -4.8        4
DAYS >= .50         0               2.0    -2.0        3
DAYS >= 1.00        0               0.8    -0.8        2
GREATEST
 24 HR. TOTAL    0.32   05/26 TO 05/26           05/15 TO 05/15
                        05/26 TO 05/27                    05/14 TO 05/15
                                                          05/15 TO 05/15
 STORM TOTAL       MM                                 MM
 (MM/DD(HH))            MM                    05/15(00) TO 05/15(00)
                                                 05/15(00) TO 05/15(00)5
                                                 05/15(00) TO 05/15(00)5

SNOWFALL (INCHES)
RECORDS
 TOTAL             MM   MM
 24 HR TOTAL       MM
 SNOW DEPTH        MM   MM
TOTALS            0.0               0.0     0.0        T
 LIQUID EQUIV    0.00              0.00    0.00       MM
SINCE 7/1         3.1               4.3    -1.2      9.3
 LIQUID 7/1      0.31                MM      MM     0.93
SNOWDEPTH AVG.      0                MM      MM        0
DAYS >= TRACE       0               0.0     0.0        1
DAYS >= 1.0         0               0.0     0.0        0
GREATEST
 SNOW DEPTH         0   MM                             0  MM
 24 HR TOTAL      0.0   MM                       05/10 TO 05/10
                                                          05/15 TO 05/15
                                                          05/15 TO 05/15
 STORM TOTAL       MM                                 MM
 (MM/DD(HH))            MM                    05/10(00) TO 05/10(00)
                                                 05/15(00) TO 05/15(00)5
                                                 05/15(00) TO 05/15(00)5

DEGREE_DAYS
HEATING TOTAL      15                53     -38       35
 SINCE 7/1       3254              3385    -131     3397
COOLING TOTAL     230               126     104      189
 SINCE 1/1        293               163     130      228

FREEZE DATES
RECORD
 EARLIEST     MM
 LATEST       MM
EARLIEST                        MM
LATEST                          MM
......................................................

WIND (MPH)
AVERAGE WIND SPEED              6.2
HIGHEST WIND SPEED/DIRECTION    26/230    DATE  05/26
HIGHEST GUST SPEED/DIRECTION    35/230    DATE  05/26

SKY COVER
POSSIBLE SUNSHINE (PERCENT)   MM
AVERAGE SKY COVER           0.50
NUMBER OF DAYS FAIR            5
NUMBER OF DAYS PC             23
NUMBER OF DAYS CLOUDY          3

AVERAGE RH (PERCENT)     61

WEATHER CONDITIONS. NUMBER OF DAYS WITH
THUNDERSTORM              4     MIXED PRECIP               0
HEAVY RAIN                1     RAIN                       1
LIGHT RAIN                5     FREEZING RAIN              0
LT FREEZING RAIN          0     HAIL                       0
HEAVY SNOW                0     SNOW                       0
LIGHT SNOW                0     SLEET                      0
FOG                       3     FOG W/VIS <= 1/4 MILE      1
HAZE                      1

-  INDICATES NEGATIVE NUMBERS.
R  INDICATES RECORD WAS SET OR TIED.
MM INDICATES DATA IS MISSING.
T  INDICATES TRACE AMOUNT.

$$

OUTLAW
