000
CXUS51 KILN 011306 RRA
CLMCMH

CLIMATE REPORT
NATIONAL WEATHER SERVICE WILMINGTON OH
709 AM EDT SAT OCT 1 2016

...................................

...THE COLUMBUS CLIMATE SUMMARY FOR THE MONTH OF SEPTEMBER 2016...

CLIMATE NORMAL PERIOD 1981 TO 2010
CLIMATE RECORD PERIOD 1869 TO 2016

WEATHER         OBSERVED          NORMAL  DEPART  LAST YEAR`S
                 VALUE   DATE(S)  VALUE   FROM    VALUE  DATE(S)
                                          NORMAL
................................................................
TEMPERATURE (F)
RECORD
 HIGH             100   09/02/1953
 LOW               31   09/30/1963
                        09/21/1962
HIGHEST            90   09/23        77      13       90  09/07
                        09/07
LOWEST             49   09/27        55      -6       47  09/14
AVG. MAXIMUM     80.6              77.0     3.6     80.1
AVG. MINIMUM     60.3              56.5     3.8     59.0
MEAN             70.4              66.8     3.6     69.6
DAYS MAX >= 90      2               1.4     0.6        1
DAYS MAX <= 32      0               0.0     0.0        0
DAYS MIN <= 32      0               0.0     0.0        0
DAYS MIN <= 0       0               0.0     0.0        0

PRECIPITATION (INCHES)
TOTALS           4.68              2.84    1.84     3.21
DAILY AVG.       0.16              0.09    0.07     0.11
DAYS >= .01         9               8.4     0.6        7
DAYS >= .10         7               5.1     1.9        6
DAYS >= .50         5               1.9     3.1        2
DAYS >= 1.00        1               0.7     0.3        2
GREATEST
 24 HR. TOTAL    1.43   09/29 TO 09/30           09/29 TO 09/29
                                                          09/29 TO 09/30
                                                          09/30 TO 09/30
 STORM TOTAL       MM                                 MM
 (MM/DD(HH))            MM                    09/29(00) TO 09/29(00)
                                                 09/30(00) TO 09/30(00)0
                                                 09/30(00) TO 09/30(00)0

SNOWFALL (INCHES)
TOTALS            0.0               0.0     0.0      0.0
SINCE 7/1         0.0               0.0     0.0      0.0
DAYS >= TRACE       0               0.0     0.0        0
DAYS >= 1.0         0               0.0     0.0        0
GREATEST
 24 HR TOTAL      0.0   09/30 TO 09/30           09/30 TO 09/30
                                                          09/30 TO 09/30
                                                          09/30 TO 09/30
 STORM TOTAL       MM                                 MM
 (MM/DD(HH))            MM                    09/30(00) TO 09/30(00)
                                                 09/30(00) TO 09/30(00)0
                                                 09/30(00) TO 09/30(00)0

DEGREE_DAYS
HEATING TOTAL      18                69     -51       22
 SINCE 7/1         18                69     -51       27
COOLING TOTAL     188               122      66      166
 SINCE 1/1       1281              1011     270     1022
.................................................

WIND (MPH)
AVERAGE WIND SPEED              5.6
RESULTANT WIND SPEED/DIRECTION   1/108
HIGHEST WIND SPEED/DIRECTION    31/290    DATE  09/10
HIGHEST GUST SPEED/DIRECTION    38/290    DATE  09/10

SKY COVER
AVERAGE SKY COVER           0.40

AVERAGE RH (PERCENT)     71

WEATHER CONDITIONS. NUMBER OF DAYS WITH
THUNDERSTORM              0     MIXED PRECIP               0
HEAVY RAIN                7     RAIN                       7
LIGHT RAIN               10     FREEZING RAIN              0
LT FREEZING RAIN          0     HAIL                       0
HEAVY SNOW                0     SNOW                       0
LIGHT SNOW                0     SLEET                      0
FOG                      11     FOG W/VIS <= 1/4 MILE      0
HAZE                      2

-  INDICATES NEGATIVE NUMBERS.
R  INDICATES RECORD WAS SET OR TIED.
MM INDICATES DATA IS MISSING.
T  INDICATES TRACE AMOUNT.

$$
