000
CXUS53 KTOP 012349 CCA
CLMCNK

CLIMATE REPORT...CORRECTED THUNDERSTORM DAYS
NATIONAL WEATHER SERVICE TOPEKA KS
649 PM CDT SAT AUG 1 2015

...................................

...THE CONCORDIA KS CLIMATE SUMMARY FOR THE MONTH OF JULY 2015...

CLIMATE NORMAL PERIOD 1981 TO 2010
CLIMATE RECORD PERIOD 1885 TO 2015

WEATHER         OBSERVED          NORMAL  DEPART  LAST YEAR`S
                 VALUE   DATE(S)  VALUE   FROM    VALUE
                                          NORMAL
.............................................................
TEMPERATURE (F)
RECORD
 HIGH             114   07/13/1934
 LOW               46   07/09/1895
HIGHEST           101   07/24        91      10      103
LOWEST             53   07/08        66     -13       50
AVG. MAXIMUM     88.3              90.7    -2.4     88.4
AVG. MINIMUM     66.8              67.4    -0.6     64.3
MEAN             77.5              79.1    -1.6     76.3
DAYS MAX >= 90     15              17.3    -2.3       11
DAYS MAX <= 32      0               0.0     0.0        0
DAYS MIN <= 32      0               0.0     0.0        0
DAYS MIN <= 0       0               0.0     0.0        0

PRECIPITATION (INCHES)
RECORD
 MAXIMUM        16.75   1993
 MINIMUM         0.03   1919
TOTALS           3.57              3.92   -0.35     1.14
DAILY AVG.       0.12              0.13   -0.01     0.04
DAYS >= .01         8               8.4    -0.4        6
DAYS >= .10         8               5.4     2.6        4
DAYS >= .50         2               2.9    -0.9        0
DAYS >= 1.00        2               1.2     0.8        0
GREATEST
 24 HR. TOTAL    1.47   07/19 TO 07/20              0.48

SNOWFALL (INCHES)
RECORDS
 TOTAL              T   1995
TOTALS            0.0               0.0     0.0      0.0
SINCE 7/1         0.0               0.0     0.0      0.0
SNOWDEPTH AVG.      0                                  0
DAYS >= 1.0         0               0.0     0.0        0
GREATEST
 SNOW DEPTH         0   MM                             0
 24 HR TOTAL      0.0   07/31 TO 07/31               0.0

DEGREE_DAYS
HEATING TOTAL       0                 0       0        2
 SINCE 7/1          0                 0       0        2
COOLING TOTAL     396               436     -40      362
 SINCE 1/1        760               790     -30      824
..............................................................

WIND (MPH)
AVERAGE WIND SPEED              8.4
HIGHEST WIND SPEED/DIRECTION    37/220    DATE  07/15
HIGHEST GUST SPEED/DIRECTION    57/230    DATE  07/15

SKY COVER
POSSIBLE SUNSHINE (PERCENT)   MM
AVERAGE SKY COVER           0.20
NUMBER OF DAYS FAIR           27
NUMBER OF DAYS PC              4
NUMBER OF DAYS CLOUDY          0

AVERAGE RH (PERCENT)     71

WEATHER CONDITIONS. NUMBER OF DAYS WITH
THUNDERSTORM             12     MIXED PRECIP               0
HEAVY RAIN                5     RAIN                       6
LIGHT RAIN               12     FREEZING RAIN              0
LT FREEZING RAIN          0     HEAVY SNOW                 0
SNOW                      0     LIGHT SNOW                 0
FOG                      16     FOG W/VIS <= 1/4 MILE      2
HAZE                      6

-  INDICATES NEGATIVE NUMBERS.
R  INDICATES RECORD WAS SET OR TIED.
MM INDICATES DATA IS MISSING.
T  INDICATES TRACE AMOUNT.

$$
