636
CXUS53 KTOP 011424
CLMCNK


CLIMATE REPORT
NATIONAL WEATHER SERVICE TOPEKA KS
921 AM CDT SAT JUL 1 2017

...................................

...THE CONCORDIA KS CLIMATE SUMMARY FOR THE MONTH OF JUNE 2017...

CLIMATE NORMAL PERIOD 1981 TO 2010
CLIMATE RECORD PERIOD 1885 TO 2017

WEATHER         OBSERVED          NORMAL  DEPART  LAST YEAR`S
                 VALUE   DATE(S)  VALUE   FROM    VALUE
                                          NORMAL
.............................................................
TEMPERATURE (F)
RECORD
 HIGH             109   06/30/1980
                        06/30/1956
                        06/26/1936
 LOW               41   06/01/1964
HIGHEST            98   06/20        89       9      102
                        06/15
LOWEST             52   06/24        58      -6       53
AVG. MAXIMUM     88.3              84.9     3.4     91.5
AVG. MINIMUM     63.3              61.9     1.4     66.2
MEAN             75.8              73.4     2.4     78.8
DAYS MAX >= 90     14               8.1     5.9       20
DAYS MAX <= 32      0               0.0     0.0        0
DAYS MIN <= 32      0               0.0     0.0        0
DAYS MIN <= 0       0               0.0     0.0        0

PRECIPITATION (INCHES)
RECORD
 MAXIMUM        14.14   1967
 MINIMUM         0.34   1952
TOTALS           3.34              4.05   -0.71     1.17
DAILY AVG.       0.11              0.14   -0.03     0.04
DAYS >= .01         7              10.9    -3.9        4
DAYS >= .10         4               6.5    -2.5        3
DAYS >= .50         1               2.8    -1.8        1
DAYS >= 1.00        1               1.1    -0.1        0
GREATEST
 24 HR. TOTAL    2.41   06/29 TO 06/29              0.83

SNOWFALL (INCHES)
RECORDS
 TOTAL              T   1989
TOTALS            0.0               0.0     0.0      0.0
SINCE 7/1         4.3              20.2   -15.9     13.6
SNOWDEPTH AVG.      0                                  0
DAYS >= 1.0         0               0.0     0.0        0
GREATEST
 SNOW DEPTH         0   MM                             0
 24 HR TOTAL      0.0   06/30 TO 06/30               0.0

DEGREE_DAYS
HEATING TOTAL       2                13     -11        0
 SINCE 7/1       4566              5408    -842     4364
COOLING TOTAL     333               265      68      421
 SINCE 1/1        411               354      57      481
..............................................................

WIND (MPH)
AVERAGE WIND SPEED              10.6
HIGHEST WIND SPEED/DIRECTION    40/190    DATE  06/13
HIGHEST GUST SPEED/DIRECTION    53/180    DATE  06/13

SKY COVER
POSSIBLE SUNSHINE (PERCENT)   MM
AVERAGE SKY COVER           0.20
NUMBER OF DAYS FAIR           25
NUMBER OF DAYS PC              5
NUMBER OF DAYS CLOUDY          0

AVERAGE RH (PERCENT)     64

WEATHER CONDITIONS. NUMBER OF DAYS WITH
THUNDERSTORM             12     MIXED PRECIP               0
HEAVY RAIN                3     RAIN                       4
LIGHT RAIN               15     FREEZING RAIN              0
LT FREEZING RAIN          0     HEAVY SNOW                 0
SNOW                      0     LIGHT SNOW                 0
FOG                       6     FOG W/VIS <= 1/4 MILE      0
HAZE                      4

-  INDICATES NEGATIVE NUMBERS.
R  INDICATES RECORD WAS SET OR TIED.
MM INDICATES DATA IS MISSING.
T  INDICATES TRACE AMOUNT.

$$
