000
CXUS55 KPUB 012244
CLMCOS


CLIMATE REPORT
NATIONAL WEATHER SERVICE PUEBLO
338 PM MST SUN MAR 1 2015

...................................

...THE COLORADO SPRINGS CO CLIMATE SUMMARY FOR THE MONTH OF FEBRUARY 2015...

CLIMATE NORMAL PERIOD 1981 TO 2010
CLIMATE RECORD PERIOD 1872 TO 2015

WEATHER         OBSERVED          NORMAL  DEPART  LAST YEAR`S
                 VALUE   DATE(S)  VALUE   FROM    VALUE  DATE(S)
                                          NORMAL
................................................................
TEMPERATURE (F)
RECORD
 HIGH              76   02/05/1963
 LOW              -27   02/01/1951
HIGHEST            74   02/07        48      26       66  02/16
LOWEST             -3   02/28        16     -19      -15  02/06
AVG. MAXIMUM     46.1              44.8     1.3     44.4
AVG. MINIMUM     20.9              19.5     1.4     17.2
MEAN             33.5              32.1     1.4     30.8
DAYS MAX >= 90      0               0.0     0.0
DAYS MAX <= 32      9               4.8     4.2
DAYS MIN <= 32     24              26.5    -2.5
DAYS MIN <= 0       1               1.4    -0.4

PRECIPITATION (INCHES)
RECORD
 MAXIMUM         2.45   1987
 MINIMUM         0.00   1921
                        1893
TOTALS           1.45              0.34    1.11     0.22
DAILY AVG.       0.05              0.01    0.04
DAYS >= .01        10               4.6     5.4
DAYS >= .10         7               0.8     6.2
DAYS >= .50         0               0.1    -0.1
DAYS >= 1.00        0               0.0     0.0
GREATEST
 24 HR. TOTAL    0.40   02/10 TO 02/11              0.09

SNOWFALL (INCHES)
RECORDS
 TOTAL           28.4   1934
TOTALS           16.6               4.9    11.7      3.4
SINCE 7/1        40.9              24.0    16.9     23.3
SNOWDEPTH AVG.      2
DAYS >= 1.0         7               1.4     5.6
GREATEST
 SNOW DEPTH         8   02/23                          4
 24 HR TOTAL      6.0   02/21 TO 02/22               1.6

DEGREE_DAYS
HEATING TOTAL     877               920     -43      951
 SINCE 7/1       4221              4563    -342     4487
COOLING TOTAL       0                 0       0        0
 SINCE 1/1          0                 0       0        0
.................................................................

WIND (MPH)
AVERAGE WIND SPEED              8.8
HIGHEST WIND SPEED/DIRECTION    38/360    DATE  02/20
HIGHEST GUST SPEED/DIRECTION    45/350    DATE  02/20

SKY COVER
POSSIBLE SUNSHINE (PERCENT)   MM
AVERAGE SKY COVER           0.60
NUMBER OF DAYS FAIR            6
NUMBER OF DAYS PC             13
NUMBER OF DAYS CLOUDY          9

AVERAGE RH (PERCENT)     58

WEATHER CONDITIONS. NUMBER OF DAYS WITH
THUNDERSTORM              1     MIXED PRECIP               3
HEAVY RAIN                1     RAIN                       1
LIGHT RAIN                4     FREEZING RAIN              0
LT FREEZING RAIN          1     HAIL                       1
HEAVY SNOW                1     SNOW                       5
LIGHT SNOW               14     SLEET                      0
FOG                      13     FOG W/VIS <= 1/4 MILE      2
HAZE                      4

-  INDICATES NEGATIVE NUMBERS.
R  INDICATES RECORD WAS SET OR TIED.
MM INDICATES DATA IS MISSING.
T  INDICATES TRACE AMOUNT.

$$
