000
CXUS52 KILM 012000
CLMCRE


CLIMATE REPORT
NATIONAL WEATHER SERVICE WILMINGTON NC
351 PM EDT TUE SEP 1 2015

...................................

...THE NORTH MYRTLE BEACH SC CLIMATE SUMMARY FOR THE MONTH OF AUGUST 2015...

CLIMATE NORMAL PERIOD 1981 TO 2010
CLIMATE RECORD PERIOD 1949 TO 2015

WEATHER         OBSERVED          NORMAL  DEPART  LAST YEAR`S
                 VALUE   DATE(S)  VALUE   FROM    VALUE  DATE(S)
                                          NORMAL
................................................................
TEMPERATURE (F)
RECORD
 HIGH             104   08/05/1954
 LOW               54   08/25/1952
HIGHEST            90   08/22                         92  08/22
                        08/05
LOWEST             67   08/29                         64  08/25
                        08/23                             08/15
                        08/15
AVG. MAXIMUM     86.5              86.1     0.4     86.1
AVG. MINIMUM     71.9              71.7     0.2     71.8
MEAN             79.2              78.9     0.3     79.0
DAYS MAX >= 90      2               3.3    -1.3        5
DAYS MAX <= 32      0               0.0     0.0        0
DAYS MIN <= 32      0               0.0     0.0        0
DAYS MIN <= 0       0               0.0     0.0        0

PRECIPITATION (INCHES)
TOTALS           5.79              7.41   -1.62     6.60
DAILY AVG.       0.19              0.24   -0.05     0.21
DAYS >= .01        14                                 14
DAYS >= .10         9                                  9
DAYS >= .50         4                                  5
DAYS >= 1.00        2                                  3
GREATEST
 24 HR. TOTAL    2.15   08/03 TO 08/04

DEGREE_DAYS
HEATING TOTAL       0                 0       0        0
COOLING TOTAL     450               431      19      440
...................................................

WIND (MPH)
AVERAGE WIND SPEED              6.7
RESULTANT WIND SPEED/DIRECTION   2/170
HIGHEST WIND SPEED/DIRECTION    31/220    DATE  08/06
HIGHEST GUST SPEED/DIRECTION    38/220    DATE  08/06

SKY COVER
POSSIBLE SUNSHINE (PERCENT)   MM
AVERAGE SKY COVER           0.30
NUMBER OF DAYS FAIR           20
NUMBER OF DAYS PC             10
NUMBER OF DAYS CLOUDY          1

AVERAGE RH (PERCENT)     78

WEATHER CONDITIONS. NUMBER OF DAYS WITH
THUNDERSTORM              9     MIXED PRECIP              MM
HEAVY RAIN                9     RAIN                       7
LIGHT RAIN               16     FREEZING RAIN              0
LT FREEZING RAIN          0     HAIL                      MM
HEAVY SNOW                0     SNOW                       0
LIGHT SNOW                0     SLEET                     MM
FOG                      17     FOG W/VIS <= 1/4 MILE      3
HAZE                      2

-  INDICATES NEGATIVE NUMBERS.
R  INDICATES RECORD WAS SET OR TIED.
MM INDICATES DATA IS MISSING.
T  INDICATES TRACE AMOUNT.

&&

KCRE RAIN GAUGE BECAME PHYSICALLY CLOGGED ON AUGUST 30TH. TECHNICIAN
UNCLOGGED GAUGE ON AUGUST 31ST AND STATED ALL CAPTURED WATER WAS
MEASURED. COCORAHS/MESONET DATA USED TO CONSTRUCT A RATIO OF HOW MUCH
FELL ON AUGUST 30 VS. AUGUST 31.

$$
