000
CXUS54 KCRP 011839
CLMCRP

CLIMATE REPORT
NATIONAL WEATHER SERVICE CORPUS CHRISTI TX
123 PM CDT MON AUG 1 2016

...................................

...THE CORPUS CHRISTI CLIMATE SUMMARY FOR THE MONTH OF JULY 2016...

CLIMATE NORMAL PERIOD 1981 TO 2010
CLIMATE RECORD PERIOD 1887 TO 2016

WEATHER         OBSERVED          NORMAL  DEPART  LAST YEAR`S
                 VALUE   DATE(S)  VALUE   FROM    VALUE  DATE(S)
                                          NORMAL
................................................................
TEMPERATURE (F)
RECORD
 HIGH             105   07/24/1934
 LOW               64   07/16/1967
HIGHEST            97   07/25        94       3      101  07/31
LOWEST             75   07/17        75       0       69  07/30
                        07/01
AVG. MAXIMUM     94.2              93.1     1.1     94.6
AVG. MINIMUM     78.6              74.8     3.8     76.5
MEAN             86.4              83.9     2.5     85.5
DAYS MAX >= 90     31              26.7     4.3       29
DAYS MAX <= 32      0               0.0     0.0        0
DAYS MIN <= 32      0               0.0     0.0        0
DAYS MIN <= 0       0               0.0     0.0        0

PRECIPITATION (INCHES)
RECORD
 MAXIMUM        18.13   2007
 MINIMUM         0.00   1957
                        1897
                        1895
TOTALS              T              2.79   -2.79     1.19
DAILY AVG.          T              0.09   -0.09     0.04
DAYS >= .01         0               5.7    -5.7        2
DAYS >= .10         0               3.5    -3.5        2
DAYS >= .50         0               1.7    -1.7        2
DAYS >= 1.00        0               0.7    -0.7        0
GREATEST
 24 HR. TOTAL       T   07/29 TO 07/29              0.62


SNOWFALL (INCHES)
RECORDS
 TOTAL            0.0   MM
 24 HR TOTAL      0.0   MM
TOTALS            0.0               0.0     0.0      0.0
SINCE 7/1         0.0               0.0     0.0      0.0
SNOWDEPTH AVG.      0                MM      MM        0
DAYS >= 1.0         0               0.0     0.0        0
GREATEST
 SNOW DEPTH         0   MM                             0
 24 HR TOTAL      0.0   MM                           0.0

DEGREE_DAYS
HEATING TOTAL       0                 0       0        0
 SINCE 7/1          0                 0       0        0
COOLING TOTAL     669               587      82      645
 SINCE 1/1       2265              1950     315     2014
.................................................................

WIND (MPH)
AVERAGE WIND SPEED              12.7
HIGHEST WIND SPEED/DIRECTION    31/170    DATE  07/10
HIGHEST GUST SPEED/DIRECTION    42/140    DATE  07/06

SKY COVER
AVERAGE SKY COVER           0.40

AVERAGE RH (PERCENT)     74

WEATHER CONDITIONS. NUMBER OF DAYS WITH
THUNDERSTORM              4     MIXED PRECIP               0
HEAVY RAIN                0     RAIN                       0
LIGHT RAIN                2     FREEZING RAIN              0
LT FREEZING RAIN          0     HAIL                       0
HEAVY SNOW                0     SNOW                       0
LIGHT SNOW                0     SLEET                      0
FOG                       8     FOG W/VIS <= 1/4 MILE      0
HAZE                      4

-  INDICATES NEGATIVE NUMBERS.
R  INDICATES RECORD WAS SET OR TIED.
MM INDICATES DATA IS MISSING.
T  INDICATES TRACE AMOUNT.

$$

KW
