000
CXUS54 KCRP 011635 RRA
CLMCRP

CLIMATE REPORT
NATIONAL WEATHER SERVICE CORPUS CHRISTI TX
1123 AM CDT FRI JUL 1 2016

...................................

...THE CORPUS CHRISTI CLIMATE SUMMARY FOR THE MONTH OF JUNE 2016...

CLIMATE NORMAL PERIOD 1981 TO 2010
CLIMATE RECORD PERIOD 1887 TO 2016

WEATHER         OBSERVED          NORMAL  DEPART  LAST YEAR`S
                 VALUE   DATE(S)  VALUE   FROM    VALUE  DATE(S)
                                          NORMAL
................................................................
TEMPERATURE (F)
RECORD
 HIGH             107   06/29/2013
 LOW               56   06/03/1919
HIGHEST            99   06/28        91       8       93  06/27
                                                          06/09
LOWEST             71   06/05        73      -2       70  06/02
                        06/03                             06/01
                        06/02
AVG. MAXIMUM     91.5              90.9     0.6     90.1
AVG. MINIMUM     75.3              73.9     1.4     75.4
MEAN             83.4              82.4     1.0     82.7
DAYS MAX >= 90     23              19.6     3.4       20
DAYS MAX <= 32      0               0.0     0.0        0
DAYS MIN <= 32      0               0.0     0.0        0
DAYS MIN <= 0       0               0.0     0.0        0

PRECIPITATION (INCHES)
RECORD
 MAXIMUM        13.35   1973
 MINIMUM            T   1915
                        1907
TOTALS           2.95              3.36   -0.41     1.63
DAILY AVG.       0.10              0.11   -0.01     0.05
DAYS >= .01         7               6.8     0.2        8
DAYS >= .10         2               4.7    -2.7        5
DAYS >= .50         2               2.0     0.0        1
DAYS >= 1.00        1               1.0     0.0        0
GREATEST
 24 HR. TOTAL    2.23   06/02 TO 06/03              0.89

SNOWFALL (INCHES)
RECORDS
 TOTAL            0.0   MM
 24 HR TOTAL      0.0   MM
TOTALS            0.0               0.0     0.0      0.0
SINCE 7/1         0.0               0.2    -0.2      0.0
SNOWDEPTH AVG.      0                MM      MM        0
DAYS >= 1.0         0               0.0     0.0        0
GREATEST
 SNOW DEPTH         TR  06/02                          0
 24 HR TOTAL      0.0   06/30 TO 06/30               0.0

DEGREE_DAYS
HEATING TOTAL       0                 0       0        0
 SINCE 7/1        640               898    -258     1053
COOLING TOTAL     560               522      38      539
 SINCE 1/1       1596              1363     233     1369
.................................................................

WIND (MPH)
AVERAGE WIND SPEED              8.4
HIGHEST WIND SPEED/DIRECTION    28/040    DATE  06/05
HIGHEST GUST SPEED/DIRECTION    37/030    DATE  06/05

SKY COVER
AVERAGE SKY COVER           0.60

AVERAGE RH (PERCENT)     76

WEATHER CONDITIONS. NUMBER OF DAYS WITH
THUNDERSTORM              7     MIXED PRECIP               0
HEAVY RAIN                2     RAIN                       5
LIGHT RAIN               15     FREEZING RAIN              0
LT FREEZING RAIN          0     HAIL                       1
HEAVY SNOW                0     SNOW                       0
LIGHT SNOW                0     SLEET                      0
FOG                       9     FOG W/VIS <= 1/4 MILE      1
HAZE                      5

-  INDICATES NEGATIVE NUMBERS.
R  INDICATES RECORD WAS SET OR TIED.
MM INDICATES DATA IS MISSING.
T  INDICATES TRACE AMOUNT.

$$
