000
CXUS54 KCRP 012201 CCA
CLMCRP

CLIMATE REPORT...CORRECTION
NATIONAL WEATHER SERVICE CORPUS CHRISTI TX
500 PM CDT WED NOV 1 2017

...................................

...THE CORPUS CHRISTI CLIMATE SUMMARY FOR THE MONTH OF OCTOBER 2017...

CLIMATE NORMAL PERIOD 1981 TO 2010
CLIMATE RECORD PERIOD 1887 TO 2017

WEATHER         OBSERVED          NORMAL  DEPART  LAST YEAR`S
                 VALUE   DATE(S)  VALUE   FROM    VALUE  DATE(S)
                                          NORMAL
................................................................
TEMPERATURE (F)
RECORD
 HIGH             101   10/17/2012
 LOW               28   10/31/1993
HIGHEST            95   10/09        84      11       96  10/20
                        10/08
LOWEST             35   10/29        64     -29       51  10/22
AVG. MAXIMUM     85.5              84.4     1.1     90.2
AVG. MINIMUM     62.3              64.8    -2.5     67.5
MEAN             73.9              74.6    -0.7     78.9
DAYS MAX >= 90      9               4.9     4.1       17
DAYS MAX <= 32      0               0.0     0.0        0
DAYS MIN <= 32      0               0.0     0.0        0
DAYS MIN <= 0       0               0.0     0.0        0

PRECIPITATION (INCHES)
RECORD
 MAXIMUM        12.03   1997
 MINIMUM         0.00   1952
TOTALS           2.47              3.64   -1.17     0.94
DAILY AVG.       0.08              0.12   -0.04     0.03
DAYS >= .01         7               6.3     0.7        3
DAYS >= .10         4               3.9     0.1        2
DAYS >= .50         2               2.1    -0.1        1
DAYS >= 1.00        1               1.0     0.0        0
GREATEST
 24 HR. TOTAL    1.23   10/10 TO 10/10              0.81

SNOWFALL (INCHES)
RECORDS
 TOTAL            0.0   MM
 24 HR TOTAL      0.0   MM
TOTALS            0.0               0.0     0.0      0.0
SINCE 7/1         0.0               0.0     0.0      0.0
SNOWDEPTH AVG.      0                MM      MM        0
DAYS >= 1.0         0               0.0     0.0        0
GREATEST
 SNOW DEPTH         0   MM                             0
 24 HR TOTAL      0.0   MM                           0.0

DEGREE_DAYS
HEATING TOTAL      21                10      11        0
 SINCE 7/1         21                10      11        0
COOLING TOTAL     305               308      -3      434
 SINCE 1/1       3787              3351     436     3950
.................................................................

WIND (MPH)
AVERAGE WIND SPEED              9.6
HIGHEST WIND SPEED/DIRECTION    32/010    DATE  10/22
HIGHEST GUST SPEED/DIRECTION    40/350    DATE  10/22

SKY COVER
AVERAGE SKY COVER           0.40

AVERAGE RH (PERCENT)     68

WEATHER CONDITIONS. NUMBER OF DAYS WITH
THUNDERSTORM              4     MIXED PRECIP               0
HEAVY RAIN                3     RAIN                       3
LIGHT RAIN                9     FREEZING RAIN              0
LT FREEZING RAIN          0     HAIL                       0
HEAVY SNOW                0     SNOW                       0
LIGHT SNOW                0     SLEET                      0
FOG                      12     FOG W/VIS <= 1/4 MILE      1
HAZE                      6

-  INDICATES NEGATIVE NUMBERS.
R  INDICATES RECORD WAS SET OR TIED.
MM INDICATES DATA IS MISSING.
T  INDICATES TRACE AMOUNT.

$$

ANM...CORRECTED FOR RECORD TEMPERATURES.
