000
CXUS53 KUNR 011602
CLMCUT


CLIMATE REPORT
NATIONAL WEATHER SERVICE RAPID CITY SD
1002 AM MDT WED JUL 1 2015

...................................

...THE CUSTER COUNTY AIRPORT SD CLIMATE SUMMARY FOR THE MONTH OF JUNE 2015...

CLIMATE NORMAL PERIOD 1981 TO 2010
CLIMATE RECORD PERIOD 9999 TO 9999

WEATHER         OBSERVED          NORMAL  DEPART  LAST YEAR`S
                 VALUE   DATE(S)  VALUE   FROM    VALUE  DATE(S)
                                          NORMAL
................................................................
TEMPERATURE (F)
HIGHEST            87   06/09                         82  06/21
LOWEST             45   06/03                         34  06/12
AVG. MAXIMUM     73.1              70.7     2.4     67.0
AVG. MINIMUM     51.3              46.3     5.0     44.4
MEAN             62.2              58.5     3.7     55.7
DAYS MAX >= 90      0                                  0
DAYS MAX <= 32      0                                  0
DAYS MIN <= 32      0                                  0
DAYS MIN <= 0       0                                  0

PRECIPITATION (INCHES)
TOTALS           6.50              3.22    3.28     3.39
DAILY AVG.       0.22              0.11    0.11     0.12
DAYS >= .01        17                                 17
DAYS >= .10        12                                 10
DAYS >= .50         4                                  3
DAYS >= 1.00        2                                  0
GREATEST
 24 HR. TOTAL    1.98   06/28 TO 06/29              0.69

DEGREE_DAYS
HEATING TOTAL     102               220    -118      273
 SINCE 7/1       7686              8389    -703     8433
COOLING TOTAL      27                25       2        1
 SINCE 1/1         27                26       1        5
.................................................................

WIND (MPH)
AVERAGE WIND SPEED              6.4
HIGHEST WIND SPEED/DIRECTION    28/290    DATE  06/02
HIGHEST GUST SPEED/DIRECTION    46/350    DATE  06/17

AVERAGE RH (PERCENT)     70

WEATHER CONDITIONS. NUMBER OF DAYS WITH
THUNDERSTORM              0     MIXED PRECIP               0
HEAVY RAIN               10     RAIN                      12
LIGHT RAIN               19     FREEZING RAIN              0
LT FREEZING RAIN          0     HAIL                       0
HEAVY SNOW                0     SNOW                       0
LIGHT SNOW                0     SLEET                      0
FOG                      20     FOG W/VIS <= 1/4 MILE      9
HAZE                      7

-  INDICATES NEGATIVE NUMBERS.
R  INDICATES RECORD WAS SET OR TIED.
MM INDICATES DATA IS MISSING.
T  INDICATES TRACE AMOUNT.

$$
