000
CXUS51 KILN 011256
CLMCVG

CLIMATE REPORT
NATIONAL WEATHER SERVICE WILMINGTON OH
751 AM EST THU JAN 1 2015

...................................

...THE CINCINNATI CLIMATE SUMMARY FOR THE MONTH OF DECEMBER 2014...

CLIMATE NORMAL PERIOD 1981 TO 2010
CLIMATE RECORD PERIOD 1869 TO 2014

WEATHER         OBSERVED          NORMAL  DEPART  LAST YEAR`S
                 VALUE   DATE(S)  VALUE   FROM    VALUE  DATE(S)
                                          NORMAL
................................................................
TEMPERATURE (F)
RECORD
 HIGH              75   12/03/1982
                        12/02/1982
 LOW              -20   12/22/1989
HIGHEST            59   12/01        42      17       68  12/21
LOWEST             13   12/31        26     -13        3  12/12
AVG. MAXIMUM     44.0              41.6     2.4     42.4
AVG. MINIMUM     31.1              26.6     4.5     28.1
MEAN             37.5              34.1     3.4     35.2
DAYS MAX >= 90      0               0.0     0.0        0
DAYS MAX <= 32      4               6.4    -2.4        7
DAYS MIN <= 32     20              21.2    -1.2       22
DAYS MIN <= 0       0               0.6    -0.6        0

PRECIPITATION (INCHES)
TOTALS           3.60              3.37    0.23     4.93
DAILY AVG.       0.12              0.11    0.01     0.16
DAYS >= .01        14              12.5     1.5       11
DAYS >= .10        10               6.8     3.2        7
DAYS >= .50         3               2.3     0.7        3
DAYS >= 1.00        0               0.7    -0.7        1
GREATEST
 24 HR. TOTAL    1.46   12/05 TO 12/06           12/21 TO 12/22
                                                          12/22 TO 12/22
                                                          12/22 TO 12/22
 STORM TOTAL       MM                                 MM
 (MM/DD(HH))            MM                    12/22(00) TO 12/22(00)
                                                 12/22(00) TO 12/22(00)2
                                                 12/22(00) TO 12/22(00)2

SNOWFALL (INCHES)
TOTALS            0.1               4.8    -4.7     10.4
SINCE 7/1         5.2               5.6    -0.4     12.8
DAYS >= TRACE       7               4.9     2.1       13
DAYS >= 1.0         0               1.5    -1.5        3
GREATEST
 24 HR TOTAL      0.1   12/20 TO 12/20           12/22 TO 12/22
                                                          12/22 TO 12/22
                                                          12/22 TO 12/22
 STORM TOTAL       MM                                 MM
 (MM/DD(HH))            MM                    12/22(00) TO 12/22(00)
                                                 12/22(00) TO 12/22(00)2
                                                 12/22(00) TO 12/22(00)2

DEGREE_DAYS
HEATING TOTAL     842               959    -117      915
 SINCE 7/1       1980              1919      61     1951
COOLING TOTAL       0                 0       0        0
 SINCE 1/1       1077              1121     -44     1150
...................................................

WIND (MPH)
AVERAGE WIND SPEED              7.8
RESULTANT WIND SPEED/DIRECTION   1/312
HIGHEST WIND SPEED/DIRECTION    31/280    DATE  12/24
HIGHEST GUST SPEED/DIRECTION    39/270    DATE  12/24

SKY COVER
AVERAGE SKY COVER           0.80

AVERAGE RH (PERCENT)     72

WEATHER CONDITIONS. NUMBER OF DAYS WITH
THUNDERSTORM              0     MIXED PRECIP               1
HEAVY RAIN                2     RAIN                       6
LIGHT RAIN               16     FREEZING RAIN              0
LT FREEZING RAIN          0     HAIL                       0
HEAVY SNOW                0     SNOW                       0
LIGHT SNOW                5     SLEET                      2
FOG                      14     FOG W/VIS <= 1/4 MILE      2
HAZE                     20

-  INDICATES NEGATIVE NUMBERS.
R  INDICATES RECORD WAS SET OR TIED.
MM INDICATES DATA IS MISSING.
T  INDICATES TRACE AMOUNT.

$$
