000
CXUS56 KSGX 012015
CLMCZZ


CLIMATE REPORT
NATIONAL WEATHER SERVICE SAN DIEGO, CA
1214 PM PST FRI DEC 1 2017

...................................

...THE CAMPO ASOS CA CLIMATE SUMMARY FOR THE MONTH OF NOVEMBER 2017...

CLIMATE NORMAL PERIOD 1981 TO 2010
CLIMATE RECORD PERIOD 1948 TO 2017

WEATHER         OBSERVED          NORMAL  DEPART  LAST YEAR`S
                 VALUE   DATE(S)  VALUE   FROM    VALUE  DATE(S)
                                          NORMAL
................................................................
TEMPERATURE (F)
RECORD
 HIGH              94   11/08/2015
 LOW               16   11/21/1979
HIGHEST            91   11/23        69      22       85  11/15
LOWEST             32   11/20        35      -3       27  11/30
                        11/11
AVG. MAXIMUM     74.3              69.9     4.4     70.8
AVG. MINIMUM     41.3              36.2     5.1     40.1
MEAN             57.8              53.0     4.8     55.4
DAYS MAX >= 90      1               0.1     0.9        0
DAYS MAX <= 32      0               0.0     0.0        0
DAYS MAX >= 100     0                                  0
DAYS MIN <= 32      2               8.4    -6.4        6
DAYS MIN <= 0       0               0.0     0.0        0

PRECIPITATION (INCHES)
RECORD
 MAXIMUM         9.03   1965
 MINIMUM         0.00   1999
TOTALS           0.34              1.13   -0.79     0.88
DAILY AVG.       0.01              0.04   -0.03     0.03
DAYS >= .01         1               4.7    -3.7        5
DAYS >= .10         1               2.6    -1.6        2
DAYS >= .50         0               0.7    -0.7        0
DAYS >= 1.00        0               0.1    -0.1        0
DAYS >= 1.50        0                                  0
DAYS >= 2.00        0                                  0
GREATEST
 24 HR. TOTAL    0.34   11/07 TO 11/07           11/21 TO 11/21
                                                          11/30 TO 11/30
                                                          11/30 TO 11/30
 STORM TOTAL       MM                                 MM
 (MM/DD(HH))            MM                    11/21(00) TO 11/21(00)
                                                 11/30(00) TO 11/30(00)0
                                                 11/30(00) TO 11/30(00)0

DEGREE_DAYS
HEATING TOTAL     218               360    -142      283
 SINCE 7/1        396               570    -174      418
COOLING TOTAL       8                 2       6        4
 SINCE 1/1       1087               841     246      955

FREEZE DATES
RECORD
 EARLIEST     08/25/1978
 LATEST       06/23/1991
EARLIEST      11/11             10/16
LATEST                          05/19
.................................................

WIND (MPH)
AVERAGE WIND SPEED              7.2
RESULTANT WIND SPEED/DIRECTION   2/053
HIGHEST WIND SPEED/DIRECTION    32/070    DATE  11/28
HIGHEST GUST SPEED/DIRECTION    40/080    DATE  11/28

AVERAGE RH (PERCENT)     50


-  INDICATES NEGATIVE NUMBERS.
R  INDICATES RECORD WAS SET OR TIED.
MM INDICATES DATA IS MISSING.
T  INDICATES TRACE AMOUNT.

$$
