000
CXUS51 KRNK 010941 CCA
CLMDAN

CLIMATE REPORT
NATIONAL WEATHER SERVICE BLACKSBURG VA
537 AM EDT TUE JUL 1 2014

...................................

...THE DANVILLE VA CLIMATE SUMMARY FOR THE MONTH OF JUNE 2014...

CLIMATE NORMAL PERIOD 1981 TO 2010
CLIMATE RECORD PERIOD 1948 TO 2014

WEATHER         OBSERVED          NORMAL  DEPART  LAST YEAR`S
                 VALUE   DATE(S)  VALUE   FROM    VALUE
                                          NORMAL
.............................................................
TEMPERATURE (F)
RECORD
 HIGH             104   06/29/2012
 LOW               40   06/11/1977
HIGHEST            95   06/19                 4
                        06/18
                        06/17
LOWEST             51   06/02                -7
AVG. MAXIMUM     87.9              84.6     3.3     84.8
AVG. MINIMUM     64.7              65.0    -0.3     65.4
MEAN             76.3              74.8     1.5     75.1
DAYS MAX >= 90     12               5.9     6.1
DAYS MAX <= 32      0               0.0     0.0
DAYS MIN <= 32      0               0.0     0.0
DAYS MIN <= 0       0               0.0     0.0

PRECIPITATION (INCHES)
RECORD
 MAXIMUM        14.60   1995
 MINIMUM         1.06   2008
TOTALS           1.23              3.85   -2.62     5.94
DAILY AVG.       0.04              0.13   -0.09     0.20
DAYS >= .01         7               9.5    -2.5
DAYS >= .10         2               6.3    -4.3
DAYS >= .50         1               2.6    -1.6
DAYS >= 1.00        0               0.8    -0.8
GREATEST
 24 HR. TOTAL    0.78   06/11 TO 06/11

SNOWFALL (INCHES)
TOTALS            0.0                                0.0
SINCE 7/1        13.4
SNOWDEPTH AVG.      0
DAYS >= 1.0         0
GREATEST
 SNOW DEPTH         0

DEGREE_DAYS
HEATING TOTAL       0                 3      -3
 SINCE 7/1       3894              3814      80
COOLING TOTAL     345               297      48
 SINCE 1/1        506               441      65
..............................................................

WIND (MPH)
AVERAGE WIND SPEED              4.3
HIGHEST WIND SPEED/DIRECTION    25/230    DATE  06/10
HIGHEST GUST SPEED/DIRECTION    36/230    DATE  06/10

SKY COVER
POSSIBLE SUNSHINE (PERCENT)   MM
AVERAGE SKY COVER           0.30
NUMBER OF DAYS FAIR           19
NUMBER OF DAYS PC             11
NUMBER OF DAYS CLOUDY          0

AVERAGE RH (PERCENT)     68

WEATHER CONDITIONS. NUMBER OF DAYS WITH
THUNDERSTORM              9     MIXED PRECIP               0
HEAVY RAIN                2     RAIN                       2
LIGHT RAIN               10     FREEZING RAIN              0
LT FREEZING RAIN          0     HAIL                       0
HEAVY SNOW                0     SNOW                       0
LIGHT SNOW                0     SLEET                      0
FOG                       6     FOG W/VIS <= 1/4 MILE      1
HAZE                      0

-  INDICATES NEGATIVE NUMBERS.
R  INDICATES RECORD WAS SET OR TIED.
MM INDICATES DATA IS MISSING.
T  INDICATES TRACE AMOUNT.

DUE TO A POWER FAILURE CAUSING A MISSING LOW TEMPERATURE ON JANUARY
22...THE SEASONAL TOTAL AND DEPARTURE FROM NORMAL FOR HDD WILL BE
CALCULATED WITHOUT DATA FROM THAT DATE.
$$
