000
CXUS51 KRNK 011137
CLMDAN


CLIMATE REPORT
NATIONAL WEATHER SERVICE BLACKSBURG VA
731 AM EDT TUE AUG 1 2017

...................................

...THE DANVILLE VA CLIMATE SUMMARY FOR THE MONTH OF JULY 2017...

CLIMATE NORMAL PERIOD 1981 TO 2010
CLIMATE RECORD PERIOD 1948 TO 2017

WEATHER         OBSERVED          NORMAL  DEPART  LAST YEAR`S
                 VALUE   DATE(S)  VALUE   FROM    VALUE
                                          NORMAL
.............................................................
TEMPERATURE (F)
RECORD
 HIGH             105   07/10/1990
                        07/14/1954
 LOW               50   07/22/1974
                        07/11/1963
                        07/27/1962
HIGHEST            95   07/22                         97
LOWEST             55   07/31                         64
AVG. MAXIMUM     89.0              88.0     1.0     89.7
AVG. MINIMUM     67.5              68.6    -1.1     69.0
MEAN             78.2              78.3    -0.1     79.4
DAYS MAX >= 90     14              11.5     2.5       18
DAYS MAX <= 32      0               0.0     0.0        0
DAYS MIN <= 32      0               0.0     0.0        0
DAYS MIN <= 0       0               0.0     0.0        0

PRECIPITATION (INCHES)
RECORD
 MAXIMUM        11.50   2013
 MINIMUM         0.70   1957
TOTALS           4.61              4.59    0.02     4.07
DAILY AVG.       0.15              0.15    0.00     0.13
DAYS >= .01         8              10.8    -2.8       14
DAYS >= .10         7               7.4    -0.4        8
DAYS >= .50         3               3.4    -0.4        3
DAYS >= 1.00        2               1.2     0.8        0
GREATEST
 24 HR. TOTAL    1.27                               1.16

SNOWFALL (INCHES)
TOTALS            0.0                                0.0
DAYS >= TRACE       0                                  0
DAYS >= 1.0         0                                  0
GREATEST
 24 HR TOTAL      0.0                                0.0

DEGREE_DAYS
HEATING TOTAL       0                 0       0        0
COOLING TOTAL     417               412       5      452
..............................................................

WIND (MPH)
AVERAGE WIND SPEED              4.2
HIGHEST WIND SPEED/DIRECTION    30/320    DATE  07/08
HIGHEST GUST SPEED/DIRECTION    43/320    DATE  07/08

SKY COVER
AVERAGE SKY COVER           0.20

AVERAGE RH (PERCENT)     77

WEATHER CONDITIONS. NUMBER OF DAYS WITH
THUNDERSTORM             12     MIXED PRECIP               0
HEAVY RAIN                7     RAIN                       7
LIGHT RAIN               11     FREEZING RAIN              0
LT FREEZING RAIN          0     HAIL                       0
HEAVY SNOW                0     SNOW                       0
LIGHT SNOW                0     SLEET                      0
FOG                      21     FOG W/VIS <= 1/4 MILE      4
HAZE                      0

-  INDICATES NEGATIVE NUMBERS.
R  INDICATES RECORD WAS SET OR TIED.
MM INDICATES DATA IS MISSING.
T  INDICATES TRACE AMOUNT.

$$

PW
