000
CXUS53 KDVN 012216 RRA
CLMDBQ

CLIMATE REPORT...RETRANSMITTED
NATIONAL WEATHER SERVICE QUAD CITIES IA IL
515 PM CDT MON JUN 1 2015

...................................

...THE DUBUQUE CLIMATE SUMMARY FOR THE MONTH OF MAY 2015...

CLIMATE NORMAL PERIOD 1981 TO 2010
CLIMATE RECORD PERIOD 1873 TO 2015

WEATHER         OBSERVED          NORMAL  DEPART
                 VALUE   DATE(S)  VALUE   FROM
                                          NORMAL
................................................
TEMPERATURE (F)
RECORD
 HIGH             104   05/31/1934
 LOW               21   05/03/2005
HIGHEST            81   05/07        74       7
LOWEST             35   05/01        43      -8
AVG. MAXIMUM     69.3              69.1     0.2
AVG. MINIMUM     50.6              48.4     2.2
MEAN             60.0              58.8     1.2
DAYS MAX >= 90      0               0.1    -0.1
DAYS MAX <= 32      0               0.0     0.0
DAYS MIN <= 32      0               0.5    -0.5
DAYS MIN <= 0       0               0.0     0.0

PRECIPITATION (INCHES)
RECORD
 MAXIMUM         9.43   1962
 MINIMUM         0.69   1992
TOTALS           5.78              4.19    1.59
DAILY AVG.       0.19              0.14    0.05
DAYS >= .01        17              13.0     4.0
DAYS >= .10        11
DAYS >= .50         4
DAYS >= 1.00        1               0.9     0.1
GREATEST
 24 HR. TOTAL    1.25   05/26 TO 05/27

SNOWFALL (INCHES)
RECORDS
 TOTAL            3.1   1966
TOTALS            0.0               0.0     0.0
SINCE 7/1        33.7              41.9    -8.2
SNOWDEPTH AVG.      0
DAYS >= TRACE       0               0.0     0.0
DAYS >= 1.0         0               0.0     0.0
GREATEST
 SNOW DEPTH         0   NA
 24 HR TOTAL      0.0   NA

DEGREE_DAYS
HEATING TOTAL     183               225     -42
 SINCE 7/1       7386              7046     340
COOLING TOTAL      36                32       4
 SINCE 1/1         36                37      -1
.................................................

WIND (MPH)
AVERAGE WIND SPEED              10.7
HIGHEST WIND SPEED/DIRECTION    37/210    DATE  05/07
HIGHEST GUST SPEED/DIRECTION    47/210    DATE  05/07

SKY COVER
POSSIBLE SUNSHINE (PERCENT)   MM
AVERAGE SKY COVER           0.50
NUMBER OF DAYS FAIR            7
NUMBER OF DAYS PC             17
NUMBER OF DAYS CLOUDY          7

AVERAGE RH (PERCENT)     74

WEATHER CONDITIONS. NUMBER OF DAYS WITH
THUNDERSTORM              5     HAIL                       0
SLEET                     0     FOG                       19
FOG W/VIS <= 1/4 MILE     4     HAZE                       6

-  INDICATES NEGATIVE NUMBERS.
R  INDICATES RECORD WAS SET OR TIED.
MM INDICATES DATA IS MISSING.
T  INDICATES TRACE AMOUNT.

$$
