000
CXUS54 KFWD 010840
CLMDFW


CLIMATE REPORT
NATIONAL WEATHER SERVICE FORT WORTH TX
337 AM CDT SAT OCT 1 2016

...................................

...THE DALLAS FORT WORTH CLIMATE SUMMARY FOR THE MONTH OF SEPTEMBER 2016...

CLIMATE NORMAL PERIOD 1981 TO 2010
CLIMATE RECORD PERIOD 1898 TO 2016

WEATHER         OBSERVED          NORMAL  DEPART  LAST YEAR`S
                 VALUE   DATE(S)  VALUE   FROM    VALUE  DATE(S)
                                          NORMAL
................................................................
TEMPERATURE (F)
RECORD
 HIGH             111   09/04/2000
 LOW               40   09/27/1942
                        09/28/1908
HIGHEST           100   09/20        99       1      101  09/07
                        09/19
LOWEST             57   09/28        53       4       64  09/13
AVG. MAXIMUM     91.0              88.4     2.6     93.0
AVG. MINIMUM     71.9              67.5     4.4     72.4
MEAN             81.4              78.0     3.4     82.7
DAYS MAX >= 90     22              13.8     8.2       25
DAYS MAX <= 32      0               0.0     0.0        0
DAYS MAX >= 100     2                                  2
DAYS MIN <= 32      0               0.0     0.0        0
DAYS MIN <= 0       0               0.0     0.0        0
DAYS MIN >= 80      0                                  1

PRECIPITATION (INCHES)
RECORD
 MAXIMUM        10.80   1932
 MINIMUM         0.06   2014
TOTALS           0.98              2.55   -1.57     2.14
DAILY AVG.       0.03              0.09   -0.06     0.07
DAYS >= .01         5               5.5    -0.5        2
DAYS >= .10         4               3.7     0.3        2
DAYS >= .50         0               1.7    -1.7        1
DAYS >= 1.00        0               0.8    -0.8        1
GREATEST
 24 HR. TOTAL    0.48   09/24 TO 09/25              2.00

DEGREE_DAYS
HEATING TOTAL       0                 6      -6        0
 SINCE 7/1          0                 6      -6        0
COOLING TOTAL     501               395     106      537
 SINCE 1/1       2852              2577     275     2769
.................................................................

WIND (MPH)
AVERAGE WIND SPEED              8.2
HIGHEST WIND SPEED/DIRECTION    41/010    DATE  09/10
HIGHEST GUST SPEED/DIRECTION    52/360    DATE  09/10

SKY COVER
POSSIBLE SUNSHINE (PERCENT)   MM
AVERAGE SKY COVER           0.40
NUMBER OF DAYS FAIR           11
NUMBER OF DAYS PC             17
NUMBER OF DAYS CLOUDY          2

AVERAGE RH (PERCENT)     61

WEATHER CONDITIONS. NUMBER OF DAYS WITH
THUNDERSTORM              7     MIXED PRECIP               0
HEAVY RAIN                3     RAIN                       4
LIGHT RAIN                9     FREEZING RAIN              0
LT FREEZING RAIN          0     HAIL                       0
HEAVY SNOW                0     SNOW                       0
LIGHT SNOW                0     SLEET                      0
FOG                       5     FOG W/VIS <= 1/4 MILE      0
HAZE                      2

-  INDICATES NEGATIVE NUMBERS.
R  INDICATES RECORD WAS SET OR TIED.
MM INDICATES DATA IS MISSING.
T  INDICATES TRACE AMOUNT.

$$
