392
CXUS54 KAMA 020215
CLMDHT


CLIMATE REPORT
NATIONAL WEATHER SERVICE AMARILLO TX
914 PM CDT THU JUN 1 2017

...................................

...THE DALHART CLIMATE SUMMARY FOR THE MONTH OF MAY 2017...

CLIMATE NORMAL PERIOD 1981 TO 2010
CLIMATE RECORD PERIOD 1948 TO 2017

WEATHER         OBSERVED          NORMAL  DEPART  LAST YEAR`S
                 VALUE   DATE(S)  VALUE   FROM    VALUE  DATE(S)
                                          NORMAL
................................................................
TEMPERATURE (F)
RECORD
 HIGH             102   05/29/2011
                        05/26/2006
                        05/15/1996
 LOW               25   05/03/2013
HIGHEST            92   05/25                         89  05/24
LOWEST             31   05/01                         34  05/02
AVG. MAXIMUM     78.6              78.4     0.2     76.3
AVG. MINIMUM     46.1              48.4    -2.3     46.6
MEAN             62.4              63.4    -1.0     61.5
DAYS MAX >= 90      2               3.5    -1.5        0
DAYS MAX <= 32      0               0.0     0.0        0
DAYS MIN <= 32      1               0.3     0.7        0
DAYS MIN <= 0       0               0.0     0.0        0

PRECIPITATION (INCHES)
TOTALS           1.39              2.24   -0.85     2.36
DAILY AVG.       0.04              0.07   -0.03     0.08
DAYS >= .01        10               6.4     3.6        9
DAYS >= .10         4               3.9     0.1        5
DAYS >= .50         1               1.4    -0.4        2
DAYS >= 1.00        0               0.7    -0.7        0
GREATEST
 24 HR. TOTAL    0.56   05/09 TO 05/09

SNOWFALL (INCHES)
TOTALS            0.0                 T     0.0      0.0
SINCE 7/1        11.3              18.9    -7.6      6.7
DAYS >= TRACE       0               0.1    -0.1
DAYS >= 1.0         0               0.0     0.0        0
GREATEST
 SNOW DEPTH         0   MM
 24 HR TOTAL      0.0   05/31 TO 05/31

DEGREE_DAYS
HEATING TOTAL     118               115       3      145
 SINCE 7/1       3634              4717   -1083     3851
COOLING TOTAL      42                66     -24       44
 SINCE 1/1         77                72       5       46
.................................................................

WIND (MPH)
AVERAGE WIND SPEED              12.4
HIGHEST WIND SPEED/DIRECTION    40/360    DATE  05/27
HIGHEST GUST SPEED/DIRECTION    54/360    DATE  05/02

SKY COVER
POSSIBLE SUNSHINE (PERCENT)   MM
NUMBER OF DAYS FAIR           23
NUMBER OF DAYS PC              8
NUMBER OF DAYS CLOUDY          0

AVERAGE RH (PERCENT)     56

WEATHER CONDITIONS. NUMBER OF DAYS WITH
THUNDERSTORM              0     MIXED PRECIP               0
HEAVY RAIN                3     RAIN                       6
LIGHT RAIN               11     FREEZING RAIN              0
LT FREEZING RAIN          0     HEAVY SNOW                 0
SNOW                      0     LIGHT SNOW                 0
SLEET                     0     FOG                        7
FOG W/VIS <= 1/4 MILE     0     HAZE                       4

-  INDICATES NEGATIVE NUMBERS.
R  INDICATES RECORD WAS SET OR TIED.
MM INDICATES DATA IS MISSING.
T  INDICATES TRACE AMOUNT.

$$
