000
CXUS55 KTWC 011454
CLMDUG

CLIMATE REPORT
NATIONAL WEATHER SERVICE TUCSON AZ
750 AM MST THU SEP 1 2016

...................................

...THE DOUGLAS AZ CLIMATE SUMMARY FOR THE MONTH OF AUGUST 2016...

CLIMATE NORMAL PERIOD 1981 TO 2010
CLIMATE RECORD PERIOD 1948 TO 2016

WEATHER         OBSERVED          NORMAL  DEPART  LAST YEAR`S
                 VALUE   DATE(S)  VALUE   FROM    VALUE  DATE(S)
                                          NORMAL
................................................................
TEMPERATURE (F)
RECORD
 HIGH             104   08/30/2011
 LOW               52   08/15/1985
HIGHEST            95   08/18        98      -3      101  08/15
LOWEST             55   08/29        58      -3       59  08/13
                        08/18
AVG. MAXIMUM     89.6              91.8    -2.2     93.8
AVG. MINIMUM     62.1              64.6    -2.5     65.1
MEAN             75.8              78.2    -2.4     79.4
DAYS MAX >= 90     19              21.3    -2.3       26
DAYS MAX <= 32      0               0.0     0.0        0
DAYS MIN <= 32      0               0.0     0.0        0
DAYS MIN <= 0       0               0.0     0.0        0

PRECIPITATION (INCHES)
RECORD
 MAXIMUM         7.77   1959
 MINIMUM         0.17   1962
TOTALS           2.58              3.05   -0.47     3.05
DAILY AVG.       0.08              0.10   -0.02     0.10
DAYS >= .01        10              12.7    -2.7       13
DAYS >= .10         5               6.7    -1.7       10
DAYS >= .50         1               1.7    -0.7        2
DAYS >= 1.00        1               0.6     0.4        0
GREATEST
 24 HR. TOTAL    1.37   08/13 TO 08/13           08/09 TO 08/09
                        08/12 TO 08/13                    08/31 TO 08/31
                        08/13 TO 08/13                    08/31 TO 08/31

DEGREE_DAYS
COOLING TOTAL     346               409     -63      410
 SINCE 1/1       1471              1470       1     1309
..................................................

WIND (MPH)
AVERAGE WIND SPEED              6.3
HIGHEST WIND SPEED/DIRECTION    41/020    DATE  08/13
HIGHEST GUST SPEED/DIRECTION    57/150    DATE  08/06

AVERAGE RH (PERCENT)     59

WEATHER CONDITIONS. NUMBER OF DAYS WITH
THUNDERSTORM              0     MIXED PRECIP               0
HEAVY RAIN                7     RAIN                       5
LIGHT RAIN                8     FREEZING RAIN              0
LT FREEZING RAIN          0     HAIL                       0
HEAVY SNOW                0     SNOW                       0
LIGHT SNOW                0     SLEET                      0
FOG                       7     FOG W/VIS <= 1/4 MILE      1
HAZE                      0

-  INDICATES NEGATIVE NUMBERS.
R  INDICATES RECORD WAS SET OR TIED.
MM INDICATES DATA IS MISSING.
T  INDICATES TRACE AMOUNT.

$$
