000
CXUS56 KOTX 021712 CCA
CLMEAT

CLIMATE REPORT
NATIONAL WEATHER SERVICE SPOKANE, WA
351 AM PDT FRI SEP 1 2017

...................................

...THE WENATCHEE WA PANGBORN FIELD CLIMATE SUMMARY FOR THE MONTH OF AUGUST 2017...

CLIMATE NORMAL PERIOD 1981 TO 2010
CLIMATE RECORD PERIOD 1959 TO 2017

WEATHER         OBSERVED          NORMAL  DEPART  LAST YEAR`S
                 VALUE   DATE(S)  VALUE   FROM    VALUE  DATE(S)
                                          NORMAL
................................................................
TEMPERATURE (F)
RECORD
 HIGH             109   08/04/1961
 LOW               42   08/23/1992
HIGHEST            99   08/11        MM      MM       97  08/18
                                                          08/17
                                                          08/16
LOWEST             53   08/25        MM      MM       53  08/23
                                                          08/09
AVG. MAXIMUM     90.5              86.1     4.4     87.6
AVG. MINIMUM     63.3              60.8     2.5     61.6
MEAN             76.9              73.5     3.4     74.6
DAYS MAX >= 90     19              10.1     8.9       11
DAYS MAX <= 32      0               0.0     0.0        0
DAYS MIN <= 32      0               0.0     0.0        0
DAYS MIN <= 0       0               0.0     0.0        0

PRECIPITATION (INCHES)
RECORD
 MAXIMUM         2.01   1976
 MINIMUM         0.00   2011
                        2006
                        2000
TOTALS           0.06              0.20   -0.14        T
DAILY AVG.       0.00              0.01   -0.01        T
DAYS >= .01         1               2.1    -1.1        0
DAYS >= .10         0               0.6    -0.6        0
DAYS >= .50         0               0.0     0.0        0
DAYS >= 1.00        0               0.0     0.0        0
GREATEST
 24 HR. TOTAL    0.06   08/13 TO 08/13           08/08 TO 08/08

DEGREE_DAYS
COOLING TOTAL     376                80     296      307
 SINCE 1/1        945               788     157      773
.........................................................

WIND (MPH)
AVERAGE WIND SPEED              8.6
HIGHEST WIND SPEED/DIRECTION    32/290    DATE  08/13
HIGHEST GUST SPEED/DIRECTION    40/310    DATE  08/16

SKY COVER
POSSIBLE SUNSHINE (PERCENT)   MM
AVERAGE SKY COVER           0.10
NUMBER OF DAYS FAIR           29
NUMBER OF DAYS PC              2
NUMBER OF DAYS CLOUDY          0

AVERAGE RH (PERCENT)     36

WEATHER CONDITIONS. NUMBER OF DAYS WITH
THUNDERSTORM              0     MIXED PRECIP               0
HEAVY RAIN                0     RAIN                       0
LIGHT RAIN                1     FREEZING RAIN              0
LT FREEZING RAIN          0     HAIL                       0
HEAVY SNOW                0     SNOW                       0
LIGHT SNOW                0     SLEET                      0
FOG                       0     FOG W/VIS <= 1/4 MILE      0
HAZE                     12

-  INDICATES NEGATIVE NUMBERS.
R  INDICATES RECORD WAS SET OR TIED.
MM INDICATES DATA IS MISSING.
T  INDICATES TRACE AMOUNT.

$$

AUGUST 2017 WAS ONCE AGAIN WARMER AND DRIER THAN NORMAL ACROSS NORTH
CENTRAL WASHINGTON.  THE FIRST 11 DAYS BROUGHT WARM AND SMOKY
CONDITIONS AS AN UPPER RIDGE SET UP OFF THE COAST RESULTING IN
NORTHWEST FLOW WHICH BROUGHT SMOKE FROM BRITISH COLUMBIA INTO THE
REGION.  THE 4TH WAS ESPECIALLY SMOKY WITH VISIBILITY DOWN TO 1 MILE
AT WENATCHEE...EPHRATA...AND MOSES LAKE.  ON THE 7TH AND 8TH A WEAK
SYSTEM BROUGHT ISOLATED MOUNTAIN THUNDERSTORMS.  THE WENATCHEE
AIRPORT WARMED INTO THE 90S EACH DAY FROM THE 1ST THROUGH THE
12TH...WHICH COMBINED WITH THE LATE JULY HEAT MADE FOR 19
CONSECUTIVE DAYS OF 90 OR HIGHER WHICH WAS THE SECOND HIGHEST ON
RECORD.  A SIGNIFICANT COOL DOWN ON THE 13TH AND 14TH BROUGHT LIGHT
SHOWERS...WITH HIGHS ONLY IN THE UPPER 70S ON THE 14TH.  WINDY
CONDITIONS ALSO HELPED CLEAR THE SMOKE OUT OF THE REGION WITH A PEAK
WIND OF 40 MPH AT THE WENATCHEE AIRPORT ON THE 13TH.  THE WEATHER
BECAME SEASONAL FROM THE 15TH THROUGH THE 26TH WITH GENERALLY DRY
CONDITIONS AND NORMAL TEMPERATURES.  ALTHOUGH A PERIOD OF DRY AND
WINDY CONDITIONS FROM A DRY COLD FRONT LATE ON THE 16TH AND EARLY ON
THE 17TH CONTRIBUTED TO RAPID FIRE SPREAD OF THE MONUMENT HILL FIRE
NEAR QUINCY WITH WENATCHEE REPORTING A PEAK WIND GUST OF 40 MPH.  AN
UPPER RIDGE BUILT IN AT THE END OF THE MONTH WITH HOT TEMPERATURES
IN THE 90S RETURNING. THIS ALLOWED REGIONAL FIRES TO BECOME MORE
ACTIVE WITH A RETURN OF HAZY SKIES.

NO RECORDS WERE SET DURING THE MONTH AT THE WENATCHEE AIRPORT.
