000
CXUS56 KEKA 120035
CLMEKA

CLIMATE REPORT
NATIONAL WEATHER SERVICE EUREKA CA
448 PM PST WED FEB 11 2015

...................................

...THE EUREKA CA CLIMATE SUMMARY FOR THE MONTH OF JANUARY 2015...

CLIMATE NORMAL PERIOD 1981 TO 2010
CLIMATE RECORD PERIOD 1886 TO 2015

WEATHER         OBSERVED          NORMAL  DEPART  LAST YEAR`S
                 VALUE   DATE(S)  VALUE   FROM    VALUE
                                          NORMAL
.............................................................
TEMPERATURE (F)
RECORD
 HIGH              78   01/12/1986
 LOW               20   01/14/1888
HIGHEST            68   01/07                MM
LOWEST             31   01/01                MM
AVG. MAXIMUM     59.2                       3.6
AVG. MINIMUM     43.1                       2.0
MEAN             51.1                       2.8

PRECIPITATION (INCHES)
RECORD
 MAXIMUM        18.26   1890
 MINIMUM         0.66   1985
TOTALS           1.36              6.50   -5.14
DAYS >= .01         4              16.6   -12.6        8
DAYS >= .10         4              11.6    -7.6        3
DAYS >= .50         1               4.8    -3.8        1
DAYS >= 1.00        0               1.7    -1.7        0
GREATEST
 24 HR. TOTAL    0.85   01/17 TO 01/18

SNOWFALL (INCHES)
 LIQUID 7/1      0.00                        MM

DEGREE_DAYS
HEATING TOTAL     424               516     -92      531
 SINCE 7/1       1815              2471    -656     2674
COOLING TOTAL       0                 0       0        0
 SINCE 1/1          0                 0       0        0
..............................................................

WIND (MPH)
AVERAGE WIND SPEED              2.6
HIGHEST WIND SPEED/DIRECTION    18/170    DATE  01/15
HIGHEST GUST SPEED/DIRECTION    36/180    DATE  01/15

SKY COVER
POSSIBLE SUNSHINE (PERCENT)   MM
AVERAGE SKY COVER           0.60
NUMBER OF DAYS FAIR            5
NUMBER OF DAYS PC             12
NUMBER OF DAYS CLOUDY         14


WEATHER CONDITIONS. NUMBER OF DAYS WITH
THUNDERSTORM              0     HEAVY RAIN                 0
RAIN                      2     LIGHT RAIN                 7
HAIL                      0     SLEET                      0
FOG                      10     FOG W/VIS <= 1/4 MILE      3
HAZE                      2

-  INDICATES NEGATIVE NUMBERS.
R  INDICATES RECORD WAS SET OR TIED.
MM INDICATES DATA IS MISSING.
T  INDICATES TRACE AMOUNT.
&&

TOTAL RAINFALL...............  1.36 DEPARTURE FROM NORMAL..... -5.14
TOTAL SINCE JANUARY 1ST......  1.36 DEPARTURE FROM NORMAL..... -5.14
TOTAL SINCE JULY 1ST......... 22.87 DEPARTURE FROM NORMAL..... -0.68

HIGHEST SLP......... 30.43 ON 23RD LOWEST SLP.......... 29.97 ON 26TH

...REMARKS...HIGH PRESSURE WAS IN PLACE OVER THE AREA FOR MUCH OF
JANUARY. THIS KEPT MOST OF THE RAIN TO THE NORTH OF THE AREA WITH
EUREKA ONLY RECEIVING 1.36 INCHES IN JANUARY...WHICH IS THE THIRD
LOWEST RAINFALL ON RECORD. MOST OF THIS RAIN FELL ON ONLY 4 DAYS IN
THE MIDDLE OF THE MONTH. THIS HIGH PRESSURE ALSO KEPT TEMPERATURES
NEARLY 3 DEGREES ABOVE NORMAL THROUGH THE MONTH.


$$
