447
CXUS54 KEPZ 091715 CCB
CLMELP

CLIMATE REPORT...COR PRECIP TOTAL
NATIONAL WEATHER SERVICE EL PASO, TX
1115 AM MDT FRI SEP 9 2016

...................................

...THE EL PASO CLIMATE SUMMARY FOR THE MONTH OF AUGUST 2016...

CLIMATE NORMAL PERIOD 1981 TO 2010
CLIMATE RECORD PERIOD 1879 TO 2016

WEATHER         OBSERVED          NORMAL  DEPART  LAST YEAR`S
                 VALUE   DATE(S)  VALUE   FROM    VALUE  DATE(S)
                                          NORMAL
................................................................
TEMPERATURE (F)
RECORD
 HIGH             108   08/02/1980
 LOW               52   08/10/1880
HIGHEST           102   08/12        95       7      103  08/06
                        08/08                             08/05
LOWEST             63   08/21        65      -2       68  08/30
                                                          08/24
AVG. MAXIMUM     92.0              92.4    -0.4     97.6
AVG. MINIMUM     69.3              69.7    -0.4     73.4
MEAN             80.6              81.1    -0.5     85.5
DAYS MAX >= 90     22              22.4    -0.4       31
DAYS MAX <= 32      0               0.0     0.0        0
DAYS MIN <= 32      0               0.0     0.0        0
DAYS MIN <= 0       0               0.0     0.0        0

PRECIPITATION (INCHES)
RECORD
 MAXIMUM         6.85
 MINIMUM         0.00
TOTALS           4.76              2.01    2.45     1.55
DAYS >= .01        13                                 12
DAYS >= .10         9                                  5
DAYS >= .50         2                                  0
DAYS >= 1.00        2                                  0
GREATEST
 24 HR. TOTAL    1.53   08/20 TO 08/21

 STORM TOTAL       MM
 (MM/DD(HH))       MM

DEGREE_DAYS
HEATING TOTAL       0                 0       0        0
 SINCE 7/1          0                 0       0        0
COOLING TOTAL     494               498      -4      642
 SINCE 1/1       2224              1929     295     2217

FREEZE DATES
RECORD
 EARLIEST     10/16/1880
 LATEST       05/02/1967
EARLIEST                        12/06
LATEST                          02/07
.................................................................

WIND (MPH)
AVERAGE WIND SPEED              7.5
HIGHEST WIND SPEED/DIRECTION    45/300    DATE  08/21
HIGHEST GUST SPEED/DIRECTION    55/300    DATE  08/21

SKY COVER
POSSIBLE SUNSHINE (PERCENT)   MM
AVERAGE SKY COVER           0.50
NUMBER OF DAYS FAIR            7
NUMBER OF DAYS PC             21
NUMBER OF DAYS CLOUDY          3

AVERAGE RH (PERCENT)     51

WEATHER CONDITIONS. NUMBER OF DAYS WITH
THUNDERSTORM             14     MIXED PRECIP               0
HEAVY RAIN                6     RAIN                       5
LIGHT RAIN               20     FREEZING RAIN              0
LT FREEZING RAIN          0     HAIL                       1
HEAVY SNOW                0     SNOW                       0
LIGHT SNOW                0     SLEET                      0
FOG                       7     FOG W/VIS <= 1/4 MILE      0
HAZE                      2

-  INDICATES NEGATIVE NUMBERS.
R  INDICATES RECORD WAS SET OR TIED.
MM INDICATES DATA IS MISSING.
T  INDICATES TRACE AMOUNT.

$$
