000
CXUS53 KTOP 011442
CLMEMP


CLIMATE REPORT
NATIONAL WEATHER SERVICE TOPEKA KS
939 AM CDT WED JUL 1 2015

...................................

...THE EMPORIA KS CLIMATE SUMMARY FOR THE MONTH OF JUNE 2015...

CLIMATE NORMAL PERIOD 1981 TO 2010
CLIMATE RECORD PERIOD 9999 TO 9999

WEATHER         OBSERVED          NORMAL  DEPART  LAST YEAR`S
                 VALUE   DATE(S)  VALUE   FROM    VALUE
                                          NORMAL
.............................................................
TEMPERATURE (F)
HIGHEST            96   06/30                         91
LOWEST             51   06/01                         51
AVG. MAXIMUM     86.7              84.0     2.7     82.4
AVG. MINIMUM     66.2              63.0     3.2     64.9
MEAN             76.5              73.5     3.0     73.7
DAYS MAX >= 90     12               4.8     7.2        1
DAYS MAX <= 32      0               0.0     0.0        0
DAYS MIN <= 32      0               0.0     0.0        0
DAYS MIN <= 0       0               0.0     0.0        0

PRECIPITATION (INCHES)
TOTALS           2.52              5.84   -3.32     6.89
DAILY AVG.       0.08                               0.23
DAYS >= .01        11                                 11
DAYS >= .10         4                                  9
DAYS >= .50         2                                  6
DAYS >= 1.00        0                                  2
GREATEST
 24 HR. TOTAL    1.07   06/14 TO 06/15              2.31

DEGREE_DAYS
HEATING TOTAL       3                 8      -5        4
 SINCE 7/1       4875              4819      56     5498
COOLING TOTAL     356               263      93      272
 SINCE 1/1        424               382      42      448
..............................................................

WIND (MPH)
AVERAGE WIND SPEED              9.9
HIGHEST WIND SPEED/DIRECTION    35/300    DATE  06/07
HIGHEST GUST SPEED/DIRECTION    49/290    DATE  06/07

SKY COVER
POSSIBLE SUNSHINE (PERCENT)   MM
AVERAGE SKY COVER           0.30
NUMBER OF DAYS FAIR           22
NUMBER OF DAYS PC              5
NUMBER OF DAYS CLOUDY          3

AVERAGE RH (PERCENT)     72

WEATHER CONDITIONS. NUMBER OF DAYS WITH
THUNDERSTORM              5     MIXED PRECIP               0
HEAVY RAIN                4     RAIN                       5
LIGHT RAIN               11     FREEZING RAIN              0
LT FREEZING RAIN          0     HEAVY SNOW                 0
SNOW                      0     LIGHT SNOW                 0
FOG                       9     FOG W/VIS <= 1/4 MILE      0
HAZE                      0

-  INDICATES NEGATIVE NUMBERS.
R  INDICATES RECORD WAS SET OR TIED.
MM INDICATES DATA IS MISSING.
T  INDICATES TRACE AMOUNT.

$$
