000
CXUS53 KTOP 011419
CLMEMP


CLIMATE REPORT
NATIONAL WEATHER SERVICE TOPEKA KS
915 AM CDT MON MAY 1 2017

...................................

...THE EMPORIA KS CLIMATE SUMMARY FOR THE MONTH OF APRIL 2017...

CLIMATE NORMAL PERIOD 1981 TO 2010
CLIMATE RECORD PERIOD 9999 TO 9999

WEATHER         OBSERVED          NORMAL  DEPART  LAST YEAR`S
                 VALUE   DATE(S)  VALUE   FROM    VALUE
                                          NORMAL
.............................................................
TEMPERATURE (F)
HIGHEST            82   04/15                         86
LOWEST             33   04/27                         27
                        04/07
AVG. MAXIMUM     67.9              67.8     0.1     70.1
AVG. MINIMUM     46.6              43.8     2.8     45.9
MEAN             57.3              55.8     1.5     58.0
DAYS MAX >= 90      0               0.4    -0.4        0
DAYS MAX <= 32      0               0.0     0.0        0
DAYS MIN <= 32      0               3.1    -3.1        3
DAYS MIN <= 0       0               0.0     0.0        0

PRECIPITATION (INCHES)
TOTALS           6.28              3.38    2.90     6.55
DAILY AVG.       0.21                               0.22
DAYS >= .01        18                                 10
DAYS >= .10        12                                  7
DAYS >= .50         6                                  4
DAYS >= 1.00        2                                  1
GREATEST
 24 HR. TOTAL    1.33   04/29 TO 04/29              3.41

DEGREE_DAYS
HEATING TOTAL     255               297     -42      222
 SINCE 7/1       3822              4729    -907     3778
COOLING TOTAL      30                21       9       19
 SINCE 1/1         42                23      19       20
..............................................................

WIND (MPH)
AVERAGE WIND SPEED              12.5
HIGHEST WIND SPEED/DIRECTION    37/180    DATE  04/19
HIGHEST GUST SPEED/DIRECTION    47/200    DATE  04/15

SKY COVER
POSSIBLE SUNSHINE (PERCENT)   MM
AVERAGE SKY COVER           0.50
NUMBER OF DAYS FAIR           12
NUMBER OF DAYS PC              8
NUMBER OF DAYS CLOUDY         10

AVERAGE RH (PERCENT)     74

WEATHER CONDITIONS. NUMBER OF DAYS WITH
THUNDERSTORM             10     MIXED PRECIP               0
HEAVY RAIN                3     RAIN                       9
LIGHT RAIN               19     FREEZING RAIN              0
LT FREEZING RAIN          0     HEAVY SNOW                 0
SNOW                      0     LIGHT SNOW                 0
FOG                      17     FOG W/VIS <= 1/4 MILE      2
HAZE                      8

-  INDICATES NEGATIVE NUMBERS.
R  INDICATES RECORD WAS SET OR TIED.
MM INDICATES DATA IS MISSING.
T  INDICATES TRACE AMOUNT.

$$
