000
CXUS51 KOKX 011201
CLMEWR

CLIMATE REPORT
NATIONAL WEATHER SERVICE NEW YORK NY
758 AM EDT TUE SEP 1 2015

...................................

...THE NEWARK NJ CLIMATE SUMMARY FOR THE MONTH OF AUGUST 2015...

CLIMATE NORMAL PERIOD 1981 TO 2010
CLIMATE RECORD PERIOD 1929 TO 2015

WEATHER         OBSERVED          NORMAL  DEPART  LAST YEAR`S
                 VALUE   DATE(S)  VALUE   FROM    VALUE  DATE(S)
                                          NORMAL
................................................................
TEMPERATURE (F)
RECORD
 HIGH             105   08/09/2001
 LOW               45   08/29/1982
HIGHEST            97   08/17        MM      MM       93  08/31
                                                          08/27
LOWEST             63   08/29        MM      MM       58  08/16
                        08/28
                        08/14
AVG. MAXIMUM     88.2              84.1     4.1     83.2
AVG. MINIMUM     69.2              67.5     1.7     65.7
MEAN             78.7              75.8     2.9     74.5
DAYS MAX >= 90     13               5.2     7.8        2
DAYS MAX <= 32      0               0.0     0.0        0
DAYS MIN <= 32      0               0.0     0.0        0
DAYS MIN <= 0       0               0.0     0.0        0

PRECIPITATION (INCHES)
RECORD
 MAXIMUM        22.48   1843
 MINIMUM         0.27   1916
TOTALS           1.40              3.70   -2.30     1.76
DAILY AVG.       0.05              0.12   -0.07     0.06
DAYS >= .01         4               9.7    -5.7        7
DAYS >= .10         3               6.1    -3.1        5
DAYS >= .50         1               2.6    -1.6        1
DAYS >= 1.00        0               1.0    -1.0        0
GREATEST
 24 HR. TOTAL    0.96   08/11 TO 08/11           08/12 TO 08/13
                                                          08/31 TO 08/31
                                                          08/31 TO 08/31
 STORM TOTAL       MM                                 MM
 (MM/DD(HH))            MM                    08/13(00) TO 08/13(00)
                                                 08/31(00) TO 08/31(00)1
                                                 08/31(00) TO 08/31(00)1

DEGREE_DAYS
HEATING TOTAL       0                 1      -1        0
 SINCE 7/1          0                 1      -1        0
COOLING TOTAL     432               336      96      300
 SINCE 1/1       1282              1034     248      989
..................................................

WIND (MPH)
AVERAGE WIND SPEED              8.2
HIGHEST WIND SPEED/DIRECTION    28/280    DATE  08/04
HIGHEST GUST SPEED/DIRECTION    51/280    DATE  08/04


WEATHER CONDITIONS. NUMBER OF DAYS WITH
THUNDERSTORM              0     MIXED PRECIP               0
HEAVY RAIN                2     RAIN                       3
LIGHT RAIN                7     FREEZING RAIN              0
LT FREEZING RAIN          0     HAIL                       0
HEAVY SNOW                0     SNOW                       0
LIGHT SNOW                0     SLEET                      0
FOG                       4     FOG W/VIS <= 1/4 MILE      0
HAZE                      0

-  INDICATES NEGATIVE NUMBERS.
R  INDICATES RECORD WAS SET OR TIED.
MM INDICATES DATA IS MISSING.
T  INDICATES TRACE AMOUNT.

$$
