000
CXUS51 KOKX 172322
CLMEWR

NYCCLMEWR 000
TTAA00 KOKX 011705


CLIMATE REPORT
NATIONAL WEATHER SERVICE NEW YORK NY
1205 PM EST WED MAR 1 2017

...................................

...THE NEWARK NJ CLIMATE SUMMARY FOR THE MONTH OF FEBRUARY 2017...

CLIMATE NORMAL PERIOD 1981 TO 2010
CLIMATE RECORD PERIOD 1929 TO 2017

WEATHER         OBSERVED          NORMAL  DEPART  LAST YEAR`S
                 VALUE   DATE(S)  VALUE   FROM    VALUE  DATE(S)
                                          NORMAL
................................................................
TEMPERATURE (F)
RECORD
 HIGH              76   02/15/1949
 LOW              -14   02/09/1934
HIGHEST            74   02/24        MM      MM       64  02/25
                                                          02/20
LOWEST             18   02/10        MM      MM        0  02/14
AVG. MAXIMUM     50.2              42.3     7.9     45.7
AVG. MINIMUM     32.9              26.9     6.0     28.5
MEAN             41.6              34.6     7.0     37.1
DAYS MAX >= 90      0               0.0     0.0        0
DAYS MAX <= 32      1               3.7    -2.7        4
DAYS MIN <= 32     18              20.5    -2.5       17
DAYS MIN <= 0       0               0.0     0.0        1

PRECIPITATION (INCHES)
RECORD
 MAXIMUM         6.82   1896
 MINIMUM         0.52   2002
TOTALS           2.09              2.88   -0.79     4.04
DAILY AVG.       0.07              0.10   -0.03     0.14
DAYS >= .01         5               9.8    -4.8       14
DAYS >= .10         4               5.7    -1.7        6
DAYS >= .50         2               2.1    -0.1        3
DAYS >= 1.00        0               0.7    -0.7        1
GREATEST
 24 HR. TOTAL    0.81   02/09 TO 02/09           02/14 TO 02/15
                        02/08 TO 02/09                    02/15 TO 02/15
                        02/09 TO 02/09                    02/15 TO 02/15
 STORM TOTAL       MM                                 MM
 (MM/DD(HH))            MM                    02/15(00) TO 02/15(00)
                                                 02/15(00) TO 02/15(00)5
                                                 02/15(00) TO 02/15(00)5

SNOWFALL (INCHES)
TOTALS            7.9               9.3    -1.4      5.1
 LIQUID EQUIV    0.79              0.90   -0.11     0.51
SINCE 7/1        20.6              23.0    -2.4     34.7
 LIQUID 7/1      2.06              2.30   -0.24     3.47
SNOWDEPTH AVG.      1                 4      -3        0
DAYS >= TRACE       5               3.6     1.4       11
DAYS >= 1.0         1               1.9    -0.9        2
GREATEST
 SNOW DEPTH         6   02/10                          4  02/01
 24 HR TOTAL      7.8   02/09 TO 02/09           02/15 TO 02/15
                                                          02/15 TO 02/15
                                                          02/15 TO 02/15
 STORM TOTAL       MM                                 MM
 (MM/DD(HH))            MM                    02/15(00) TO 02/15(00)
                                                 02/15(00) TO 02/15(00)5
                                                 02/15(00) TO 02/15(00)5

DEGREE_DAYS
HEATING TOTAL     653               851    -198      800
 SINCE 7/1       3009              3635    -626     2873
COOLING TOTAL       0                 0       0        0
 SINCE 1/1          0                 0       0        0
......................................................

WIND (MPH)
AVERAGE WIND SPEED              10.3
HIGHEST WIND SPEED/DIRECTION    37/310    DATE  02/13
HIGHEST GUST SPEED/DIRECTION    49/340    DATE  02/13


WEATHER CONDITIONS. NUMBER OF DAYS WITH
THUNDERSTORM              0     MIXED PRECIP               0
HEAVY RAIN                1     RAIN                       2
LIGHT RAIN               10     FREEZING RAIN              0
LT FREEZING RAIN          1     HAIL                       0
HEAVY SNOW                1     SNOW                       2
LIGHT SNOW                2     SLEET                      2
FOG                       8     FOG W/VIS <= 1/4 MILE      4
HAZE                      2

-  INDICATES NEGATIVE NUMBERS.
R  INDICATES RECORD WAS SET OR TIED.
MM INDICATES DATA IS MISSING.
T  INDICATES TRACE AMOUNT.

$$
