000
CXUS51 KOKX 011540
CLMEWR

CLIMATE REPORT
NATIONAL WEATHER SERVICE NEW YORK NY
1039 AM EST MON FEB 1 2016

...................................

...THE NEWARK NJ CLIMATE SUMMARY FOR THE MONTH OF JANUARY 2016...

CLIMATE NORMAL PERIOD 1981 TO 2010
CLIMATE RECORD PERIOD 1929 TO 2016

WEATHER         OBSERVED          NORMAL  DEPART  LAST YEAR`S
                 VALUE   DATE(S)  VALUE   FROM    VALUE  DATE(S)
                                          NORMAL
................................................................
TEMPERATURE (F)
RECORD
 HIGH              74   01/26/1950
 LOW               -8   01/21/1985
HIGHEST            65   01/10        MM      MM       56  01/04
LOWEST             10   01/05        MM      MM        6  01/08
AVG. MAXIMUM     41.2              38.8     2.4     35.9
AVG. MINIMUM     25.3              24.5     0.8     21.1
MEAN             33.3              31.6     1.7     28.5
DAYS MAX >= 90      0               0.0     0.0        0
DAYS MAX <= 32      6               7.8    -1.8       10
DAYS MIN <= 32     27              23.3     3.7       28
DAYS MIN <= 0       0               0.4    -0.4        0

PRECIPITATION (INCHES)
RECORD
 MAXIMUM        10.10   1979
 MINIMUM         0.45   1981
TOTALS           4.01              3.54    0.47     4.42
DAILY AVG.       0.13              0.11    0.02     0.14
DAYS >= .01        10              10.4    -0.4       11
DAYS >= .10         3               6.2    -3.2        7
DAYS >= .50         2               2.6    -0.6        3
DAYS >= 1.00        2               0.9     1.1        1
GREATEST
 24 HR. TOTAL    1.81   01/23 TO 01/23           01/18 TO 01/18
                                                          01/18 TO 01/18
                                                          01/18 TO 01/18
 STORM TOTAL       MM                                 MM
 (MM/DD(HH))            MM                    01/18(00) TO 01/18(00)
                                                 01/18(00) TO 01/18(00)8
                                                 01/18(00) TO 01/18(00)8

SNOWFALL (INCHES)
TOTALS           29.3               7.9    21.4     14.9
 LIQUID EQUIV    2.93              0.80    2.13     1.49
SINCE 7/1        29.6              13.7    15.9     16.6
 LIQUID 7/1      2.96              1.40    1.56     1.66
SNOWDEPTH AVG.      4                 3       1        1
DAYS >= TRACE       8               4.8     3.2       14
DAYS >= 1.0         1               2.2    -1.2        4
GREATEST
 SNOW DEPTH        20   01/24                          8  01/27
 24 HR TOTAL     27.5R  01/23 TO 01/23           01/18 TO 01/18
                                                          01/18 TO 01/18
                                                          01/18 TO 01/18
 STORM TOTAL       MM                                 MM
 (MM/DD(HH))            MM                    01/18(00) TO 01/18(00)
                                                 01/18(00) TO 01/18(00)8
                                                 01/18(00) TO 01/18(00)8

DEGREE_DAYS
HEATING TOTAL     976              1034     -58     1123
 SINCE 7/1       2073              2784    -711     2720
COOLING TOTAL       0                 0       0        0
 SINCE 1/1          0                 0       0        0
.........................................................

WIND (MPH)
AVERAGE WIND SPEED              10.3
HIGHEST WIND SPEED/DIRECTION    36/260    DATE  01/10
HIGHEST GUST SPEED/DIRECTION    45/290    DATE  01/11


WEATHER CONDITIONS. NUMBER OF DAYS WITH
THUNDERSTORM              0     MIXED PRECIP               0
HEAVY RAIN                1     RAIN                       2
LIGHT RAIN                7     FREEZING RAIN              0
LT FREEZING RAIN          0     HAIL                       0
HEAVY SNOW                1     SNOW                       3
LIGHT SNOW                7     SLEET                      0
FOG                       7     FOG W/VIS <= 1/4 MILE      0
HAZE                      0

-  INDICATES NEGATIVE NUMBERS.
R  INDICATES RECORD WAS SET OR TIED.
MM INDICATES DATA IS MISSING.
T  INDICATES TRACE AMOUNT.

$$
