000
CXUS53 KIND 011742
CLMEYE


CLIMATE REPORT
NATIONAL WEATHER SERVICE INDIANAPOLIS IN
1236 PM EST SUN FEB 1 2015

...................................

...THE INDIANAPOLIS EAGLE CREEK IN CLIMATE SUMMARY FOR THE MONTH OF JANUARY 2015...

CLIMATE NORMAL PERIOD 1981 TO 2010
CLIMATE RECORD PERIOD 9999 TO 9999

WEATHER         OBSERVED          NORMAL  DEPART  LAST YEAR`S
                 VALUE   DATE(S)  VALUE   FROM    VALUE  DATE(S)
                                          NORMAL
................................................................
TEMPERATURE (F)
HIGHEST            52   01/17                         50  01/13
LOWEST             -7   01/08                        -14  01/07
AVG. MAXIMUM     34.2              35.1    -0.9     29.9
AVG. MINIMUM     17.5              21.0    -3.5     10.6
MEAN             25.9              28.1    -2.2     20.3
DAYS MAX >= 90      0               0.0     0.0        0
DAYS MAX <= 32     11              12.0    -1.0       18
DAYS MIN <= 32     30              25.3     4.7       29
DAYS MIN <= 0       3               1.8     1.2        8

PRECIPITATION (INCHES)
TOTALS           1.75              2.21   -0.46     1.88
DAILY AVG.       0.06              0.07   -0.01     0.06
DAYS >= .01        11                MM      MM       11
DAYS >= .10         5                MM      MM        4
DAYS >= .50         1                MM      MM        1
DAYS >= 1.00        0                MM      MM        0
GREATEST
 24 HR. TOTAL    0.81   01/03 TO 01/03

DEGREE_DAYS
HEATING TOTAL    1204              1145      59     1379
 SINCE 7/1       3410              3201     209     3633
COOLING TOTAL       0                 0       0        0
 SINCE 1/1          0                 0       0        0
.................................................................

WIND (MPH)
AVERAGE WIND SPEED              7.4
HIGHEST WIND SPEED/DIRECTION    30/280    DATE  01/09
HIGHEST GUST SPEED/DIRECTION    41/300    DATE  01/09

SKY COVER
POSSIBLE SUNSHINE (PERCENT)   MM
AVERAGE SKY COVER           0.50
NUMBER OF DAYS FAIR           10
NUMBER OF DAYS PC             13
NUMBER OF DAYS CLOUDY          8

AVERAGE RH (PERCENT)     73

WEATHER CONDITIONS. NUMBER OF DAYS WITH
THUNDERSTORM              0     MIXED PRECIP               0
HEAVY RAIN                1     RAIN                       3
LIGHT RAIN                6     FREEZING RAIN              0
LT FREEZING RAIN          2     HAIL                       0
HEAVY SNOW                0     SNOW                       0
LIGHT SNOW               14     SLEET                      0
FOG                      19     FOG W/VIS <= 1/4 MILE      1
HAZE                      8

-  INDICATES NEGATIVE NUMBERS.
R  INDICATES RECORD WAS SET OR TIED.
MM INDICATES DATA IS MISSING.
T  INDICATES TRACE AMOUNT.

$$
