000
CXUS53 KFGF 010713 CCA
CLMFAR

BISCLMFAR 000
TTAA00 KFGF 010705


CLIMATE REPORT
NATIONAL WEATHER SERVICE EASTERN NORTH DAKOTA/GRAND FORKS
146 AM CDT SAT NOV 1 2014

...................................

...THE FARGO HECTOR INTL AP ND CLIMATE SUMMARY FOR THE MONTH OF OCTOBER 2014...

CLIMATE NORMAL PERIOD 1981 TO 2010
CLIMATE RECORD PERIOD 1881 TO 2014

WEATHER         OBSERVED          NORMAL  DEPART  LAST YEAR`S
                 VALUE   DATE(S)  VALUE   FROM    VALUE  DATE(S)
                                          NORMAL
................................................................
TEMPERATURE (F)
RECORD
 HIGH              93   10/05/1963
                        10/03/1922
 LOW               -4   10/26/1919
HIGHEST            78   10/24        56      22       75  10/08
LOWEST             13   10/31        35     -22       22  10/28
AVG. MAXIMUM     59.5              56.0     3.5     53.4
AVG. MINIMUM     37.2              35.1     2.1     36.2
MEAN             48.4              45.5     2.9     44.8
DAYS MAX >= 90      0               0.1    -0.1        0
DAYS MAX <= 32      0               0.6    -0.6        0
DAYS MIN <= 32      5              11.9    -6.9       13
DAYS MIN <= 0       0               0.0     0.0        0

PRECIPITATION (INCHES)
RECORD
 MAXIMUM           MM   MM
 MINIMUM           MM   MM
TOTALS           0.33              2.15   -1.82     4.18
DAILY AVG.       0.01              0.07   -0.06     0.13
DAYS >= .01         6               8.3    -2.3       12
DAYS >= .10         0               4.4    -4.4        8
DAYS >= .50         0               1.3    -1.3        3
DAYS >= 1.00        0               0.4    -0.4        1
GREATEST
 24 HR. TOTAL    0.14   10/12 TO 10/13           10/14 TO 10/15
                                                          10/29 TO 10/29
                                                          10/29 TO 10/29
 STORM TOTAL       MM                                 MM
 (MM/DD(HH))            MM                    10/15(00) TO 10/15(00)
                                                 10/29(00) TO 10/29(00)9
                                                 10/29(00) TO 10/29(00)9

SNOWFALL (INCHES)
RECORDS
 TOTAL             MM   MM
TOTALS              T               0.7    -0.7        T
SINCE 7/1           T               0.7    -0.7        T
SNOWDEPTH AVG.      0                MM      MM        0
DAYS >= 1.0         0               0.3    -0.3        0
GREATEST
 SNOW DEPTH         0   MM                             0  MM
 24 HR TOTAL        T   10/28 TO 10/28
 STORM TOTAL       MM                                 MM
 (MM/DD(HH))            MM                    10/29(00) TO 10/29(00)
                                                 10/29(00) TO 10/29(00)9
                                                 10/29(00) TO 10/29(00)9

DEGREE_DAYS
HEATING TOTAL     507               606     -99      619
 SINCE 7/1        699               876    -177      744
COOLING TOTAL       0                 3      -3        0
 SINCE 1/1        544               551      -7      699
..........................................................

WIND (MPH)
AVERAGE WIND SPEED              12.4
HIGHEST WIND SPEED/DIRECTION    38/310    DATE  10/03
HIGHEST GUST SPEED/DIRECTION    47/320    DATE  10/03

SKY COVER
POSSIBLE SUNSHINE (PERCENT)   MM
AVERAGE SKY COVER           0.30
NUMBER OF DAYS FAIR           16
NUMBER OF DAYS PC             10
NUMBER OF DAYS CLOUDY          5

AVERAGE RH (PERCENT)     62

WEATHER CONDITIONS. NUMBER OF DAYS WITH
THUNDERSTORM              0     MIXED PRECIP               0
HEAVY RAIN                0     RAIN                       0
LIGHT RAIN               11     FREEZING RAIN              0
LT FREEZING RAIN          0     HAIL                       0
HEAVY SNOW                0     SNOW                       0
LIGHT SNOW                1     SLEET                      0
FOG                       6     FOG W/VIS <= 1/4 MILE      0
HAZE                      2

-  INDICATES NEGATIVE NUMBERS.
R  INDICATES RECORD WAS SET OR TIED.
MM INDICATES DATA IS MISSING.
T  INDICATES TRACE AMOUNT.

OCTOBER WAS A WARMER THAN AVERAGE MONTH FOR FARGO WITH THE HIGHEST
TEMPERATURE OF 78 DEGREES SEPARATED BY JUST A WEEK FROM THE
COLDEST...A HALLOWEEN READING OF 13.  THE 78 TIED THE RECORD HIGH
FOR OCTOBER 24. THE MEAN TEMPERATURE OF 48.4 WOUND UP 2.9 DEGREES
ABOVE AVERAGE FOR OCTOBER.

DRY CONDITIONS PREVAILED WITH ONLY A THIRD OF AN INCH OF RAIN AMOUNTING
TO ALMOST TWO INCHES BELOW AVERAGE. A STARK CONTRAST WITH THE 4.18
INCHES DELIVERED UPON THE METROPLEX LAST YEAR.

$$
WJB
