000
CXUS56 KHNX 012351
CLMFAT


CLIMATE REPORT
NATIONAL WEATHER SERVICE SAN JOAQUIN VALLEY, CA
449 PM PDT THU SEP 1 2016

...................................

...THE FRESNO CA CLIMATE SUMMARY FOR THE MONTH OF AUGUST 2016...

CLIMATE NORMAL PERIOD 1981 TO 2010
CLIMATE RECORD PERIOD 1887 TO 2016

WEATHER         OBSERVED          NORMAL  DEPART  LAST YEAR`S
                 VALUE   DATE(S)  VALUE   FROM    VALUE  DATE(S)
                                          NORMAL
................................................................
TEMPERATURE (F)
RECORD
 HIGH             113   08/08/1908
                        08/11/1898
 LOW               49   08/30/1966
HIGHEST           107   08/14        MM      MM      108  08/17
LOWEST             61   08/27        MM      MM       62  08/05
AVG. MAXIMUM     98.3              97.1     1.2     97.1
AVG. MINIMUM     66.7              66.2     0.5     67.6
MEAN             82.5              81.7     0.8     82.4
DAYS MAX >= 90     31              27.1     3.9       29
DAYS MIN <= 32      0               0.0     0.0        0

PRECIPITATION (INCHES)
RECORD
 MAXIMUM         0.25   1964
TOTALS           0.00R             0.01   -0.01     0.00
DAYS >= .01         0               0.3    -0.3        0
DAYS >= .10         0               0.0     0.0        0
DAYS >= .50         0               0.0     0.0        0
DAYS >= 1.00        0               0.0     0.0        0
GREATEST
 24 HR. TOTAL    0.00   08/31 TO 08/31


SNOWFALL (INCHES)
RECORDS
 TOTAL            0.0
TOTALS            0.0               0.0

DEGREE_DAYS
HEATING TOTAL       0                 0       0        0
 SINCE 7/1          0                 0       0        0
COOLING TOTAL     552               516      36      545
 SINCE 1/1       1915              1684     231     1899
.................................................................

WIND (MPH)
AVERAGE WIND SPEED              6.9
HIGHEST WIND SPEED/DIRECTION    18/290    DATE  08/20
HIGHEST GUST SPEED/DIRECTION    22/010    DATE  08/23

AVERAGE RH (PERCENT)     37

WEATHER CONDITIONS. NUMBER OF DAYS WITH
THUNDERSTORM              0     RAIN                       0
HAIL                      0     FOG                        0
FOG W/VIS <= 1/4 MILE     0     HAZE                       6

-  INDICATES NEGATIVE NUMBERS.
R  INDICATES RECORD WAS SET OR TIED.
MM INDICATES DATA IS MISSING.
T  INDICATES TRACE AMOUNT.

$$
