000
CXUS56 KHNX 011928
CLMFAT


CLIMATE REPORT
NATIONAL WEATHER SERVICE SAN JOAQUIN VALLEY, CA
1224 PM PDT FRI JUL 1 2016

...................................

...THE FRESNO CA CLIMATE SUMMARY FOR THE MONTH OF JUNE 2016...

CLIMATE NORMAL PERIOD 1981 TO 2010
CLIMATE RECORD PERIOD 1887 TO 2016

WEATHER         OBSERVED          NORMAL  DEPART  LAST YEAR`S
                 VALUE   DATE(S)  VALUE   FROM    VALUE  DATE(S)
                                          NORMAL
................................................................
TEMPERATURE (F)
RECORD
 HIGH             112   06/25/1925
                        06/30/1891
 LOW               23   06/28/2016
HIGHEST           107   06/28        MM      MM      107  06/26
LOWEST             53   06/16        MM      MM       56  06/04
                                                          06/01
AVG. MAXIMUM     96.5              92.0     4.5     96.8
AVG. MINIMUM     65.3              62.4     2.9     67.1
MEAN             80.9              77.2     3.7     81.9
DAYS MAX >= 90     22              18.5     3.5       25
DAYS MIN <= 32      0               0.0     0.0        0

PRECIPITATION (INCHES)
RECORD
 MAXIMUM         1.93   1998
TOTALS           0.06              0.21   -0.15     0.01
DAYS >= .01         1               0.7     0.3        1
DAYS >= .10         0               0.4    -0.4        0
DAYS >= .50         0               0.1    -0.1        0
DAYS >= 1.00        0               0.1    -0.1        0
GREATEST
 24 HR. TOTAL    0.06   06/12 TO 06/12

SNOWFALL (INCHES)
RECORDS
 TOTAL            0.0
TOTALS            0.0               0.0

DEGREE_DAYS
HEATING TOTAL       0                 3      -3        0
 SINCE 7/1       1947              2346    -399     1519
COOLING TOTAL     487               369     118      513
 SINCE 1/1        765               610     155      786
.................................................................

WIND (MPH)
AVERAGE WIND SPEED              8.6
HIGHEST WIND SPEED/DIRECTION    22/300    DATE  06/24
HIGHEST GUST SPEED/DIRECTION    27/300    DATE  06/01

AVERAGE RH (PERCENT)     34

WEATHER CONDITIONS. NUMBER OF DAYS WITH
THUNDERSTORM              0     RAIN                       0
HAIL                      0     FOG                        0
FOG W/VIS <= 1/4 MILE     0     HAZE                       0

-  INDICATES NEGATIVE NUMBERS.
R  INDICATES RECORD WAS SET OR TIED.
MM INDICATES DATA IS MISSING.
T  INDICATES TRACE AMOUNT.

$$
