000
CXUS52 KRAH 012018 CCA
CLMFAY

CLIMATE REPORT
NATIONAL WEATHER SERVICE RALEIGH NC
904 AM EST SUN FEB 1 2015

...................................

...THE FAYETTEVILLE REGL AIRPORT NC CLIMATE SUMMARY FOR THE MONTH OF JANUARY 2015...

CLIMATE NORMAL PERIOD 1981 TO 2010
CLIMATE RECORD PERIOD 1910 TO 2015

WEATHER         OBSERVED          NORMAL  DEPART  LAST YEAR`S
                 VALUE   DATE(S)  VALUE   FROM    VALUE
                                          NORMAL
.............................................................
TEMPERATURE (F)
RECORD
 HIGH              81   01/03/1952
                        01/27/1950
 LOW                    01/22/1985
                        01/21/1985
HIGHEST            76   01/04                         72
LOWEST             13   01/08                          8
AVG. MAXIMUM     52.9              53.9    -1.0     51.3
AVG. MINIMUM     32.4              33.2    -0.8     27.8
MEAN             42.7              43.5    -0.8     39.5
DAYS MAX >= 90      0                                  0
DAYS MAX <= 32      1                                  3
DAYS MIN <= 32     13                                 19
DAYS MIN <= 0       0                                  0

PRECIPITATION (INCHES)
RECORD
 MAXIMUM           MM   MM
TOTALS           4.37              3.30    1.07     4.06
DAYS >= .01         9
DAYS >= .10         6
DAYS >= .50         3
DAYS >= 1.00        1
GREATEST
 24 HR. TOTAL    2.40   01/12 TO 01/12

DEGREE_DAYS
HEATING TOTAL     683               667      16      778
 SINCE 7/1       1767              1726      41     1791
..............................................................

WIND (MPH)
AVERAGE WIND SPEED              7.3
HIGHEST WIND SPEED/DIRECTION    29/340    DATE  01/07
HIGHEST GUST SPEED/DIRECTION    39/230    DATE  01/04

SKY COVER
POSSIBLE SUNSHINE (PERCENT)   MM
AVERAGE SKY COVER           0.40
NUMBER OF DAYS FAIR           18
NUMBER OF DAYS PC              4
NUMBER OF DAYS CLOUDY          9

AVERAGE RH (PERCENT)     64

WEATHER CONDITIONS. NUMBER OF DAYS WITH
THUNDERSTORM              2     MIXED PRECIP               0
HEAVY RAIN                1     RAIN                       6
LIGHT RAIN                9     FREEZING RAIN              0
LT FREEZING RAIN          0     HAIL                       0
HEAVY SNOW                0     SNOW                       0
LIGHT SNOW                0     SLEET                      0
FOG                      13     FOG W/VIS <= 1/4 MILE      5
HAZE                      3

-  INDICATES NEGATIVE NUMBERS.
R  INDICATES RECORD WAS SET OR TIED.
MM INDICATES DATA IS MISSING.
T  INDICATES TRACE AMOUNT.

&&

JANUARY 8TH: A RECORD LOW TEMPERATURE OF 13 DEGREES WAS SET AT THE
FAYETTEVILLE REGIONAL AIRPORT...WHICH BROKE THE PREVIOUS RECORD OF 14
DEGREES SET IN 1970.

JANUARY 8TH: A RECORD LOW MAXIMUM TEMPERATURE OF 29 DEGREES WAS SET
AT THE FAYETTEVILLE REGIONAL AIRPORT...WHICH TIED THE PREVIOUS RECORD
OF 29 DEGREES SET IN 1988.

JANUARY 12TH: A RECORD RAINFALL OF 2.40 INCHES WAS SET AT THE
FAYETTEVILLE REGIONAL AIRPORT...WHICH BROKE THE PREVIOUS RECORD OF
1.20 INCHES SET IN 1929.

$$
