000
CXUS53 KFGF 011111
CLMFGF

BISCLMFGF 000
TTAA00 KFGF 011100


CLIMATE REPORT
NATIONAL WEATHER SERVICE EASTERN NORTH DAKOTA/GRAND FORKS
558 AM CDT FRI JUL 1 2016

...................................

...THE GRAND FORKS UNIV. (NWS) CLIMATE SUMMARY FOR THE MONTH OF JUNE 2016...

CLIMATE NORMAL PERIOD 1981 TO 2010
CLIMATE RECORD PERIOD 1890 TO 2016

WEATHER         OBSERVED          NORMAL  DEPART  LAST YEAR`S
                 VALUE   DATE(S)  VALUE   FROM    VALUE
                                          NORMAL
.............................................................
TEMPERATURE (F)
RECORD
 HIGH             105   06/18/1933
 LOW               28   06/01/1917
                        06/03/1910
                        06/02/1910
HIGHEST            89   06/10        78      11
LOWEST             44   06/02        54     -10
AVG. MAXIMUM     76.0              76.6    -0.6
AVG. MINIMUM     56.2              53.9     2.3
MEAN             66.1              65.3     0.8
DAYS MAX >= 90      0               1.7    -1.7
DAYS MAX <= 32      0               0.0     0.0
DAYS MIN <= 32      0               0.0     0.0
DAYS MIN <= 0       0               0.0     0.0

PRECIPITATION (INCHES)
RECORD
 MAXIMUM         9.52   1925
 MINIMUM         0.49   1903
TOTALS           3.72              3.74   -0.02
DAILY AVG.       0.12              0.12    0.00
DAYS >= .01        12              11.0     1.0
DAYS >= .10         7               6.5     0.5
DAYS >= .50         2               2.4    -0.4
DAYS >= 1.00        1               0.7     0.3
GREATEST
 24 HR. TOTAL    1.45   06/17 TO 06/17              0.72
 STORM TOTAL       MM                                 MM
 (MM/DD(HH))            MM

SNOWFALL (INCHES)
RECORDS
 TOTAL            0.5   1905
TOTALS            0.0               0.0     0.0
 LIQUID EQUIV    0.00              0.00    0.00
SINCE 7/1        29.6              43.4   -13.8
 LIQUID 7/1      2.96
DAYS >= TRACE       0               0.0     0.0
DAYS >= 1.0         0               0.0     0.0
GREATEST
 SNOW DEPTH         0   MM

DEGREE_DAYS
HEATING TOTAL      46                83     -37
 SINCE 7/1       7778              9208   -1430
COOLING TOTAL      87                91      -4
 SINCE 1/1        111               117      -6
..............................................................

SKY COVER
POSSIBLE SUNSHINE (PERCENT)   MM
AVERAGE SKY COVER             MM
NUMBER OF DAYS FAIR            0
NUMBER OF DAYS PC              0
NUMBER OF DAYS CLOUDY          0


WEATHER CONDITIONS. NUMBER OF DAYS WITH
THUNDERSTORM              0     MIXED PRECIP               0
HEAVY RAIN                0     RAIN                       3
LIGHT RAIN                6     FREEZING RAIN              0
LT FREEZING RAIN          0     HAIL                       0
HEAVY SNOW                0     SNOW                       0
LIGHT SNOW                0     SLEET                      0
FOG                       2     FOG W/VIS <= 1/4 MILE      0
HAZE                      0

-  INDICATES NEGATIVE NUMBERS.
R  INDICATES RECORD WAS SET OR TIED.
MM INDICATES DATA IS MISSING.
T  INDICATES TRACE AMOUNT.

&&

JUNE 2016 WAS ON THE WARM AND WET SIDE OF NORMAL AT THE GRAND FORKS
NWS/UND LOCATION. THE AVERAGE TEMPERATURE WAS 66.1F WHICH IS 0.8
DEGREES ABOVE THE NORMAL 65.3F. THE 3.72 INCHES OF RAIN WAS JUST SHY
OF THE NORMAL...AVERAGE...JUNE RAINFALL OF 3.74 INCHES. THERE WERE
NO TEMPERATURE OR PRECIPITATION RECORDS SET THIS MONTH.

REMEMBER...THIS DATA IS PROVISIONAL AND IS SUBJECT TO CHANGE. THE
FINAL AND OFFICIAL RECORDS WILL BE AVAILABLE FROM THE NATIONAL
CENTERS FOR ENVIRONMENTAL INFORMATION (FORMERLY THE NATIONAL
CLIMATIC DATA CENTER).


$$
