763
CXUS53 KFGF 011619
CLMFGF

CLIMATE REPORT
NATIONAL WEATHER SERVICE EASTERN NORTH DAKOTA/GRAND FORKS
1019 AM CST THU FEB 1 2018

...................................

...THE GRAND FORKS UNIV. (NWS) CLIMATE SUMMARY FOR THE MONTH OF JANUARY 2018...

CLIMATE NORMAL PERIOD 1981 TO 2010
CLIMATE RECORD PERIOD 1893 TO 2018

WEATHER         OBSERVED          NORMAL  DEPART  LAST YEAR`S
                 VALUE   DATE(S)  VALUE   FROM    VALUE
                                          NORMAL
.............................................................
TEMPERATURE (F)
RECORD
 HIGH              54   01/10/1990
 LOW              -43   01/11/1912
HIGHEST            41   01/19        15      26
LOWEST            -22   01/12        -3     -19
AVG. MAXIMUM     17.6              16.0     1.6
AVG. MINIMUM      1.3              -1.3     2.6
MEAN              9.4               7.4     2.0
DAYS MAX >= 90      0               0.0     0.0
DAYS MAX <= 32     24              27.0    -3.0
DAYS MIN <= 32     31              31.0     0.0
DAYS MIN <= 0      18              16.5     1.5

PRECIPITATION (INCHES)
RECORD
 MAXIMUM         2.65   1989
 MINIMUM         0.05   2008
TOTALS           0.62              0.71   -0.09
DAILY AVG.       0.02              0.02    0.00
DAYS >= .01         4               6.3    -2.3
DAYS >= .10         3               1.9     1.1
DAYS >= .50         0               0.2    -0.2
DAYS >= 1.00        0               0.1    -0.1
GREATEST
 24 HR. TOTAL    0.36   01/10 TO 01/10              0.37
 STORM TOTAL       MM                                 MM
 (MM/DD(HH))            MM

SNOWFALL (INCHES)
RECORDS
 TOTAL           37.9   1996
TOTALS            9.8              10.4    -0.6
 LIQUID EQUIV    0.98              1.00   -0.02
SINCE 7/1        29.0              28.4     0.6
 LIQUID 7/1      2.90
DAYS >= TRACE      13               7.2     5.8
DAYS >= 1.0         3               2.9     0.1
GREATEST
 SNOW DEPTH        11   01/11

DEGREE_DAYS
HEATING TOTAL    1717              1787     -70
 SINCE 7/1       5328              5518    -190
COOLING TOTAL       0                 0       0
 SINCE 1/1          0                 0       0
..............................................................

SKY COVER
POSSIBLE SUNSHINE (PERCENT)   MM
AVERAGE SKY COVER             MM
NUMBER OF DAYS FAIR            0
NUMBER OF DAYS PC              0
NUMBER OF DAYS CLOUDY          0


WEATHER CONDITIONS. NUMBER OF DAYS WITH
THUNDERSTORM              0     MIXED PRECIP               0
HEAVY RAIN                0     RAIN                       0
LIGHT RAIN                1     FREEZING RAIN              0
LT FREEZING RAIN          0     HAIL                       0
HEAVY SNOW                1     SNOW                       2
LIGHT SNOW               10     SLEET                      0
FOG                       2     FOG W/VIS <= 1/4 MILE      0
HAZE                      1

-  INDICATES NEGATIVE NUMBERS.
R  INDICATES RECORD WAS SET OR TIED.
MM INDICATES DATA IS MISSING.
T  INDICATES TRACE AMOUNT.

&&
REMARKS...

THE MONTH OF JANUARY 2018 WAS SLIGHTLY ABOVE NORMAL FOR THE GRAND
FORKS UNIVERSITY/NWS. TOTAL PRECIPITATION FOR THE MONTH WAS 0.62
INCHES OR 0.09 INCHES BELOW NORMAL. LIKEWISE SNOWFALL FOR THE MONTH
WAS 9.8 INCHES AND IS ALSO JUST BELOW AVERAGE OR 0.6 INCHES BELOW
NORMAL. TEMPERATURES FOR THE MONTH FLUCTUATED FROM VERY COLD TO VERY
WARM WITH A MINIMUM TEMPERATURE OF 22 DEGREES BELOW ZERO ON THE 12TH
AND A MAXIMUM OF 41 DEGREES ON THE 19TH. THE AVERAGE TEMPERATURE FOR
THE MONTH WAS 9.4 DEGREES OR 2.0 DEGREES ABOVE NORMAL.

REMEMBER... THIS DATA IS PROVISIONAL AND SUBJECT TO CHANGE. THE
FINAL AND OFFICIAL RECORDS WILL BE AVAILABLE FROM THE NATIONAL
CENTERS FOR ENVIRONMENTAL INFORMATION (FORMERLY THE NATIONAL CLIMATE
DATA CENTER).

$$
