795
CXUS52 KMFL 011127
CLMFLL


CLIMATE REPORT
NATIONAL WEATHER SERVICE MIAMI, FL
724 AM EDT MON AUG 1 2016

...................................

...THE FORT LAUDERDALE CLIMATE SUMMARY FOR THE MONTH OF JULY 2016...

CLIMATE NORMAL PERIOD 1981 TO 2010
CLIMATE RECORD PERIOD 1912 TO 2016

WEATHER         OBSERVED          NORMAL  DEPART  LAST YEAR`S
                 VALUE   DATE(S)  VALUE   FROM    VALUE
                                          NORMAL
.............................................................
TEMPERATURE (F)
RECORD
 HIGH              99   07/13/1980
                        07/21/1966
                        07/22/1924
 LOW               64   07/09/1975
                        07/08/1975
                        07/02/1968
HIGHEST            92   07/30                         96
                        07/13
                        07/12
LOWEST             76   07/24                         74
                        07/14
                        07/01
AVG. MAXIMUM     90.5              90.3     0.2     91.3
AVG. MINIMUM     79.9              78.3     1.6     78.5
MEAN             85.2              84.3     0.9     84.9
DAYS MAX >= 90     27                                 27
DAYS MAX <= 32      0                                  0
DAYS MIN <= 32      0                                  0
DAYS MIN <= 0       0                                  0

PRECIPITATION (INCHES)
RECORD
 MAXIMUM        15.49   2013
 MINIMUM         0.78   1942
TOTALS           2.41              5.98   -3.57     3.03
DAILY AVG.       0.08              0.19   -0.11     0.10
DAYS >= .01        10                                 13
DAYS >= .10         7                                  7
DAYS >= .50         1                                  2
DAYS >= 1.00        0                                  1
GREATEST
 24 HR. TOTAL    0.54   07/26 TO 07/26              1.05

DEGREE_DAYS
HEATING TOTAL       0                 0       0        0
 SINCE 7/1          0                 0       0        0
COOLING TOTAL     634               598      36      622
 SINCE 1/1       2609              2559      50     2720
..............................................................

WIND (MPH)
AVERAGE WIND SPEED              9.3
HIGHEST WIND SPEED/DIRECTION    30/100    DATE  07/17
HIGHEST GUST SPEED/DIRECTION    39/110    DATE  07/17

SKY COVER
POSSIBLE SUNSHINE (PERCENT)   MM
AVERAGE SKY COVER           0.50
NUMBER OF DAYS FAIR            4
NUMBER OF DAYS PC             26
NUMBER OF DAYS CLOUDY          1

AVERAGE RH (PERCENT)     71

WEATHER CONDITIONS. NUMBER OF DAYS WITH
THUNDERSTORM             13     MIXED PRECIP               0
HEAVY RAIN                6     RAIN                       4
LIGHT RAIN                7     FREEZING RAIN              0
LT FREEZING RAIN          0     HAIL                       0
HEAVY SNOW                0     SNOW                       0
LIGHT SNOW                0     SLEET                      0
FOG                       3     FOG W/VIS <= 1/4 MILE      0
HAZE                      5

-  INDICATES NEGATIVE NUMBERS.
R  INDICATES RECORD WAS SET OR TIED.
MM INDICATES DATA IS MISSING.
T  INDICATES TRACE AMOUNT.

 ..................................................................


.................DATA FOR HOLLYWOOD...JULY 2016..................
.....NORMALS USED FOR COMPARISON ARE FORT LAUDERDALE AP (FLL).....


...TEMPERATURE DATA...

AVERAGE FOR THE MONTH .... 85.0 OR 0.7 DEGREES ABOVE NORMAL.
AVERAGE MAXIMUM .......... 90.5 OR 0.2 DEGREES ABOVE NORMAL.
AVERAGE MINIMUM........... 79.4 OR 1.1 DEGREES ABOVE NORMAL.

HIGHEST TEMPERATURE FOR THE MONTH: 97 DEGREES ON THE  8TH.
LOWEST  TEMPERATURE FOR THE MONTH: 75 DEGREES ON THE 25TH.


...PRECIPITATION...

TOTAL FOR THE MONTH 1.76 INCHES OR 4.22 INCHES BELOW NORMAL.
TOTAL FOR THE YEAR 27.19 INCHES OR 6.44 INCHES BELOW NORMAL.
GREATEST 24-HOUR PERIOD RAINFALL 0.55 INCHES ON THE 2ND.

NUMBER OF DAYS HAVING 0.01 INCHES OR MORE ... 9.
NUMBER OF DAYS HAVING 0.10 INCHES OR MORE ... 5.
NUMBER OF DAYS HAVING 0.50 INCHES OR MORE ... 1.
NUMBER OF DAYS HAVING 1.00 INCHES OR MORE ... 0.


$$
