000
CXUS54 KTSA 011759
CLMFYV

CLIMATE REPORT
NATIONAL WEATHER SERVICE TULSA OK
1259 PM CDT SUN OCT 1 2017

...................................

...THE FAYETTEVILLE ARKANSAS CLIMATE SUMMARY FOR THE MONTH OF SEPTEMBER 2017...

CLIMATE NORMAL PERIOD 1981 TO 2010
CLIMATE RECORD PERIOD 1905 TO 2017

WEATHER         OBSERVED          NORMAL  DEPART  LAST YEAR`S
                 VALUE   DATE(S)  VALUE   FROM    VALUE  DATE(S)
                                          NORMAL
................................................................
TEMPERATURE (F)
RECORD
 HIGH             103   09/03/2000
                        09/02/2000
                        09/04/1998
 LOW               31   09/29/1967
HIGHEST            90   09/20       103     -13       92  09/08
LOWEST             44   09/06        31      13       43  09/30
                                                          09/27
AVG. MAXIMUM     83.2              80.5     2.7     84.2
AVG. MINIMUM     56.0              56.6    -0.6     57.5
MEAN             69.6              68.5     1.1     70.9
DAYS MAX >= 90      1               2.8    -1.8        5
DAYS MAX <= 32      0               0.0     0.0        0
DAYS MIN <= 32      0               0.0     0.0        0
DAYS MIN <= 0       0               0.0     0.0        0

PRECIPITATION (INCHES)
RECORD
 MAXIMUM        14.96   1986
 MINIMUM         0.40   1952
TOTALS           1.50              4.82   -3.32     2.64
DAILY AVG.       0.05              0.16   -0.11     0.09
DAYS >= .01         1              10.0    -9.0        7
DAYS >= .10         1               5.8    -4.8        4
DAYS >= .50         1               2.9    -1.9        2
DAYS >= 1.00        1               1.6    -0.6        1
GREATEST
 24 HR. TOTAL    1.50   09/17 TO 09/17           09/16 TO 09/16
                                                          09/15 TO 09/16
                                                          09/16 TO 09/16

SNOWFALL (INCHES)
RECORDS
 TOTAL            0.0   2002
 24 HR TOTAL       MM
TOTALS            0.0               0.0     0.0      0.0
SINCE 7/1         0.0               0.0     0.0      0.0
SNOWDEPTH AVG.      0                MM      MM        0
DAYS >= TRACE       0               0.0     0.0        0
DAYS >= 1.0         0               0.0     0.0        0
GREATEST
 SNOW DEPTH         0   MM                             0  MM
 24 HR TOTAL      0.0   09/30 TO 09/30           09/30 TO 09/30
                                                          09/16 TO 09/16
                                                          09/16 TO 09/16

DEGREE_DAYS
HEATING TOTAL      16                51     -35       24
 SINCE 7/1         16                52     -36       24
COOLING TOTAL     165               158       7      208
 SINCE 1/1       1177              1283    -106     1427
.......................................................

WIND (MPH)
AVERAGE WIND SPEED              3.8
HIGHEST WIND SPEED/DIRECTION    22/350    DATE  09/17
HIGHEST GUST SPEED/DIRECTION    33/280    DATE  09/17

SKY COVER
POSSIBLE SUNSHINE (PERCENT)   MM
AVERAGE SKY COVER           0.10
NUMBER OF DAYS FAIR           28
NUMBER OF DAYS PC              2
NUMBER OF DAYS CLOUDY          0

AVERAGE RH (PERCENT)     73

WEATHER CONDITIONS. NUMBER OF DAYS WITH
THUNDERSTORM              1     MIXED PRECIP               0
HEAVY RAIN                1     RAIN                       1
LIGHT RAIN                2     FREEZING RAIN              0
LT FREEZING RAIN          0     HAIL                       0
HEAVY SNOW                0     SNOW                       0
LIGHT SNOW                0     SLEET                      0
FOG                      19     FOG W/VIS <= 1/4 MILE      3
HAZE                      1

-  INDICATES NEGATIVE NUMBERS.
R  INDICATES RECORD WAS SET OR TIED.
MM INDICATES DATA IS MISSING.
T  INDICATES TRACE AMOUNT.

&&
-------------------------------------------------------------------
 YEARLY PRECIPITATION (INCHES):
 TOTAL.....................44.34
 DEPARTURE FROM NORMAL.....+7.63
$$
