052
CXUS53 KUNR 011602
CLMGCC


CLIMATE REPORT
NATIONAL WEATHER SERVICE RAPID CITY SD
1001 AM MDT SAT APR 1 2017

...................................

...THE GILLETTE AIRPORT WY CLIMATE SUMMARY FOR THE MONTH OF MARCH 2017...

CLIMATE NORMAL PERIOD 1981 TO 2010
CLIMATE RECORD PERIOD 9999 TO 9999

WEATHER         OBSERVED          NORMAL  DEPART  LAST YEAR`S
                 VALUE   DATE(S)  VALUE   FROM    VALUE  DATE(S)
                                          NORMAL
................................................................
TEMPERATURE (F)
HIGHEST            79   03/18                         72  03/12
LOWEST             11   03/08                          9  03/19
                                                          03/18
AVG. MAXIMUM     54.6              47.0     7.6     51.8
AVG. MINIMUM     29.5              22.4     7.1     26.8
MEAN             42.1              34.7     7.4     39.3
DAYS MAX >= 90      0                                  0
DAYS MAX <= 32      1                                  2
DAYS MIN <= 32     14                                 23
DAYS MIN <= 0       0                                  0

PRECIPITATION (INCHES)
TOTALS           0.79              0.96   -0.17     1.11
DAILY AVG.       0.03              0.03    0.00     0.04
DAYS >= .01         8                                  8
DAYS >= .10         3                                  3
DAYS >= .50         0                                  0
DAYS >= 1.00        0                                  0
GREATEST
 24 HR. TOTAL    0.32   03/23 TO 03/23              0.45

DEGREE_DAYS
HEATING TOTAL     705               939    -234      788
 SINCE 7/1       5462              6347    -885     5519
COOLING TOTAL       0                 0       0        0
 SINCE 1/1          0                 0       0        0
.................................................................

WIND (MPH)
AVERAGE WIND SPEED              11.9
HIGHEST WIND SPEED/DIRECTION    40/320    DATE  03/12
HIGHEST GUST SPEED/DIRECTION    54/220    DATE  03/05

AVERAGE RH (PERCENT)     62

WEATHER CONDITIONS. NUMBER OF DAYS WITH
THUNDERSTORM              0     MIXED PRECIP               0
HEAVY RAIN                0     RAIN                       1
LIGHT RAIN                6     FREEZING RAIN              0
LT FREEZING RAIN          0     HAIL                       0
HEAVY SNOW                0     SNOW                       0
LIGHT SNOW                5     SLEET                      0
FOG                       9     FOG W/VIS <= 1/4 MILE      2
HAZE                      3

-  INDICATES NEGATIVE NUMBERS.
R  INDICATES RECORD WAS SET OR TIED.
MM INDICATES DATA IS MISSING.
T  INDICATES TRACE AMOUNT.

$$
