000
CXUS53 KDDC 011528
CLMGCK


CLIMATE REPORT
NATIONAL WEATHER SERVICE DODGE CITY KS
1022 AM CDT WED NOV 1 2017

...................................

...THE GARDEN CITY REGIONAL ARPT KS CLIMATE SUMMARY FOR THE MONTH OF OCTOBER 2017...

CLIMATE NORMAL PERIOD 1981 TO 2010
CLIMATE RECORD PERIOD 1948 TO 2017

WEATHER         OBSERVED          NORMAL  DEPART  LAST YEAR`S
                 VALUE   DATE(S)  VALUE   FROM    VALUE  DATE(S)
                                          NORMAL
................................................................
TEMPERATURE (F)
RECORD
 HIGH             100   10/17/2016
 LOW               13   10/30/1993
HIGHEST            89   10/12        MM      MM      100  10/17
LOWEST             16   10/28        MM      MM       32  10/07
AVG. MAXIMUM     71.7              69.6     2.1     79.8
AVG. MINIMUM     40.3              41.2    -0.9     44.7
MEAN             56.0              55.4     0.6     62.3
DAYS MAX >= 90      0               1.1    -1.1        5
DAYS MAX <= 32      0               0.2    -0.2        0
DAYS MIN <= 32      6               4.5     1.5        1
DAYS MIN <= 0       0               0.0     0.0        0

PRECIPITATION (INCHES)
RECORD
 MAXIMUM         6.66   1969
 MINIMUM            T   1955
                        2016
TOTALS           1.03              1.28   -0.25        T
DAYS >= .01         5               5.2    -0.2        0
DAYS >= .10         2               2.6    -0.6        0
DAYS >= .50         0               0.7    -0.7        0
DAYS >= 1.00        0               0.2    -0.2        0
GREATEST
 24 HR. TOTAL    0.49   10/04 TO 10/04           10/25 TO 10/25

DEGREE_DAYS
HEATING TOTAL     299               318     -19      139
 SINCE 7/1        348               390     -42      167
COOLING TOTAL      27                20       7       60
 SINCE 1/1       1373              1298      75     1433
.........................................................

WIND (MPH)
AVERAGE WIND SPEED              13.4
HIGHEST WIND SPEED/DIRECTION    45/320    DATE  10/06
HIGHEST GUST SPEED/DIRECTION    59/320    DATE  10/06


WEATHER CONDITIONS. NUMBER OF DAYS WITH
THUNDERSTORM              3     MIXED PRECIP               0
HEAVY RAIN                2     RAIN                       2
LIGHT RAIN                6     FREEZING RAIN              0
LT FREEZING RAIN          0     HAIL                       0
HEAVY SNOW                0     SNOW                       0
LIGHT SNOW                1     SLEET                      0
FOG                       7     FOG W/VIS <= 1/4 MILE      2
HAZE                      5

-  INDICATES NEGATIVE NUMBERS.
R  INDICATES RECORD WAS SET OR TIED.
MM INDICATES DATA IS MISSING.
T  INDICATES TRACE AMOUNT.

$$
