000
CXUS51 KPHI 010852
CLMGED


CLIMATE REPORT
NATIONAL WEATHER SERVICE MOUNT HOLLY NJ
451 AM EDT SUN OCT 1 2017

...................................

...THE GEORGETOWN DE CLIMATE SUMMARY FOR THE MONTH OF SEPTEMBER 2017...

CLIMATE NORMAL PERIOD 1981 TO 2010
CLIMATE RECORD PERIOD 1948 TO 2017

WEATHER         OBSERVED          NORMAL  DEPART  LAST YEAR`S
                 VALUE   DATE(S)  VALUE   FROM    VALUE
                                          NORMAL
.............................................................
TEMPERATURE (F)
RECORD
 HIGH              98   09/03/1953
                        09/02/1953
 LOW               32   09/21/1956
HIGHEST            88                MM      MM       94
LOWEST             52                MM      MM       49
AVG. MAXIMUM     79.5              78.1     1.4     80.3
AVG. MINIMUM     62.0              58.9     3.1     64.2
MEAN             70.7              68.5     2.2     72.3
DAYS MAX >= 90      0               1.0    -1.0        5
DAYS MAX <= 32      0               0.0     0.0        0
DAYS MIN <= 32      0               0.0     0.0        0
DAYS MIN <= 0       0               0.0     0.0        0

PRECIPITATION (INCHES)
RECORD
 MAXIMUM           MM   MM
 MINIMUM           MM   MM
TOTALS           2.19              4.13   -1.94    12.29
DAILY AVG.       0.07              0.14   -0.07     0.41
DAYS >= .01         8              14.0    -6.0        9
DAYS >= .10         4               5.4    -1.4        7
DAYS >= .50         3               2.3     0.7        4
DAYS >= 1.00        0               1.4    -1.4        3
GREATEST
 24 HR. TOTAL    0.62   09/02 TO 09/02              7.02

DEGREE_DAYS
HEATING TOTAL      11                37     -26        7
 SINCE 7/1         11                38     -27        7
COOLING TOTAL     191               142      49      233
 SINCE 1/1       1424              1171     253     1447
..............................................................

WIND (MPH)
AVERAGE WIND SPEED              6.0
HIGHEST WIND SPEED/DIRECTION    23/020    DATE  09/19
HIGHEST GUST SPEED/DIRECTION    34/020    DATE  09/19

SKY COVER
POSSIBLE SUNSHINE (PERCENT)   MM
AVERAGE SKY COVER           0.40
NUMBER OF DAYS FAIR           17
NUMBER OF DAYS PC              9
NUMBER OF DAYS CLOUDY          4

AVERAGE RH (PERCENT)     73

WEATHER CONDITIONS. NUMBER OF DAYS WITH
THUNDERSTORM              0     MIXED PRECIP               0
HEAVY RAIN                4     RAIN                       4
LIGHT RAIN               11     FREEZING RAIN              0
LT FREEZING RAIN          0     HEAVY SNOW                 0
SNOW                      0     LIGHT SNOW                 0
SLEET                     0     FOG                       19
FOG W/VIS <= 1/4 MILE     3     HAZE                       3

-  INDICATES NEGATIVE NUMBERS.
R  INDICATES RECORD WAS SET OR TIED.
MM INDICATES DATA IS MISSING.
T  INDICATES TRACE AMOUNT.

$$
