000
CXUS53 KFGF 011617
CLMGFK

CLIMATE REPORT
NATIONAL WEATHER SERVICE EASTERN NORTH DAKOTA/GRAND FORKS
1017 AM CST THU FEB 1 2018

...................................

...THE GRAND FORKS CLIMATE SUMMARY FOR THE MONTH OF JANUARY 2018...

CLIMATE NORMAL PERIOD 1981 TO 2010
CLIMATE RECORD PERIOD 1948 TO 2018

WEATHER         OBSERVED          NORMAL  DEPART  LAST YEAR`S
                 VALUE   DATE(S)  VALUE   FROM    VALUE  DATE(S)
                                          NORMAL
................................................................
TEMPERATURE (F)
RECORD
 HIGH              52   01/10/1990
 LOW              -43   01/30/2004
HIGHEST            41   01/19        15      26       37  01/30
                                                          01/21
                                                          01/20
LOWEST            -25   01/13        -4     -21      -27  01/13
AVG. MAXIMUM     18.4              16.5     1.9     19.2
AVG. MINIMUM      1.7              -3.1     4.8      4.5
MEAN             10.0               6.7     3.3     11.9
DAYS MAX >= 90      0               0.0     0.0        0
DAYS MAX <= 32     24              26.7    -2.7       23
DAYS MIN <= 32     31              30.9     0.1       28
DAYS MIN <= 0      17              17.5    -0.5       14

PRECIPITATION (INCHES)
RECORD
 MAXIMUM         1.76   1967
 MINIMUM         0.05   2008
TOTALS           0.50              0.55   -0.05     0.45
DAILY AVG.       0.02              0.02    0.00     0.01
DAYS >= .01         5               8.1    -3.1        6
DAYS >= .10         2               1.7     0.3        2
DAYS >= .50         0               0.0     0.0        0
DAYS >= 1.00        0               0.0     0.0        0
GREATEST
 24 HR. TOTAL    0.27   01/10 TO 01/10

SNOWFALL (INCHES)
RECORDS
 TOTAL           30.9   1989
TOTALS            9.3              10.7    -1.4      7.4
SINCE 7/1        27.7              30.6    -2.9     33.6
SNOWDEPTH AVG.      6                 6       0        9
DAYS >= 1.0         3               3.0     0.0        2
GREATEST
 SNOW DEPTH        10   01/16                         12  01/13
                        01/15                             01/12
                                                          01/11
 24 HR TOTAL      4.6   MM

DEGREE_DAYS
HEATING TOTAL    1697              1807    -110     1641
 SINCE 7/1       5337              5666    -329     4713
COOLING TOTAL       0                 0       0        0
 SINCE 1/1          0                 0       0        0
.................................................................

WIND (MPH)
AVERAGE WIND SPEED              12.3
HIGHEST WIND SPEED/DIRECTION    39/340    DATE  01/11
HIGHEST GUST SPEED/DIRECTION    56/160    DATE  01/30

SKY COVER
POSSIBLE SUNSHINE (PERCENT)   MM
AVERAGE SKY COVER           0.60
NUMBER OF DAYS FAIR            8
NUMBER OF DAYS PC             10
NUMBER OF DAYS CLOUDY         13

AVERAGE RH (PERCENT)     80

WEATHER CONDITIONS. NUMBER OF DAYS WITH
THUNDERSTORM              0     MIXED PRECIP               0
HEAVY RAIN                0     RAIN                       0
LIGHT RAIN                0     FREEZING RAIN              0
LT FREEZING RAIN          0     HAIL                       0
HEAVY SNOW                2     SNOW                       6
LIGHT SNOW               10     SLEET                      0
FOG                      14     FOG W/VIS <= 1/4 MILE      4
HAZE                      9

-  INDICATES NEGATIVE NUMBERS.
R  INDICATES RECORD WAS SET OR TIED.
MM INDICATES DATA IS MISSING.
T  INDICATES TRACE AMOUNT.

&&

REMARKS...

THE MONTH OF JANUARY WAS ABOVE NORMAL FOR THE GRAND FORKS
INTERNATIONAL AIRPORT. TOTAL PRECIPITATION FOR THE MONTH WAS ONE
HALF INCH WHICH IS VERY CLOSE TO THE NORMAL VALUE OF 0.55 INCHES.
SNOWFALL FOR THE MONTH WAS BELOW AVERAGE WITH 9.3 INCHES OF SNOW
ACCUMULATION WHICH WAS 1.4 INCHES BELOW NORMAL. A DAILY RECORD SNOW
AMOUNT OF 4.6 INCHES FELL ON THE 10TH. THE OLD RECORD WAS 3.0 INCHES
SET IN 1976.

THE AVERAGE TEMPERATURE OF 10.1 DEGREES OR 3.3 DEGREES ABOVE NORMAL.
THE MINIMUM TEMPERATURE FOR THE MONTH WAS 25 BELOW ZERO ON THE 13TH
AND THE MAXIMUM TEMPERATURE FOR THE MONTH WHICH WAS 41 DEGREES ON
THE 19TH. A DAILY RECORD HIGH OF 41 DEGREES OCCURRED ON THE 19TH.
THE OLD RECORD HIGH WAS 38 DEGREES SET IN 1991.

REMEMBER... THIS DATA IS PROVISIONAL AND SUBJECT TO CHANGE. THE
FINAL AND OFFICIAL RECORDS WILL BE AVAILABLE FROM THE NATIONAL
CENTERS FOR ENVIRONMENTAL INFORMATION (FORMERLY THE NATIONAL CLIMATE
DATA CENTER).

$$
