000
CXUS55 KGGW 011006
CLMGGW

CLIMATE REPORT
NATIONAL WEATHER SERVICE GLASGOW MT
405 AM MDT SAT AUG 1 2015

...................................

...THE GLASGOW CLIMATE SUMMARY FOR THE MONTH OF JULY 2015...

CLIMATE NORMAL PERIOD 1981 TO 2010
CLIMATE RECORD PERIOD 1893 TO 2015

WEATHER         OBSERVED          NORMAL  DEPART  LAST YEAR`S
                 VALUE   DATE(S)  VALUE   FROM    VALUE  DATE(S)
                                          NORMAL
................................................................
TEMPERATURE (F)
RECORD
 HIGH             113   07/31/1900
 LOW               34   07/08/1904
HIGHEST            98   07/22                         99  07/31
LOWEST             47   07/17                         45  07/14
AVG. MAXIMUM     86.2              85.1     1.1     87.2
AVG. MINIMUM     57.2              57.1     0.1     56.1
MEAN             71.7              71.1     0.6     71.6
DAYS MAX >= 90     11                                 14
DAYS MAX <= 32      0                                  0
DAYS MIN <= 32      0                                  0
DAYS MIN <= 0       0                                  0

PRECIPITATION (INCHES)
RECORD
 MAXIMUM         5.93   1993
 MINIMUM            T   1894
TOTALS           1.75              1.78   -0.03     0.58
DAILY AVG.       0.06              0.06    0.00     0.02
DAYS >= .01        12                                  4
DAYS >= .10         3                                  2
DAYS >= .50         2                                  0
DAYS >= 1.00        0                                  0
GREATEST
 24 HR. TOTAL    1.17   07/27 TO 07/28

SNOWFALL (INCHES)
RECORDS
 TOTAL             MM   MM
 SNOW DEPTH        MM   MM
TOTALS            0.0               0.0     0.0      0.0
 LIQUID EQUIV    0.00              0.00    0.00     0.00
SINCE 7/1         0.0               0.0     0.0      0.0
 LIQUID 7/1      0.00              0.00    0.00     0.00
SNOWDEPTH AVG.      0                                  0
DAYS >= TRACE       0                                  0
DAYS >= 1.0         0                                  0
GREATEST
 SNOW DEPTH         0   MM                             0  MM
 24 HR TOTAL      0.0   07/31 TO 07/31

DEGREE_DAYS
HEATING TOTAL       5                18     -13        4
 SINCE 7/1          5                18     -13        4
COOLING TOTAL     221               207      14      217
 SINCE 1/1        348               299      49      271
.................................................................

WIND (MPH)
AVERAGE WIND SPEED              10.1
RESULTANT WIND SPEED/DIRECTION   2/315
HIGHEST WIND SPEED/DIRECTION    39/320    DATE  07/27
HIGHEST GUST SPEED/DIRECTION    47/300    DATE  07/28

SKY COVER
POSSIBLE SUNSHINE (PERCENT)   MM
AVERAGE SKY COVER           0.20
NUMBER OF DAYS FAIR           25
NUMBER OF DAYS PC              6
NUMBER OF DAYS CLOUDY          0

AVERAGE RH (PERCENT)     52

WEATHER CONDITIONS. NUMBER OF DAYS WITH
THUNDERSTORM              0     MIXED PRECIP               0
HEAVY RAIN                3     RAIN                       4
LIGHT RAIN               17     FREEZING RAIN              0
LT FREEZING RAIN          0     HAIL                       0
HEAVY SNOW                0     SNOW                       0
LIGHT SNOW                0     SLEET                      0
FOG                       6     FOG W/VIS <= 1/4 MILE      0
HAZE                      9

-  INDICATES NEGATIVE NUMBERS.
R  INDICATES RECORD WAS SET OR TIED.
MM INDICATES DATA IS MISSING.
T  INDICATES TRACE AMOUNT.

&&

JULY WAS SLIGHTLY WARMER AND DRIER THAN NORMAL. THE AVERAGE
TEMPERATURE FOR THE MONTH WAS 71.7 DEGREES...WHICH WAS 0.6 DEGREES
WARMER THAN NORMAL. THE AVERAGE HIGH TEMPERATURE WAS 86.2 DEGREES.
THE HIGH TEMPERATURE REACHED 90 DEGREES OR WARMER ON ELEVEN DAYS...
WITH THE WARMEST READING OCCURRING ON THE 22ND WHEN THE HIGH REACHED
98 DEGREES. THE AVERAGE LOW TEMPERATURE WAS 57.2 DEGREES. THE
COOLEST READING WAS 47 DEGREES ON THE MORNING OF THE 17TH.

GLASGOW RECEIVED 1.75 INCHES OF RAIN DURING THE MONTH. THAT WAS JUST
0.03 INCHES BELOW NORMAL. MEASURABLE RAIN FELL ON TWELVE DAYS...WITH
A TENTH OF AN INCH OR MORE OCCURRING ON THREE OF THOSE DAYS. THE
MOST RAINFALL CAME FROM A STORM ON THE 27TH AND 28TH...WHEN 1.17
INCHES FELL. 8.65 INCHES OF MOISTURE HAS BEEN MEASURED IN GLASGOW
THIS YEAR THROUGH THE END OF JULY...WHICH IS 0.72 INCHES ABOVE
NORMAL.

THE WIND GUSTED TO 30 MPH OR GREATER ON TWELVE DAYS. THE HIGHEST
WIND GUST WAS 47 MPH...OCCURRING ON BOTH THE 27TH AND 28TH.

NORMAL HIGH TEMPERATURES FOR THE MONTH OF AUGUST BEGIN IN THE UPPER
80S...ENDING UP IN THE UPPER 70S BE THE END OF THE MONTH. NORMAL
LOWS START OUT IN THE UPPER 50S...WINDING UP IN THE LOWER 50S BY THE
END OF THE MONTH. AVERAGE RAINFALL FOR AUGUST IS 1.24 INCHES.

$$

BB
