000
CXUS54 KHGX 011525
CLMGLS

CLIMATE REPORT
NATIONAL WEATHER SERVICE HOUSTON/GALVESTON TX
1016 AM CDT MON AUG 1 2016

...................................

...THE GALVESTON CLIMATE SUMMARY FOR THE MONTH OF JULY 2016...

CLIMATE NORMAL PERIOD 1981 TO 2010
CLIMATE RECORD PERIOD 1875 TO 2016

WEATHER         OBSERVED          NORMAL  DEPART  LAST YEAR`S
                 VALUE   DATE(S)  VALUE   FROM    VALUE  DATE(S)
                                          NORMAL
................................................................
TEMPERATURE (F)
RECORD
 HIGH             101   07/16/1932
 LOW               66   07/19/1910
HIGHEST            92   07/24                         98  07/31
                        07/23
                        07/22
LOWEST             73   07/26                         76  07/01
AVG. MAXIMUM     90.5              89.6     0.9     91.6
AVG. MINIMUM     81.2              79.4     1.8     81.6
MEAN             85.9              84.5     1.4     86.6
DAYS MAX >= 90     29              13.2    15.8       30
DAYS MAX <= 32      0               0.0     0.0        0
DAYS MIN <= 32      0               0.0     0.0        0
DAYS MIN <= 0       0               0.0     0.0        0

PRECIPITATION (INCHES)
RECORD
 MAXIMUM        18.74   1900
 MINIMUM            T   1962
TOTALS           3.40              3.80   -0.40     0.23
DAILY AVG.       0.11              0.12   -0.01     0.01
DAYS >= .01         6                                  3
DAYS >= .10         4                                  1
DAYS >= .50         2                                  0
DAYS >= 1.00        1                                  0

DEGREE_DAYS
HEATING TOTAL       0                 0       0        0
 SINCE 7/1          0                 0       0        0
COOLING TOTAL     655               604      51      677
 SINCE 1/1       1852              1774      78     1930
.................................................................

WIND (MPH)
AVERAGE WIND SPEED              10.9
HIGHEST WIND SPEED/DIRECTION    25/270    DATE  07/27
HIGHEST GUST SPEED/DIRECTION    31/270    DATE  07/27

SKY COVER
AVERAGE SKY COVER           0.20

AVERAGE RH (PERCENT)     79

WEATHER CONDITIONS. NUMBER OF DAYS WITH
THUNDERSTORM              5     MIXED PRECIP               0
HEAVY RAIN                5     RAIN                       4
LIGHT RAIN                8     FREEZING RAIN              0
LT FREEZING RAIN          0     HAIL                       0
HEAVY SNOW                0     SNOW                       0
LIGHT SNOW                0     SLEET                      0
FOG                       6     FOG W/VIS <= 1/4 MILE      0
HAZE                      2

-  INDICATES NEGATIVE NUMBERS.
R  INDICATES RECORD WAS SET OR TIED.
MM INDICATES DATA IS MISSING.
T  INDICATES TRACE AMOUNT.

$$
