000
CXUS52 KJAX 051148
CLMGNV

CLIMATE REPORT
NATIONAL WEATHER SERVICE JACKSONVILLE FL
839 AM EST FRI DEC 1 2017

...................................

...THE GAINESVILLE CLIMATE SUMMARY FOR THE MONTH OF NOVEMBER 2017...

CLIMATE NORMAL PERIOD 1981 TO 2010
CLIMATE RECORD PERIOD 1890 TO 2017

WEATHER         OBSERVED          NORMAL  DEPART  LAST YEAR`S
                 VALUE   DATE(S)  VALUE   FROM    VALUE  DATE(S)
                                          NORMAL
................................................................
TEMPERATURE (F)
RECORD
 HIGH              91   11/03/2015
 LOW               20   11/25/1970
HIGHEST            84   11/07        74      10       87  11/04
LOWEST             35   11/20        51     -16       31  11/21
AVG. MAXIMUM     76.5              74.4     2.1     78.3
AVG. MINIMUM     50.6              51.1    -0.5     50.1
MEAN             63.5              62.8     0.7     64.2
DAYS MAX >= 90      0               0.0     0.0        0
DAYS MAX <= 32      0               0.0     0.0        0
DAYS MIN <= 32      0               0.7    -0.7        3
DAYS MIN <= 0       0               0.0     0.0        0

PRECIPITATION (INCHES)
RECORD
 MAXIMUM         7.27   1972
 MINIMUM            T   1978
TOTALS           2.76              2.06    0.70     0.02
DAILY AVG.       0.09              0.07    0.02     0.00
DAYS >= .01         4               6.1    -2.1        2
DAYS >= .10         2               3.4    -1.4        0
DAYS >= .50         1               1.4    -0.4        0
DAYS >= 1.00        1               0.7     0.3        0
GREATEST
 24 HR. TOTAL    2.53

SNOWFALL (INCHES)
RECORDS
 TOTAL              T   1911
TOTALS            0.0               0.0     0.0      0.0
SINCE 7/1         0.0               0.0     0.0      0.0
SNOWDEPTH AVG.      0                MM      MM        0
DAYS >= 1.0         0               0.0     0.0        0
GREATEST
 SNOW DEPTH         0   MM                             0  MM
 24 HR TOTAL      0.0

DEGREE_DAYS
HEATING TOTAL      82               134     -52       90
 SINCE 7/1        134               161     -27      106
COOLING TOTAL      45                66     -21       73
 SINCE 1/1       2888              2616     272     3034
.................................................................

WIND (MPH)
AVERAGE WIND SPEED              4.9
HIGHEST WIND SPEED/DIRECTION    22/030    DATE  11/23
HIGHEST GUST SPEED/DIRECTION    27/060    DATE  11/11

SKY COVER
POSSIBLE SUNSHINE (PERCENT)   MM
AVERAGE SKY COVER           0.30
NUMBER OF DAYS FAIR           20
NUMBER OF DAYS PC              6
NUMBER OF DAYS CLOUDY          4

AVERAGE RH (PERCENT)     75

WEATHER CONDITIONS. NUMBER OF DAYS WITH
THUNDERSTORM              0     MIXED PRECIP               0
HEAVY RAIN                2     RAIN                       1
LIGHT RAIN                6     FREEZING RAIN              0
LT FREEZING RAIN          0     HAIL                       0
HEAVY SNOW                0     SNOW                       0
LIGHT SNOW                0     SLEET                      0
FOG                      16     FOG W/VIS <= 1/4 MILE      5
HAZE                      1

-  INDICATES NEGATIVE NUMBERS.
R  INDICATES RECORD WAS SET OR TIED.
MM INDICATES DATA IS MISSING.
T  INDICATES TRACE AMOUNT.

$$
