000
CXUS52 KJAX 011412
CLMGNV

CLIMATE REPORT
NATIONAL WEATHER SERVICE JACKSONVILLE FL
909 AM EST WED MAR 1 2017

...................................

...THE GAINESVILLE CLIMATE SUMMARY FOR THE MONTH OF FEBRUARY 2017...

CLIMATE NORMAL PERIOD 1981 TO 2010
CLIMATE RECORD PERIOD 1890 TO 2017

WEATHER         OBSERVED          NORMAL  DEPART  LAST YEAR`S
                 VALUE   DATE(S)  VALUE   FROM    VALUE  DATE(S)
                                          NORMAL
................................................................
TEMPERATURE (F)
RECORD
 HIGH              88   02/26/1971
                        02/24/1962
 LOW                6   02/13/1899
HIGHEST            85   02/28        69      16       85  02/03
                        02/27
LOWEST             34   02/17        45     -11       28  02/11
AVG. MAXIMUM     76.9              69.6     7.3     69.8
AVG. MINIMUM     49.2              45.3     3.9     42.9
MEAN             63.1              57.5     5.6     56.3
DAYS MAX >= 90      0               0.0     0.0        0
DAYS MAX <= 32      0               0.0     0.0        0
DAYS MIN <= 32      0               3.0    -3.0        5
DAYS MIN <= 0       0               0.0     0.0        0

PRECIPITATION (INCHES)
RECORD
 MAXIMUM        11.58   1998
 MINIMUM         0.12   1943
TOTALS           0.39              3.20   -2.81     4.12
DAILY AVG.       0.01              0.11   -0.10     0.14
DAYS >= .01         5               7.2    -2.2        6
DAYS >= .10         2               4.4    -2.4        3
DAYS >= .50         0               2.3    -2.3        1
DAYS >= 1.00        0               1.0    -1.0        1
GREATEST
 24 HR. TOTAL    0.16

SNOWFALL (INCHES)
RECORDS
 TOTAL              T   1988
TOTALS            0.0               0.0     0.0      0.0
SINCE 7/1         0.0               0.0     0.0      0.0
SNOWDEPTH AVG.      0                MM      MM        0
DAYS >= 1.0         0               0.0     0.0        0
GREATEST
 SNOW DEPTH         0   MM                             0  MM
 24 HR TOTAL      0.0

DEGREE_DAYS
HEATING TOTAL      84               232    -148      268
 SINCE 7/1        503              1034    -531      765
COOLING TOTAL      38                20      18       23
 SINCE 1/1         84                32      52       25
.................................................................

WIND (MPH)
AVERAGE WIND SPEED              6.1
HIGHEST WIND SPEED/DIRECTION    38/300    DATE  02/07
HIGHEST GUST SPEED/DIRECTION    48/310    DATE  02/07

SKY COVER
POSSIBLE SUNSHINE (PERCENT)   MM
AVERAGE SKY COVER           0.30
NUMBER OF DAYS FAIR           15
NUMBER OF DAYS PC             11
NUMBER OF DAYS CLOUDY          2

AVERAGE RH (PERCENT)     69

WEATHER CONDITIONS. NUMBER OF DAYS WITH
THUNDERSTORM              0     MIXED PRECIP               0
HEAVY RAIN                0     RAIN                       1
LIGHT RAIN                7     FREEZING RAIN              0
LT FREEZING RAIN          0     HAIL                       0
HEAVY SNOW                0     SNOW                       0
LIGHT SNOW                0     SLEET                      0
FOG                      13     FOG W/VIS <= 1/4 MILE      4
HAZE                      0

-  INDICATES NEGATIVE NUMBERS.
R  INDICATES RECORD WAS SET OR TIED.
MM INDICATES DATA IS MISSING.
T  INDICATES TRACE AMOUNT.

$$
