000
CXUS52 KJAX 031829
CLMGNV

CLIMATE REPORT
NATIONAL WEATHER SERVICE JACKSONVILLE FL
226 PM EDT WED SEP 3 2014

...................................

...THE GAINESVILLE CLIMATE SUMMARY FOR THE MONTH OF AUGUST 2014...

CLIMATE NORMAL PERIOD 1981 TO 2010
CLIMATE RECORD PERIOD 1890 TO 2014

WEATHER         OBSERVED          NORMAL  DEPART  LAST YEAR`S
                 VALUE   DATE(S)  VALUE   FROM    VALUE  DATE(S)
                                          NORMAL
................................................................
TEMPERATURE (F)
RECORD
 HIGH             103   08/15/1915
 LOW               60   08/22/1930
                        08/31/1891
HIGHEST            97   08/23        90       7       96  08/12
                        08/22
LOWEST             63   08/28        71      -8       69  08/28
AVG. MAXIMUM     91.6              90.2     1.4     91.2
AVG. MINIMUM     71.8              71.6     0.2     73.4
MEAN             81.7              80.9     0.8     82.3
DAYS MAX >= 90     25              17.9     7.1       24
DAYS MAX <= 32      0               0.0     0.0        0
DAYS MIN <= 32      0               0.0     0.0        0
DAYS MIN <= 0       0               0.0     0.0        0

PRECIPITATION (INCHES)
RECORD
 MAXIMUM        15.84   1985
 MINIMUM         1.45   1950
TOTALS           5.21              6.39   -1.18     2.80
DAILY AVG.       0.17              0.21   -0.04     0.09
DAYS >= .01        18              16.1     1.9       13
DAYS >= .10        14              10.9     3.1       10
DAYS >= .50         3               4.1    -1.1        1
DAYS >= 1.00        1               2.0    -1.0        0
GREATEST
 24 HR. TOTAL    1.81

SNOWFALL (INCHES)
RECORDS
 TOTAL             MM   MM
TOTALS            0.0               0.0     0.0      0.0
SINCE 7/1         0.0               0.0     0.0      0.0
SNOWDEPTH AVG.      0                MM      MM        0
DAYS >= 1.0         0               0.0     0.0        0
GREATEST
 SNOW DEPTH         0   MM                             0  MM
 24 HR TOTAL      0.0

DEGREE_DAYS
HEATING TOTAL       0                 0       0        0
 SINCE 7/1          0                 0       0        0
COOLING TOTAL     525               493      32      543
 SINCE 1/1       1946              1944       2     2062
.................................................................

WIND (MPH)
AVERAGE WIND SPEED              6.2
HIGHEST WIND SPEED/DIRECTION    32/250    DATE  08/09
HIGHEST GUST SPEED/DIRECTION    39/340    DATE  08/22

SKY COVER
POSSIBLE SUNSHINE (PERCENT)   MM
AVERAGE SKY COVER           0.30
NUMBER OF DAYS FAIR           23
NUMBER OF DAYS PC              8
NUMBER OF DAYS CLOUDY          0

AVERAGE RH (PERCENT)     77

WEATHER CONDITIONS. NUMBER OF DAYS WITH
THUNDERSTORM              0     MIXED PRECIP               0
HEAVY RAIN               12     RAIN                      10
LIGHT RAIN               21     FREEZING RAIN              0
LT FREEZING RAIN          0     HAIL                       0
HEAVY SNOW                0     SNOW                       0
LIGHT SNOW                0     SLEET                      0
FOG                      24     FOG W/VIS <= 1/4 MILE      3
HAZE                      3

-  INDICATES NEGATIVE NUMBERS.
R  INDICATES RECORD WAS SET OR TIED.
MM INDICATES DATA IS MISSING.
T  INDICATES TRACE AMOUNT.

$$
