000
CXUS53 KGRB 010624
CLMGRB


CLIMATE REPORT
NATIONAL WEATHER SERVICE GREEN BAY
123 AM CDT TUE JUL 1 2014

...................................

...THE GREEN BAY WI CLIMATE SUMMARY FOR THE MONTH OF JUNE 2014...

CLIMATE NORMAL PERIOD 1981 TO 2010
CLIMATE RECORD PERIOD 1886 TO 2014

WEATHER         OBSERVED          NORMAL  DEPART  LAST YEAR`S
                 VALUE   DATE(S)  VALUE   FROM    VALUE  DATE(S)
                                          NORMAL
................................................................
TEMPERATURE (F)
RECORD
 HIGH             100   06/30/1931
                        06/29/1931
                        06/30/1910
 LOW               32   06/06/1958
HIGHEST            86   06/28        90      -4       87  06/27
                        06/16
                        06/01
LOWEST             45   06/14        40       5       41  06/03
AVG. MAXIMUM     76.6              75.3     1.3     75.6
AVG. MINIMUM     58.0              54.1     3.9     56.0
MEAN             67.3              64.7     2.6     65.8
DAYS MAX >= 90      0               1.1    -1.1        0
DAYS MAX <= 32      0               0.0     0.0        0
DAYS MIN <= 32      0               0.0     0.0        0
DAYS MIN <= 0       0               0.0     0.0        0

PRECIPITATION (INCHES)
RECORD
 MAXIMUM        10.29   1990
 MINIMUM         0.31   1976
TOTALS           4.05              3.88    0.17     3.82
DAILY AVG.       0.14              0.13    0.01     0.13
DAYS >= .01        14              10.3     3.7       15
DAYS >= .10         7               6.7     0.3        9
DAYS >= .50         4               2.8     1.2        2
DAYS >= 1.00        0               1.1    -1.1        0
GREATEST
 24 HR. TOTAL    1.34   06/01 TO 06/02

SNOWFALL (INCHES)
RECORDS
 TOTAL            0.0   MM
TOTALS            0.0               0.0     0.0      0.0
SINCE 7/1        72.1              51.4    20.7     74.2
SNOWDEPTH AVG.      0                MM      MM        0
DAYS >= 1.0         0               0.0     0.0        0
GREATEST
 SNOW DEPTH         0   MM                             0  MM
 24 HR TOTAL      0.0   06/30 TO 06/30

DEGREE_DAYS
HEATING TOTAL      31                92     -61       72
 SINCE 7/1       8771              7955     816     7714
COOLING TOTAL     106                83      23      105
 SINCE 1/1        122               101      21      143
.................................................................

WIND (MPH)
AVERAGE WIND SPEED              8.7
HIGHEST WIND SPEED/DIRECTION    35/270    DATE  06/01
HIGHEST GUST SPEED/DIRECTION    43/270    DATE  06/01

SKY COVER
POSSIBLE SUNSHINE (PERCENT)   MM
AVERAGE SKY COVER           0.40
NUMBER OF DAYS FAIR           14
NUMBER OF DAYS PC             13
NUMBER OF DAYS CLOUDY          3

AVERAGE RH (PERCENT)     74

WEATHER CONDITIONS. NUMBER OF DAYS WITH
THUNDERSTORM              0     MIXED PRECIP               0
HEAVY RAIN                6     RAIN                       9
LIGHT RAIN               15     FREEZING RAIN              0
LT FREEZING RAIN          0     HAIL                       0
HEAVY SNOW                0     SNOW                       0
LIGHT SNOW                0     SLEET                      0
FOG                      18     FOG W/VIS <= 1/4 MILE      2
HAZE                      6

-  INDICATES NEGATIVE NUMBERS.
R  INDICATES RECORD WAS SET OR TIED.
MM INDICATES DATA IS MISSING.
T  INDICATES TRACE AMOUNT.

$$
