000
CXUS53 KGRB 010655
CLMGRB


CLIMATE REPORT
NATIONAL WEATHER SERVICE GREEN BAY
154 AM CDT WED JUL 1 2015

...................................

...THE GREEN BAY WI CLIMATE SUMMARY FOR THE MONTH OF JUNE 2015...

CLIMATE NORMAL PERIOD 1981 TO 2010
CLIMATE RECORD PERIOD 1886 TO 2015

WEATHER         OBSERVED          NORMAL  DEPART  LAST YEAR`S
                 VALUE   DATE(S)  VALUE   FROM    VALUE  DATE(S)
                                          NORMAL
................................................................
TEMPERATURE (F)
RECORD
 HIGH             100   06/30/1931
                        06/29/1931
                        06/30/1910
 LOW               32   06/06/1958
HIGHEST            83   06/24        90      -7       86  06/28
                        06/22                             06/16
                        06/21                             06/01
LOWEST             41   06/02        40       1       45  06/14
AVG. MAXIMUM     76.1              75.3     0.8     76.6
AVG. MINIMUM     54.3              54.1     0.2     58.0
MEAN             65.2              64.7     0.5     67.3
DAYS MAX >= 90      0               1.1    -1.1        0
DAYS MAX <= 32      0               0.0     0.0        0
DAYS MIN <= 32      0               0.0     0.0        0
DAYS MIN <= 0       0               0.0     0.0        0

PRECIPITATION (INCHES)
RECORD
 MAXIMUM        10.29   1990
 MINIMUM         0.31   1976
TOTALS           3.24              3.88   -0.64     4.05
DAILY AVG.       0.11              0.13   -0.02     0.14
DAYS >= .01         9              10.3    -1.3       14
DAYS >= .10         7               6.7     0.3        7
DAYS >= .50         3               2.8     0.2        4
DAYS >= 1.00        0               1.1    -1.1        0
GREATEST
 24 HR. TOTAL    0.84   06/28 TO 06/29
                        06/29 TO 06/29
                        06/29 TO 06/30

SNOWFALL (INCHES)
RECORDS
 TOTAL            0.0   MM
TOTALS            0.0               0.0     0.0      0.0
SINCE 7/1        32.7              51.4   -18.7     72.1
SNOWDEPTH AVG.      0                MM      MM        0
DAYS >= 1.0         0               0.0     0.0        0
GREATEST
 SNOW DEPTH         0   MM                             0  MM
 24 HR TOTAL      0.0   06/30 TO 06/30

DEGREE_DAYS
HEATING TOTAL      53                92     -39       31
 SINCE 7/1       7833              7955    -122     8771
COOLING TOTAL      67                83     -16      106
 SINCE 1/1         95               101      -6      122
.................................................................

WIND (MPH)
AVERAGE WIND SPEED              7.0
HIGHEST WIND SPEED/DIRECTION    32/120    DATE  06/22
HIGHEST GUST SPEED/DIRECTION    40/120    DATE  06/22

SKY COVER
POSSIBLE SUNSHINE (PERCENT)   MM
AVERAGE SKY COVER           0.30
NUMBER OF DAYS FAIR           18
NUMBER OF DAYS PC              9
NUMBER OF DAYS CLOUDY          3

AVERAGE RH (PERCENT)     71

WEATHER CONDITIONS. NUMBER OF DAYS WITH
THUNDERSTORM              5     MIXED PRECIP               0
HEAVY RAIN                3     RAIN                       7
LIGHT RAIN               12     FREEZING RAIN              0
LT FREEZING RAIN          0     HAIL                       0
HEAVY SNOW                0     SNOW                       0
LIGHT SNOW                0     SLEET                      0
FOG                      18     FOG W/VIS <= 1/4 MILE      2
HAZE                     11

-  INDICATES NEGATIVE NUMBERS.
R  INDICATES RECORD WAS SET OR TIED.
MM INDICATES DATA IS MISSING.
T  INDICATES TRACE AMOUNT.

$$
