000
CXUS53 KGRB 010730
CLMGRB


CLIMATE REPORT
NATIONAL WEATHER SERVICE GREEN BAY
228 AM CDT MON JUN 1 2015

...................................

...THE GREEN BAY WI CLIMATE SUMMARY FOR THE MONTH OF MAY 2015...

CLIMATE NORMAL PERIOD 1981 TO 2010
CLIMATE RECORD PERIOD 1886 TO 2015

WEATHER         OBSERVED          NORMAL  DEPART  LAST YEAR`S
                 VALUE   DATE(S)  VALUE   FROM    VALUE  DATE(S)
                                          NORMAL
................................................................
TEMPERATURE (F)
RECORD
 HIGH              99   05/31/1934
 LOW               21   05/09/1966
HIGHEST            86   05/07        84       2       86  05/31
LOWEST             33   05/20        30       3       31  05/16
AVG. MAXIMUM     70.5              66.0     4.5     67.2
AVG. MINIMUM     47.4              44.0     3.4     46.0
MEAN             58.9              55.0     3.9     56.6
DAYS MAX >= 90      0               0.0     0.0        0
DAYS MAX <= 32      0               0.0     0.0        0
DAYS MIN <= 32      0               1.9    -1.9        1
DAYS MIN <= 0       0               0.0     0.0        0

PRECIPITATION (INCHES)
RECORD
 MAXIMUM         9.70   1918
 MINIMUM         0.06   1988
TOTALS           3.44              2.93    0.51     2.95
DAILY AVG.       0.11              0.09    0.02     0.10
DAYS >= .01        15              11.4     3.6       10
DAYS >= .10         7               6.6     0.4        7
DAYS >= .50         2               1.9     0.1        2
DAYS >= 1.00        1               0.4     0.6        1
GREATEST
 24 HR. TOTAL    1.34   05/24 TO 05/25

SNOWFALL (INCHES)
RECORDS
 TOTAL            4.3   1990
TOTALS            0.0               0.2    -0.2      0.0
SINCE 7/1        32.7              51.4   -18.7     72.1
SNOWDEPTH AVG.      0                MM      MM        0
DAYS >= 1.0         0               0.0     0.0        0
GREATEST
 SNOW DEPTH         0   MM                             0  MM
 24 HR TOTAL      0.0   05/31 TO 05/31

DEGREE_DAYS
HEATING TOTAL     210               326    -116      269
 SINCE 7/1       7780              7863     -83     8740
COOLING TOTAL      28                16      12       16
 SINCE 1/1         28                18      10       16
.................................................................

WIND (MPH)
AVERAGE WIND SPEED              9.6
HIGHEST WIND SPEED/DIRECTION    30/260    DATE  05/18
HIGHEST GUST SPEED/DIRECTION    38/230    DATE  05/27

SKY COVER
POSSIBLE SUNSHINE (PERCENT)   MM
AVERAGE SKY COVER           0.40
NUMBER OF DAYS FAIR           13
NUMBER OF DAYS PC             12
NUMBER OF DAYS CLOUDY          6

AVERAGE RH (PERCENT)     68

WEATHER CONDITIONS. NUMBER OF DAYS WITH
THUNDERSTORM              0     MIXED PRECIP               0
HEAVY RAIN                4     RAIN                       4
LIGHT RAIN               16     FREEZING RAIN              0
LT FREEZING RAIN          0     HAIL                       0
HEAVY SNOW                0     SNOW                       0
LIGHT SNOW                0     SLEET                      0
FOG                      18     FOG W/VIS <= 1/4 MILE      3
HAZE                     10

-  INDICATES NEGATIVE NUMBERS.
R  INDICATES RECORD WAS SET OR TIED.
MM INDICATES DATA IS MISSING.
T  INDICATES TRACE AMOUNT.

$$
