000
CXUS53 KGID 021447 CCA
CLMGRI

CLIMATE REPORT...CORRECTION
NATIONAL WEATHER SERVICE HASTINGS NE
1027 AM CDT FRI APR 1 2016
CORRECTED PRECIPITATION 24 HOUR TOTAL

...................................

...THE GRAND ISLAND NE CLIMATE SUMMARY FOR THE MONTH OF MARCH 2016...

CLIMATE NORMAL PERIOD 1981 TO 2010
CLIMATE RECORD PERIOD 1895 TO 2016

WEATHER         OBSERVED          NORMAL  DEPART  LAST YEAR`S
                 VALUE   DATE(S)  VALUE   FROM    VALUE  DATE(S)
                                          NORMAL
................................................................
TEMPERATURE (F)
RECORD
 HIGH              90   03/16/2015
                        03/29/1986
                        03/31/1978
 LOW              -21   03/04/1960
HIGHEST            81   03/07        77       4       90  03/16
LOWEST             17   03/20         7      10        2  03/05
AVG. MAXIMUM     59.6              51.1     8.5     60.4
AVG. MINIMUM     32.0              27.6     4.4     27.2
MEAN             45.8              39.4     6.4     43.8
DAYS MAX >= 90      0               0.1    -0.1        1
DAYS MAX <= 32      0               2.9    -2.9        1
DAYS MIN <= 32     17              21.1    -4.1       22
DAYS MIN <= 0       0               0.5    -0.5        0

PRECIPITATION (INCHES)
RECORD
 MAXIMUM         6.63   1987
 MINIMUM            T   1907
TOTALS           0.61              1.80   -1.19     0.16
DAILY AVG.       0.02              0.06   -0.04     0.01
DAYS >= .01        10               7.1     2.9        5
DAYS >= .10         2               3.8    -1.8        0
DAYS >= .50         0               1.2    -1.2        0
DAYS >= 1.00        0               0.4    -0.4        0
GREATEST
 24 HR. TOTAL    0.20   03/23 TO 03/24

SNOWFALL (INCHES)
RECORDS
 TOTAL           23.5   1915
TOTALS            2.6               5.4    -2.8      0.6
SINCE 7/1        33.8              27.5     6.3     23.5
SNOWDEPTH AVG.      0                MM      MM        0
DAYS >= 1.0         1               1.1    -0.1        0
GREATEST
 SNOW DEPTH         2   03/24                          1  03/04

DEGREE_DAYS
HEATING TOTAL     587               796    -209      648
 SINCE 7/1       4585              5557    -972     5385
COOLING TOTAL       0                 0       0        0
 SINCE 1/1          0                 0       0        0
.................................................................

WIND (MPH)
AVERAGE WIND SPEED              13.0
HIGHEST WIND SPEED/DIRECTION    43/020    DATE  03/23
HIGHEST GUST SPEED/DIRECTION    54/030    DATE  03/23

SKY COVER
POSSIBLE SUNSHINE (PERCENT)   MM
NUMBER OF DAYS FAIR           20
NUMBER OF DAYS PC              7
NUMBER OF DAYS CLOUDY          4

AVERAGE RH (PERCENT)     58

WEATHER CONDITIONS. NUMBER OF DAYS WITH
THUNDERSTORM              3     MIXED PRECIP               0
HEAVY RAIN                1     RAIN                       2
LIGHT RAIN               11     FREEZING RAIN              0
LT FREEZING RAIN          0     HAIL                       0
HEAVY SNOW                1     SNOW                       3
LIGHT SNOW                3     SLEET                      0
FOG                       9     FOG W/VIS <= 1/4 MILE      2
HAZE                      2

-  INDICATES NEGATIVE NUMBERS.
R  INDICATES RECORD WAS SET OR TIED.
MM INDICATES DATA IS MISSING.
T  INDICATES TRACE AMOUNT.

$$
DOXEY
