000
CXGM50 PGUM 041520
CLMGUM


CLIMATE REPORT
NATIONAL WEATHER SERVICE TIYAN, GUAM
120 AM CHST FRI SEP 5 2014

...................................

...THE GUAM INTERNATIONAL AIRPORT GU CLIMATE SUMMARY FOR THE MONTH OF AUGUST 2014...

CLIMATE NORMAL PERIOD 1981 TO 2010
CLIMATE RECORD PERIOD 1945 TO 2014

WEATHER         OBSERVED          NORMAL  DEPART  LAST YEAR`S
                 VALUE   DATE(S)  VALUE   FROM    VALUE  DATE(S)
                                          NORMAL
................................................................
TEMPERATURE (F)
RECORD
 HIGH              94   08/30/1994
                        08/06/1994
 LOW               70   08/15/1989
                        08/22/1986
                        08/13/1967
HIGHEST            91   08/29        MM      MM       92  08/04
                        08/10
LOWEST             74   08/14        MM      MM       74  08/13
AVG. MAXIMUM     87.5              86.5     1.0     88.4
AVG. MINIMUM     76.8              76.3     0.5     76.8
MEAN             82.2              81.4     0.8     82.6
DAYS MAX >= 90      2               0.6     1.4        7
DAYS MAX <= 32      0               0.0     0.0        0
DAYS MIN <= 32      0               0.0     0.0        0
DAYS MIN <= 0       0               0.0     0.0        0

PRECIPITATION (INCHES)
RECORD
 MAXIMUM        26.42   2012
 MINIMUM         7.84   2008
TOTALS           9.08             17.15   -8.07    10.84
DAILY AVG.       0.29              0.55   -0.26     0.35
DAYS >= .01        27              26.4     0.6       26
DAYS >= .10        15              19.3    -4.3       17
DAYS >= .50         7               9.8    -2.8       11
DAYS >= 1.00        2               5.1    -3.1        1
GREATEST
 24 HR. TOTAL    2.11   07/31 TO 08/01           08/15 TO 08/16
                                                          08/31 TO 08/31
                                                          08/31 TO 08/31
 STORM TOTAL       MM                                 MM
 (MM/DD(HH))            MM                    08/16(00) TO 08/16(00)
                                                 08/31(00) TO 08/31(00)1
                                                 08/31(00) TO 08/31(00)1

DEGREE_DAYS
COOLING TOTAL     541               508      33      554
 SINCE 1/1       4300              3987     313     4513

FREEZE DATES
RECORD
 EARLIEST     MM
 LATEST       MM
EARLIEST                        MM
LATEST                          MM
..................................................

WIND (MPH)
AVERAGE WIND SPEED              5.0
RESULTANT WIND SPEED/DIRECTION   2/075
HIGHEST WIND SPEED/DIRECTION    22/140    DATE  08/14
HIGHEST GUST SPEED/DIRECTION    33/110    DATE  08/14

SKY COVER
POSSIBLE SUNSHINE (PERCENT)   MM
AVERAGE SKY COVER           0.30
NUMBER OF DAYS FAIR           19
NUMBER OF DAYS PC             11
NUMBER OF DAYS CLOUDY          0

AVERAGE RH (PERCENT)     82

WEATHER CONDITIONS. NUMBER OF DAYS WITH
THUNDERSTORM              0     MIXED PRECIP               1
HEAVY RAIN               12     RAIN                      12
LIGHT RAIN               24     FREEZING RAIN              0
LT FREEZING RAIN          0     HAIL                       0
HEAVY SNOW                0     SNOW                       0
LIGHT SNOW                0     SLEET                      0
FOG                      19     FOG W/VIS <= 1/4 MILE      0
HAZE                      3

-  INDICATES NEGATIVE NUMBERS.
R  INDICATES RECORD WAS SET OR TIED.
MM INDICATES DATA IS MISSING.
T  INDICATES TRACE AMOUNT.

$$
