000
CXGM50 PGUM 041520
CLMGUM


CLIMATE REPORT
NATIONAL WEATHER SERVICE TIYAN, GUAM
120 AM CHST THU MAY 5 2016

...................................

...THE GUAM INTERNATIONAL AIRPORT GU CLIMATE SUMMARY FOR THE MONTH OF APRIL 2016...

CLIMATE NORMAL PERIOD 1981 TO 2010
CLIMATE RECORD PERIOD 1945 TO 2016

WEATHER         OBSERVED          NORMAL  DEPART  LAST YEAR`S
                 VALUE   DATE(S)  VALUE   FROM    VALUE  DATE(S)
                                          NORMAL
................................................................
TEMPERATURE (F)
RECORD
 HIGH              96   MM
 LOW               72   04/01/2008
                        04/05/2007
                        01/01/2000
HIGHEST            91   04/30        MM      MM       89  04/28
                        04/29
                        04/21
LOWEST             75   04/28        MM      MM       74  04/06
                        04/26
AVG. MAXIMUM     89.3              87.3     2.0     86.8
AVG. MINIMUM     78.4              76.5     1.9     76.6
MEAN             83.9              81.9     2.0     81.7
DAYS MAX >= 90     11               0.9    10.1        0
DAYS MAX <= 32      0               0.0     0.0        0
DAYS MIN <= 32      0               0.0     0.0        0
DAYS MIN <= 0       0               0.0     0.0        0

PRECIPITATION (INCHES)
RECORD
 MAXIMUM           MM   MM
 MINIMUM           MM   MM
TOTALS           1.31              3.58   -2.27     6.65
DAILY AVG.       0.04              0.12   -0.08     0.22
DAYS >= .01        17              18.8    -1.8       28
DAYS >= .10         6               7.9    -1.9       19
DAYS >= .50         0               1.1    -1.1        5
DAYS >= 1.00        0               0.6    -0.6        0
GREATEST
 24 HR. TOTAL    0.40   04/25 TO 04/26           04/14 TO 04/15
                                                          04/30 TO 04/30
                                                          04/30 TO 04/30
 STORM TOTAL       MM                                 MM
 (MM/DD(HH))            MM                    04/15(00) TO 04/15(00)
                                                 04/30(00) TO 04/30(00)0
                                                 04/30(00) TO 04/30(00)0

DEGREE_DAYS
COOLING TOTAL     570               507      63      508
 SINCE 1/1       2060              1884     176     1965

FREEZE DATES
RECORD
 EARLIEST     MM
 LATEST       MM
EARLIEST                        MM
LATEST                          MM
.................................................

WIND (MPH)
AVERAGE WIND SPEED              12.3
RESULTANT WIND SPEED/DIRECTION  12/081
HIGHEST WIND SPEED/DIRECTION    28/080    DATE  04/07
HIGHEST GUST SPEED/DIRECTION    33/080    DATE  04/07

SKY COVER
POSSIBLE SUNSHINE (PERCENT)   MM
AVERAGE SKY COVER           0.40
NUMBER OF DAYS FAIR           16
NUMBER OF DAYS PC             14
NUMBER OF DAYS CLOUDY          0

AVERAGE RH (PERCENT)     69

WEATHER CONDITIONS. NUMBER OF DAYS WITH
THUNDERSTORM              0     MIXED PRECIP               0
HEAVY RAIN                4     RAIN                       3
LIGHT RAIN               19     FREEZING RAIN              0
LT FREEZING RAIN          0     HAIL                       0
HEAVY SNOW                0     SNOW                       0
LIGHT SNOW                0     SLEET                      0
FOG                       4     FOG W/VIS <= 1/4 MILE      0
HAZE                      3

-  INDICATES NEGATIVE NUMBERS.
R  INDICATES RECORD WAS SET OR TIED.
MM INDICATES DATA IS MISSING.
T  INDICATES TRACE AMOUNT.

$$
