000
CXUX51 KGYX 181629 CCA
CLMGYX

CLIMATE REPORT
NATIONAL WEATHER SERVICE GRAY ME
1122 AM EST TUE MAR 3 2015

...................................

...THE GRAY ME CLIMATE SUMMARY FOR THE SEASON, FROM
12/1/2014 TO 2/28/2015...

CLIMATE NORMAL PERIOD 1981 TO 2010
CLIMATE RECORD PERIOD 1995 TO 2015

WEATHER         OBSERVED          NORMAL  DEPART  LAST YEAR`S
                 VALUE   DATE(S)  VALUE   FROM    VALUE
                                          NORMAL
.............................................................
TEMPERATURE (F)
RECORD
 HIGH              69   12/07/1998
 LOW              -15   01/15/2004
HIGHEST            57   12/01        58      -1       51
LOWEST            -13   01/08        -7      -6      -11
AVG. MAXIMUM     27.7              32.5    -4.8     28.6
AVG. MINIMUM     11.8              16.1    -4.3     13.4
MEAN             19.8              24.3    -4.5     21.0
DAYS MAX >= 90      0               0.0     0.0        0
DAYS MAX <= 32     57              43.5    13.5       62
DAYS MIN <= 32     87              84.9     2.1       87
DAYS MIN <= 0      17               6.6    10.4       13

PRECIPITATION (INCHES)
RECORD
 MAXIMUM        15.31   2008
TOTALS          12.17             10.90    1.27    10.67
DAILY AVG.       0.13              0.12    0.01     0.12
DAYS >= .01        40              32.2     7.8       41
DAYS >= .10        25              20.9     4.1       24
DAYS >= .50         7               7.3    -0.3        9
DAYS >= 1.00        1               2.9    -1.9        1
GREATEST
 24 HR. TOTAL    1.59   01/27 TO 01/28              1.29

SNOWFALL (INCHES)
RECORDS
 TOTAL          111.3   2008
TOTALS           84.1              56.0    28.1     73.0
SNOWDEPTH AVG.     11
DAYS >= TRACE      47              23.5    23.5       41
DAYS >= 1.0        20              13.9     6.1       19
GREATEST
 SNOW DEPTH        30   02/19                         25
 24 HR TOTAL     23.9R  01/27 TO 01/27              10.7

DEGREE_DAYS
HEATING TOTAL    4026              3661     365     3939
 SINCE 7/1         MM              5158      MM       MM
COOLING TOTAL       0                 0       0        0
 SINCE 1/1          0                 0       0        0
..............................................................



-  INDICATES NEGATIVE NUMBERS.
R  INDICATES RECORD WAS SET OR TIED.
MM INDICATES DATA IS MISSING.
T  INDICATES TRACE AMOUNT.

$$
