000
CXUX51 KGYX 030134
CLMGYX

PWMCLMGYX 000
TTAA00 KGYX 022300


CLIMATE REPORT
NATIONAL WEATHER SERVICE GRAY ME
934 PM EDT WED SEP 2 2015

...................................

...THE GRAY ME CLIMATE SUMMARY FOR THE SEASON, FROM
6/1/2015 TO 8/31/2015...

CLIMATE NORMAL PERIOD 1981 TO 2010
CLIMATE RECORD PERIOD 1995 TO 2015

WEATHER         OBSERVED          NORMAL  DEPART  LAST YEAR`S
                 VALUE   DATE(S)  VALUE   FROM    VALUE
                                          NORMAL
.............................................................
TEMPERATURE (F)
RECORD
 HIGH              99   07/22/2011
 LOW               37   06/01/2009
HIGHEST            89   07/12        93      -4       89
LOWEST             42   06/05        44      -2       46
AVG. MAXIMUM     75.2              77.2    -2.0     76.4
AVG. MINIMUM     57.6              57.5     0.1     57.9
MEAN             66.4              67.4    -1.0     67.2
DAYS MAX >= 90      0               4.1    -4.1        0
DAYS MAX <= 32      0               0.0     0.0        0
DAYS MIN <= 32      0               0.0     0.0        0
DAYS MIN <= 0       0               0.0     0.0        0

PRECIPITATION (INCHES)
RECORD
 MAXIMUM        21.77   2009
TOTALS          12.32             12.19    0.13    17.06
DAILY AVG.       0.14              0.13    0.01     0.19
DAYS >= .01        38              37.1     0.9       37
DAYS >= .10        19              21.6    -2.6       20
DAYS >= .50         9               7.8     1.2        8
DAYS >= 1.00        4               3.0     1.0        5
GREATEST
 24 HR. TOTAL    1.49   06/01 TO 06/02              4.95

SNOWFALL (INCHES)
RECORDS
 TOTAL            0.0
TOTALS            0.0               0.0     0.0      0.0
SNOWDEPTH AVG.      0
DAYS >= TRACE       0               0.0     0.0        0
DAYS >= 1.0         0               0.0     0.0        0
GREATEST
 SNOW DEPTH         0                                  0
 24 HR TOTAL      0.0                                0.0

DEGREE_DAYS
HEATING TOTAL     173               130      43       88
 SINCE 7/1         16                36     -20       14
COOLING TOTAL     333               349     -16      311
 SINCE 1/1        373               359      14      312
..............................................................



-  INDICATES NEGATIVE NUMBERS.
R  INDICATES RECORD WAS SET OR TIED.
MM INDICATES DATA IS MISSING.
T  INDICATES TRACE AMOUNT.

&&

AFTER A RECORD WARM MAY, THE WEATHER PATTERN CHANGED ABRUPTLY AS THE
CALENDAR CHANGED TO JUNE. THE FIRST TWO DAYS OF THE MONTH DID NOT
EVEN GET OUT OF THE 40S. COOL WEATHER CONTINUED FOR THE FIRST WEEK
OF JUNE BEFORE ALTERNATING PERIODS OF WARMER AND COOLER WEATHER WERE
OBSERVED THROUGH THE MIDDLE OF JULY. THE WARMEST TEMPERATURE OF THE
YEAR WAS 89 DEGREES ON JULY 12. BY THE TIME AUGUST ARRIVED THE
WEATHER HAD SETTLED INTO A WARMER PATTERN WITH MOST OF THE MONTH
SEEING ABOVE NORMAL TEMPERATURES.

THE AVERAGE TEMPERATURE FOR THE SUMMER WAS 66.4 DEGREES WHICH WAS
1.0 DEGREES BELOW NORMAL AND THE COOLEST SUMMER SINCE 2009. THE
WARMEST SUMMER WAS 1999 WITH AN AVERAGE TEMPERATURE OF 69.2 DEGREES.
THE COOLEST WAS 65.5 DEGREES IN BOTH 2009 AND 2000.

THE WARMEST TEMPERATURE OF THE YEAR WAS 89 DEGREES ON JULY 12. THIS
MARKS THE SECOND STRAIGHT YEAR THAT 90 DEGREES WAS NOT OBSERVED. THE
ONLY OTHER YEAR TO ACHIEVE THIS FEAT WAS 1996, THE FIRST SUMMER OF
WEATHER OBSERVATIONS AT THE NATIONAL WEATHER SERVICE OFFICE IN GRAY.
THE FOLLOWING TABLE LISTS THE YEARS WITH THE COOLEST MAXIMUM YEARLY
TEMPERATURE.

COOLEST YEARLY MAXIMUM TEMPERATURE (SINCE 1996)
RANK  TEMP  YEAR
1     88    1996
2     89    2015 <===
      89    2014
3     90    2008
4     91    2009
      91    2000
      91    1997

A TOTAL OF 12.32 INCHES OF RAIN FELL WHICH WAS 0.13 INCHES ABOVE
NORMAL. ALTHOUGH THIS WAS ABOVE NORMAL, IT WAS ALSO THE DRIEST
SUMMER SINCE 2010. THIS MARKED THE 12TH STRAIGHT SUMMER THAT AT
LEAST 11 INCHES OF RAIN WAS MEASURED. THE HEAVIEST RAIN FELL ON JUNE
1ST AND 2ND WHEN 2.04 INCHES WAS MEASURED (2.66 INCLUDING MAY 31ST).
THE WETTEST SUMMER WAS 2009 WITH 21.77 INCHES. THE DRIEST WAS 1999
WITH ONLY 6.92 INCHES.

$$

KIMBLE
