000
CXUS54 KJAN 011844
CLMHBG


CLIMATE REPORT
NATIONAL WEATHER SERVICE JACKSON MS
141 PM CDT WED NOV 1 2017

...................................

...THE HATTIESBURG CLIMATE SUMMARY FOR THE MONTH OF OCTOBER 2017...

CLIMATE NORMAL PERIOD 1981 TO 2010
CLIMATE RECORD PERIOD 1948 TO 2017

WEATHER         OBSERVED          NORMAL  DEPART  LAST YEAR`S
                 VALUE   DATE(S)  VALUE   FROM    VALUE  DATE(S)
                                          NORMAL
................................................................
TEMPERATURE (F)
RECORD
 HIGH              97   10/06/1954
 LOW               23   10/30/1952
HIGHEST            89   10/13        MM      MM       91  10/04
LOWEST             34   10/29        MM      MM       39  10/23
AVG. MAXIMUM     79.4              79.5    -0.1     85.6
AVG. MINIMUM     57.1              54.5     2.6     55.1
MEAN             68.2              67.0     1.2     70.4
DAYS MAX >= 90      0               1.5    -1.5        4
DAYS MAX <= 32      0               0.0     0.0        0
DAYS MIN <= 32      0               0.2    -0.2        0
DAYS MIN <= 0       0               0.0     0.0        0

PRECIPITATION (INCHES)
RECORD
 MAXIMUM        13.74   1985
 MINIMUM            T   2005
TOTALS           2.75              3.75   -1.00     0.10
DAILY AVG.       0.09              0.12   -0.03     0.00
DAYS >= .01         7                MM      MM        1
DAYS >= .10         3                MM      MM        1
DAYS >= .50         2                MM      MM        0
DAYS >= 1.00        1                MM      MM        0
GREATEST
 24 HR. TOTAL    1.53   10/22 TO 10/22              0.10

SNOWFALL (INCHES)
TOTALS            0.0
SINCE 7/1         0.0
DAYS >= TRACE       0
DAYS >= 1.0         0
GREATEST
 24 HR TOTAL      0.0   10/31 TO 10/31

DEGREE_DAYS
HEATING TOTAL      84                73      11       19
 SINCE 7/1         84                75       9       19
COOLING TOTAL     195               135      60      191
 SINCE 1/1       2494              2362     132     2778
.................................................................

WIND (MPH)
AVERAGE WIND SPEED              4.6
HIGHEST WIND SPEED/DIRECTION    23/300    DATE  10/27
HIGHEST GUST SPEED/DIRECTION    31/300    DATE  10/27

SKY COVER
POSSIBLE SUNSHINE (PERCENT)   MM
AVERAGE SKY COVER           0.30
NUMBER OF DAYS FAIR           22
NUMBER OF DAYS PC              7
NUMBER OF DAYS CLOUDY          2

AVERAGE RH (PERCENT)     75

WEATHER CONDITIONS. NUMBER OF DAYS WITH
THUNDERSTORM              4     MIXED PRECIP               0
HEAVY RAIN                3     RAIN                       5
LIGHT RAIN               10     FREEZING RAIN              0
LT FREEZING RAIN          0     HAIL                       0
HEAVY SNOW                0     SNOW                       0
LIGHT SNOW                0     SLEET                      0
FOG                      11     FOG W/VIS <= 1/4 MILE      3
HAZE                      1

-  INDICATES NEGATIVE NUMBERS.
R  INDICATES RECORD WAS SET OR TIED.
MM INDICATES DATA IS MISSING.
T  INDICATES TRACE AMOUNT.

$$
