000
CXUS56 KPQR 011458
CLMHIO


CLIMATE REPORT
NATIONAL WEATHER SERVICE PORTLAND OREGON
758 AM PDT MON SEP 1 2014

...................................

...THE HILLSBORO OR CLIMATE SUMMARY FOR THE MONTH OF AUGUST 2014...

CLIMATE NORMAL PERIOD 1981 TO 2010
CLIMATE RECORD PERIOD 1929 TO 2014

WEATHER         OBSERVED          NORMAL  DEPART  LAST YEAR`S
                 VALUE   DATE(S)  VALUE   FROM    VALUE  DATE(S)
                                          NORMAL
................................................................
TEMPERATURE (F)
HIGHEST            98                                 92  08/21
                                                          08/06
LOWEST             45                                 46  08/20
AVG. MAXIMUM     85.1              81.4     3.7     81.5
AVG. MINIMUM     55.2              50.3     4.9     54.7
MEAN             70.2              65.9     4.3     68.1
DAYS MAX >= 90      9               4.9     4.1        3
DAYS MAX <= 32      0               0.0     0.0        0
DAYS MIN <= 32      0               0.0     0.0        0
DAYS MIN <= 0       0               0.0     0.0        0

PRECIPITATION (INCHES)
RECORD
 MAXIMUM         3.84   1968
 MINIMUM         0.00   1998
                        1958
                        1955
TOTALS           0.14              0.63   -0.49     0.85
DAYS >= .01         4                MM      MM        9
DAYS >= .10         0                MM      MM        2
DAYS >= .50         0                MM      MM        0
DAYS >= 1.00        0                MM      MM        0
GREATEST
 24 HR. TOTAL    0.09   08/12 TO 08/13

DEGREE_DAYS
HEATING TOTAL       3                51     -48       12
 SINCE 7/1          9               107     -98       35
COOLING TOTAL     172                77      95      115
 SINCE 1/1        350               178     172      246
.................................................................

WIND (MPH)
AVERAGE WIND SPEED              5.1
RESULTANT WIND SPEED/DIRECTION   3/327
HIGHEST WIND SPEED/DIRECTION    23/320    DATE  08/19
HIGHEST GUST SPEED/DIRECTION    28/320    DATE  08/19

SKY COVER
POSSIBLE SUNSHINE (PERCENT)   MM
AVERAGE SKY COVER           0.20

AVERAGE RH (PERCENT)     63

WEATHER CONDITIONS. NUMBER OF DAYS WITH
THUNDERSTORM              0     MIXED PRECIP               0
HEAVY RAIN                0     RAIN                       0
LIGHT RAIN                4     FREEZING RAIN              0
LT FREEZING RAIN          0     HAIL                       0
HEAVY SNOW                0     SNOW                       0
LIGHT SNOW                0     SLEET                      0
FOG                       4     FOG W/VIS <= 1/4 MILE      0
HAZE                      9

-  INDICATES NEGATIVE NUMBERS.
R  INDICATES RECORD WAS SET OR TIED.
MM INDICATES DATA IS MISSING.
T  INDICATES TRACE AMOUNT.

$$
