000
CXUS56 KPQR 011743
CLMHIO


CLIMATE REPORT
NATIONAL WEATHER SERVICE PORTLAND OREGON
943 AM PST MON FEB 1 2016

...................................

...THE HILLSBORO OR CLIMATE SUMMARY FOR THE MONTH OF JANUARY 2016...

CLIMATE NORMAL PERIOD 1981 TO 2010
CLIMATE RECORD PERIOD 1929 TO 2016

WEATHER         OBSERVED          NORMAL  DEPART  LAST YEAR`S
                 VALUE   DATE(S)  VALUE   FROM    VALUE  DATE(S)
                                          NORMAL
................................................................
TEMPERATURE (F)
HIGHEST            59                                 60  01/24
LOWEST             25                                 21  01/01
AVG. MAXIMUM     46.2              46.9    -0.7     50.3
AVG. MINIMUM     35.1              33.3     1.8     35.0
MEAN             40.6              40.1     0.5     42.6
DAYS MAX >= 90      0               0.0     0.0        0
DAYS MAX <= 32      1               0.3     0.7        0
DAYS MIN <= 32     11              13.4    -2.4       10
DAYS MIN <= 0       0               0.0     0.0        0

PRECIPITATION (INCHES)
RECORD
 MAXIMUM        11.89   2006
 MINIMUM         0.32   1985
TOTALS           7.53              6.06    1.47     3.01
DAYS >= .01        24                MM      MM       12
DAYS >= .10        18                MM      MM        5
DAYS >= .50         4                MM      MM        2
DAYS >= 1.00        1                MM      MM        1
GREATEST
 24 HR. TOTAL    1.86   01/12 TO 01/13

DEGREE_DAYS
HEATING TOTAL     630               772    -142      688
 SINCE 7/1       2443              2893    -450     2209
COOLING TOTAL       0                 0       0        0
 SINCE 1/1          0                 0       0        0
.................................................................

WIND (MPH)
AVERAGE WIND SPEED              4.6
RESULTANT WIND SPEED/DIRECTION   2/114
HIGHEST WIND SPEED/DIRECTION    24/090    DATE  01/02
HIGHEST GUST SPEED/DIRECTION    33/080    DATE  01/02

SKY COVER
POSSIBLE SUNSHINE (PERCENT)   MM
AVERAGE SKY COVER           0.80

AVERAGE RH (PERCENT)     85

WEATHER CONDITIONS. NUMBER OF DAYS WITH
THUNDERSTORM              0     MIXED PRECIP               0
HEAVY RAIN                0     RAIN                      11
LIGHT RAIN               23     FREEZING RAIN              0
LT FREEZING RAIN          2     HAIL                       0
HEAVY SNOW                0     SNOW                       1
LIGHT SNOW                1     SLEET                      0
FOG                      24     FOG W/VIS <= 1/4 MILE      9
HAZE                      5

-  INDICATES NEGATIVE NUMBERS.
R  INDICATES RECORD WAS SET OR TIED.
MM INDICATES DATA IS MISSING.
T  INDICATES TRACE AMOUNT.

$$
