683
CXUS56 KHNX 011813
CLMHJO


CLIMATE REPORT
NATIONAL WEATHER SERVICE SAN JOAQUIN VALLEY, CA
1112 AM PDT FRI APR 1 2016

...................................

...THE HANFORD CA AIRPORT CLIMATE SUMMARY FOR THE MONTH OF MARCH 2016...

CLIMATE NORMAL PERIOD 1981 TO 2010
CLIMATE RECORD PERIOD 1998 TO 2016

WEATHER         OBSERVED          NORMAL  DEPART  LAST YEAR`S
                 VALUE   DATE(S)  VALUE   FROM    VALUE  DATE(S)
                                          NORMAL
................................................................
TEMPERATURE (F)
RECORD
 HIGH              94   03/27/2015
 LOW               27   03/10/2009
HIGHEST            79   03/27        MM      MM       94  03/27
                        03/19
                        03/18
LOWEST             37   03/29        MM      MM       36  03/03
AVG. MAXIMUM     70.1              68.1     2.0     79.4
AVG. MINIMUM     45.2              42.8     2.4     48.1
MEAN             57.6              55.4     2.2     63.7
DAYS MAX >= 90      0               0.0     0.0        4
DAYS MIN <= 32      0               0.5    -0.5        0

PRECIPITATION (INCHES)
RECORD
 MAXIMUM         3.25   MM
TOTALS           2.00              1.63    0.37     0.14
DAYS >= .01         6                MM      MM        1
DAYS >= .10         6                MM      MM        1
DAYS >= .50         2                MM      MM        0
DAYS >= 1.00        0                MM      MM        0
GREATEST
 24 HR. TOTAL    0.74   03/11 TO 03/11
                        03/10 TO 03/11
                        03/11 TO 03/11

SNOWFALL (INCHES)
RECORDS
 TOTAL             MM   MM
TOTALS            0.0                MM

DEGREE_DAYS
HEATING TOTAL     221               300     -79       90
 SINCE 7/1       2111              2455    -344     1632
COOLING TOTAL       1                 4      -3       58
 SINCE 1/1          1                 4      -3       58
.................................................................

WIND (MPH)
AVERAGE WIND SPEED              5.0
HIGHEST WIND SPEED/DIRECTION    24/300    DATE  03/22
HIGHEST GUST SPEED/DIRECTION    31/310    DATE  03/22

AVERAGE RH (PERCENT)     67

WEATHER CONDITIONS. NUMBER OF DAYS WITH
THUNDERSTORM              0     RAIN                       3
HAIL                      0     FOG                       23
FOG W/VIS <= 1/4 MILE     6     HAZE                      12

-  INDICATES NEGATIVE NUMBERS.
R  INDICATES RECORD WAS SET OR TIED.
MM INDICATES DATA IS MISSING.
T  INDICATES TRACE AMOUNT.

$$
