000
CXUS53 KGLD 061906
CLMHLC

CLIMATE REPORT
NATIONAL WEATHER SERVICE GOODLAND
106 PM MDT MON JUL 6 2015

...................................

...THE HILL CITY CLIMATE SUMMARY FOR THE MONTH OF JUNE 2015...

CLIMATE NORMAL PERIOD 1981 TO 2010
CLIMATE RECORD PERIOD 1896 TO 2015

WEATHER         OBSERVED          NORMAL  DEPART  LAST YEAR`S
                 VALUE   DATE(S)  VALUE   FROM    VALUE  DATE(S)
                                          NORMAL
................................................................
TEMPERATURE (F)
RECORD
 HIGH             115   06/27/2012
                        06/26/2012
 LOW               33   06/06/1998
HIGHEST           105   06/30       102       3      100  06/17
                                                          06/16
LOWEST             55   06/27        46       9       52  06/13
                                                          06/10
AVG. MAXIMUM     90.0              86.2     3.8     86.8
AVG. MINIMUM     62.7              59.6     3.1     61.6
MEAN             76.3              72.9     3.4     74.2
DAYS MAX >= 90     14              11.5     2.5       11
DAYS MAX <= 32      0               0.0     0.0        0
DAYS MIN <= 32      0               0.0     0.0        0
DAYS MIN <= 0       0               0.0     0.0        0

PRECIPITATION (INCHES)
RECORD
 MAXIMUM        11.89   1941
 MINIMUM         0.10   1981
TOTALS           0.78              2.76   -1.98     6.93
DAILY AVG.       0.03              0.09   -0.06     0.23
DAYS >= .01         7                MM      MM       15
DAYS >= .10         2                MM      MM        9
DAYS >= .50         0                MM      MM        5
DAYS >= 1.00        0                MM      MM        2
GREATEST
 24 HR. TOTAL    0.39   06/14 TO 06/14              2.98
 STORM TOTAL       MM
 (MM/DD(HH))            MM

.................................................................

-  INDICATES NEGATIVE NUMBERS.
R  INDICATES RECORD WAS SET OR TIED.
MM INDICATES DATA IS MISSING.
T  INDICATES TRACE AMOUNT.

$$
