000
CXHW50 PHFO 011607
CLMHNL


CLIMATE REPORT
NATIONAL WEATHER SERVICE HONOLULU HI
605 AM HST MON MAY 1 2017

...................................

...THE HONOLULU HI CLIMATE SUMMARY FOR THE MONTH OF APRIL 2017...

CLIMATE NORMAL PERIOD 1981 TO 2010
CLIMATE RECORD PERIOD 1946 TO 2017

WEATHER         OBSERVED          NORMAL  DEPART  LAST YEAR`S
                 VALUE   DATE(S)  VALUE   FROM    VALUE  DATE(S)
                                          NORMAL
................................................................
TEMPERATURE (F)
RECORD
 HIGH              91   04/28/1996
 LOW               56   04/22/1958
HIGHEST            87   04/26        83       4       88  04/05
                        04/24
                        04/12
LOWEST             61   04/30        68      -7       67  04/06
AVG. MAXIMUM     84.2              82.7     1.5     84.6
AVG. MINIMUM     71.5              69.4     2.1     71.4
MEAN             77.8              76.1     1.7     78.0
DAYS MAX >= 90      0               0.0     0.0        0
DAYS MAX <= 32      0               0.0     0.0        0
DAYS MIN <= 32      0               0.0     0.0        0
DAYS MIN <= 0       0               0.0     0.0        0

PRECIPITATION (INCHES)
RECORD
 MAXIMUM         8.92   1963
 MINIMUM         0.01   1960
TOTALS           3.05              0.63    2.42     0.22
DAILY AVG.       0.10              0.02    0.08     0.01
DAYS >= .01         9               7.5     1.5        7
DAYS >= .10         4               2.1     1.9        1
DAYS >= .50         2               0.1     1.9        0
DAYS >= 1.00        2               0.0     2.0        0
GREATEST
 24 HR. TOTAL    1.35   04/28 TO 04/28              0.10

SNOWFALL (INCHES)
RECORDS
 TOTAL             MM   5
TOTALS            0.0               0.0     0.0      0.0
SINCE 7/1         0.0               0.0     0.0      0.0
SNOWDEPTH AVG.     MM                MM      MM        0
DAYS >= 1.0         0               0.0     0.0        0
GREATEST
 SNOW DEPTH        MM                                  0  MM
 24 HR TOTAL      0.0   04/30 TO 04/30               0.0

DEGREE_DAYS
HEATING TOTAL       0                 0       0        0
 SINCE 7/1          0                 0       0        0
COOLING TOTAL     393               332      61      396
 SINCE 1/1       1277              1107     170     1280
.................................................................

WIND (MPH)
AVERAGE WIND SPEED              9.0
HIGHEST WIND SPEED/DIRECTION    26/050    DATE  04/02
HIGHEST GUST SPEED/DIRECTION    33/050    DATE  04/02

SKY COVER
POSSIBLE SUNSHINE (PERCENT)   MM
AVERAGE SKY COVER             MM
NUMBER OF DAYS FAIR            0
NUMBER OF DAYS PC              0
NUMBER OF DAYS CLOUDY          0

AVERAGE RH (PERCENT)     MM

WEATHER CONDITIONS. NUMBER OF DAYS WITH
THUNDERSTORM              0     MIXED PRECIP               0
HEAVY RAIN                0     RAIN                       0
LIGHT RAIN                0     FREEZING RAIN              0
LT FREEZING RAIN          0     HAIL                       0
HEAVY SNOW                0     SNOW                       0
LIGHT SNOW                0     SLEET                      0
FOG                       4     FOG W/VIS <= 1/4 MILE      0
HAZE                      7

-  INDICATES NEGATIVE NUMBERS.
R  INDICATES RECORD WAS SET OR TIED.
MM INDICATES DATA IS MISSING.
T  INDICATES TRACE AMOUNT.

$$
