000
CXHW50 PHFO 011617
CLMHNL


CLIMATE REPORT
NATIONAL WEATHER SERVICE HONOLULU HI
608 AM HST FRI SEP 1 2017

...................................

...THE HONOLULU HI CLIMATE SUMMARY FOR THE MONTH OF AUGUST 2017...

CLIMATE NORMAL PERIOD 1981 TO 2010
CLIMATE RECORD PERIOD 1946 TO 2017

WEATHER         OBSERVED          NORMAL  DEPART  LAST YEAR`S
                 VALUE   DATE(S)  VALUE   FROM    VALUE  DATE(S)
                                          NORMAL
................................................................
TEMPERATURE (F)
RECORD
 HIGH              93   08/30/1997
                        08/14/1997
                        08/24/1996
 LOW               65   08/19/2009
HIGHEST            91   08/19        89       2       91  08/12
                        08/17
LOWEST             71   08/03        75      -4       74  08/17
                                                          08/11
AVG. MAXIMUM     89.0              88.7     0.3     87.1
AVG. MINIMUM     75.5              75.1     0.4     75.8
MEAN             82.2              81.9     0.3     81.4
DAYS MAX >= 90      7               6.7     0.3        1
DAYS MAX <= 32      0               0.0     0.0        0
DAYS MIN <= 32      0               0.0     0.0        0
DAYS MIN <= 0       0               0.0     0.0        0

PRECIPITATION (INCHES)
RECORD
 MAXIMUM         3.74   2004
 MINIMUM            T   1974
TOTALS           1.85              0.56    1.29     1.58
DAILY AVG.       0.06              0.02    0.04     0.05
DAYS >= .01         4               5.6    -1.6        9
DAYS >= .10         1               1.1    -0.1        3
DAYS >= .50         1               0.3     0.7        1
DAYS >= 1.00        1               0.1     0.9        1
GREATEST
 24 HR. TOTAL    1.80   08/29 TO 08/29              1.24

SNOWFALL (INCHES)
RECORDS
 TOTAL             MM   5
TOTALS            0.0               0.0     0.0      0.0
SINCE 7/1         0.0               0.0     0.0      0.0
SNOWDEPTH AVG.     MM                MM      MM        0
DAYS >= 1.0         0               0.0     0.0        0
GREATEST
 SNOW DEPTH        MM                                  0  MM
 24 HR TOTAL      0.0   08/31 TO 08/31               0.0

DEGREE_DAYS
HEATING TOTAL       0                 0       0        0
 SINCE 7/1          0                 0       0        0
COOLING TOTAL     384               524    -140      466
 SINCE 1/1       3053              2984      69     3115
.................................................................

WIND (MPH)
AVERAGE WIND SPEED              12.0
HIGHEST WIND SPEED/DIRECTION    28/070    DATE  08/24
HIGHEST GUST SPEED/DIRECTION    37/060    DATE  08/11

SKY COVER
POSSIBLE SUNSHINE (PERCENT)   MM
AVERAGE SKY COVER             MM
NUMBER OF DAYS FAIR            0
NUMBER OF DAYS PC              0
NUMBER OF DAYS CLOUDY          0

AVERAGE RH (PERCENT)     MM

WEATHER CONDITIONS. NUMBER OF DAYS WITH
THUNDERSTORM              0     MIXED PRECIP               0
HEAVY RAIN                0     RAIN                       0
LIGHT RAIN                0     FREEZING RAIN              0
LT FREEZING RAIN          0     HAIL                       0
HEAVY SNOW                0     SNOW                       0
LIGHT SNOW                0     SLEET                      0
FOG                       2     FOG W/VIS <= 1/4 MILE      0
HAZE                      1

-  INDICATES NEGATIVE NUMBERS.
R  INDICATES RECORD WAS SET OR TIED.
MM INDICATES DATA IS MISSING.
T  INDICATES TRACE AMOUNT.

$$
