000
CXHW50 PHFO 011612
CLMHNL


CLIMATE REPORT
NATIONAL WEATHER SERVICE HONOLULU HI
608 AM HST THU FEB 1 2018

...................................

...THE HONOLULU HI CLIMATE SUMMARY FOR THE MONTH OF JANUARY 2018...

CLIMATE NORMAL PERIOD 1981 TO 2010
CLIMATE RECORD PERIOD 1946 TO 2018

WEATHER         OBSERVED          NORMAL  DEPART  LAST YEAR`S
                 VALUE   DATE(S)  VALUE   FROM    VALUE  DATE(S)
                                          NORMAL
................................................................
TEMPERATURE (F)
RECORD
 HIGH              88   01/21/1996
 LOW               53   01/31/1998
                        01/31/1972
                        01/20/1969
HIGHEST            85   01/25        80       5       84  01/19
                        01/15                             01/14
                        01/10
LOWEST             65   01/30        66      -1       62  01/08
                                                          01/07
                                                          01/04
AVG. MAXIMUM     83.2              80.1     3.1     80.6
AVG. MINIMUM     70.2              66.3     3.9     66.5
MEAN             76.7              73.2     3.5     73.5
DAYS MAX >= 90      0               0.0     0.0        0
DAYS MAX <= 32      0               0.0     0.0        0
DAYS MIN <= 32      0               0.0     0.0        0
DAYS MIN <= 0       0               0.0     0.0        0

PRECIPITATION (INCHES)
RECORD
 MAXIMUM        14.74   1949
 MINIMUM         0.03   2016
TOTALS           0.06              2.31   -2.25     0.21
DAILY AVG.       0.00              0.07   -0.07     0.01
DAYS >= .01         1               8.5    -7.5        4
DAYS >= .10         0               3.7    -3.7        1
DAYS >= .50         0               1.2    -1.2        0
DAYS >= 1.00        0               0.6    -0.6        0
GREATEST
 24 HR. TOTAL    0.06   01/20 TO 01/20              0.11

SNOWFALL (INCHES)
RECORDS
 TOTAL            0.0   5
                        0
                        -26215
TOTALS            0.0               0.0     0.0      0.0
SINCE 7/1         0.0               0.0     0.0      0.0
SNOWDEPTH AVG.     MM                MM      MM        0
DAYS >= 1.0         0               0.0     0.0        0
GREATEST
 SNOW DEPTH        MM                                  0  MM
 24 HR TOTAL      0.0   01/31 TO 01/31               0.0

DEGREE_DAYS
HEATING TOTAL       0                 0       0        0
 SINCE 7/1          0                 0       0        0
COOLING TOTAL     372               254     118      273
 SINCE 1/1        372               250     122      273
.................................................................

WIND (MPH)
AVERAGE WIND SPEED              9.1
HIGHEST WIND SPEED/DIRECTION    33/070    DATE  01/18
HIGHEST GUST SPEED/DIRECTION    45/070    DATE  01/18

SKY COVER
POSSIBLE SUNSHINE (PERCENT)   MM
AVERAGE SKY COVER             MM
NUMBER OF DAYS FAIR            0
NUMBER OF DAYS PC              0
NUMBER OF DAYS CLOUDY          0

AVERAGE RH (PERCENT)     MM

WEATHER CONDITIONS. NUMBER OF DAYS WITH
THUNDERSTORM              0     MIXED PRECIP               0
HEAVY RAIN                0     RAIN                       0
LIGHT RAIN                0     FREEZING RAIN              0
LT FREEZING RAIN          0     HAIL                       0
HEAVY SNOW                0     SNOW                       0
LIGHT SNOW                0     SLEET                      0
FOG                       0     FOG W/VIS <= 1/4 MILE      0
HAZE                      2

-  INDICATES NEGATIVE NUMBERS.
R  INDICATES RECORD WAS SET OR TIED.
MM INDICATES DATA IS MISSING.
T  INDICATES TRACE AMOUNT.

$$
