779
CXHW50 PHFO 210207
CLMHNL


CLIMATE REPORT
NATIONAL WEATHER SERVICE HONOLULU HI
328 PM HST MON NOV 20 2017

...................................

...THE HONOLULU HI CLIMATE SUMMARY FOR THE MONTH OF OCTOBER 2017...

CLIMATE NORMAL PERIOD 1981 TO 2010
CLIMATE RECORD PERIOD 1946 TO 2017

WEATHER         OBSERVED          NORMAL  DEPART  LAST YEAR`S
                 VALUE   DATE(S)  VALUE   FROM    VALUE  DATE(S)
                                          NORMAL
................................................................
TEMPERATURE (F)
RECORD
 HIGH              94   10/06/1984
 LOW               58   10/24/2017
HIGHEST            89   10/14        87       2       89  10/05
                        10/12
                        10/11
LOWEST             58R  10/24        73     -15       71  10/26
                                                          10/10
AVG. MAXIMUM     86.4              86.7    -0.3     85.6
AVG. MINIMUM     73.7              73.4     0.3     74.1
MEAN             80.1              80.0     0.1     79.9
DAYS MAX >= 90      0               2.0    -2.0        0
DAYS MAX <= 32      0               0.0     0.0        0
DAYS MIN <= 32      0               0.0     0.0        0
DAYS MIN <= 0       0               0.0     0.0        0

PRECIPITATION (INCHES)
RECORD
 MAXIMUM        11.15   1978
 MINIMUM         0.07   1996
TOTALS           2.78              1.84    0.94     0.12
DAILY AVG.       0.09              0.06    0.03     0.00
DAYS >= .01        14               7.6     6.4        9
DAYS >= .10         1               2.8    -1.8        0
DAYS >= .50         1               1.1    -0.1        0
DAYS >= 1.00        1               0.4     0.6        0
GREATEST
 24 HR. TOTAL    2.49   10/23 TO 10/23              0.02

SNOWFALL (INCHES)
RECORDS
 TOTAL             MM   5
TOTALS            0.0               0.0     0.0      0.0
SINCE 7/1         0.0               0.0     0.0      0.0
SNOWDEPTH AVG.     MM                MM      MM        0
DAYS >= 1.0         0               0.0     0.0        0
GREATEST
 SNOW DEPTH        MM                                  0  MM
 24 HR TOTAL      0.0   10/31 TO 10/31               0.0

DEGREE_DAYS
HEATING TOTAL       0                 0       0        0
 SINCE 7/1          0                 0       0        0
COOLING TOTAL     463               467      -4      467
 SINCE 1/1       4024              3946      78     4054
.................................................................

WIND (MPH)
AVERAGE WIND SPEED              10.1
HIGHEST WIND SPEED/DIRECTION    36/070    DATE  10/16
HIGHEST GUST SPEED/DIRECTION    42/060    DATE  10/16

SKY COVER
POSSIBLE SUNSHINE (PERCENT)   MM
AVERAGE SKY COVER             MM
NUMBER OF DAYS FAIR            0
NUMBER OF DAYS PC              0
NUMBER OF DAYS CLOUDY          0

AVERAGE RH (PERCENT)     MM

WEATHER CONDITIONS. NUMBER OF DAYS WITH
THUNDERSTORM              0     MIXED PRECIP               0
HEAVY RAIN                0     RAIN                       0
LIGHT RAIN                0     FREEZING RAIN              0
LT FREEZING RAIN          0     HAIL                       0
HEAVY SNOW                0     SNOW                       0
LIGHT SNOW                0     SLEET                      0
FOG                       2     FOG W/VIS <= 1/4 MILE      0
HAZE                      1

-  INDICATES NEGATIVE NUMBERS.
R  INDICATES RECORD WAS SET OR TIED.
MM INDICATES DATA IS MISSING.
T  INDICATES TRACE AMOUNT.

$$
