446
CXUS44 KBRO 011033
CLMHRL


CLIMATE REPORT
NATIONAL WEATHER SERVICE BROWNSVILLE TX
522 AM CDT SAT APR 1 2017

...................................

...THE HARLINGEN CLIMATE SUMMARY FOR THE MONTH OF MARCH 2017...

CLIMATE NORMAL PERIOD 1981 TO 2010
CLIMATE RECORD PERIOD 1912 TO 2017

WEATHER         OBSERVED          NORMAL  DEPART  LAST YEAR`S
                 VALUE   DATE(S)  VALUE   FROM    VALUE  DATE(S)
                                          NORMAL
................................................................
TEMPERATURE (F)
HIGHEST            94   03/25        93       1       99  03/31
LOWEST             50   03/14        42       8       44  03/21
AVG. MAXIMUM     84.0              80.1     3.9     83.8
AVG. MINIMUM     63.8              57.9     5.9     63.5
MEAN             73.9              69.0     4.9     73.6
DAYS MAX >= 90      3               2.0     1.0        6
DAYS MAX <= 32      0               0.0     0.0        0
DAYS MIN <= 32      0               0.0     0.0        0
DAYS MIN <= 0       0               0.0     0.0        0

PRECIPITATION (INCHES)
TOTALS           2.22              1.29    0.93     1.78
DAILY AVG.       0.07              0.04    0.03     0.06
DAYS >= .01         6                MM      MM        4
DAYS >= .10         4                MM      MM        3
DAYS >= .50         3                MM      MM        1
DAYS >= 1.00        1                MM      MM        1
GREATEST
 24 HR. TOTAL    1.01   03/09 TO 03/09

DEGREE_DAYS
HEATING TOTAL       4                46     -42       11
 SINCE 7/1        234               614    -380      387
COOLING TOTAL     290               170     120      285
 SINCE 1/1        657               295     362      425
..................................................

WIND (MPH)
AVERAGE WIND SPEED              13.0
HIGHEST WIND SPEED/DIRECTION    37/180     DATE   03/24
HIGHEST GUST SPEED/DIRECTION    47/180     DATE   03/24

SKY COVER
AVERAGE SKY COVER           0.50
NUMBER OF DAYS FAIR           11
NUMBER OF DAYS PC             14
NUMBER OF DAYS CLOUDY          6

AVERAGE RH (PERCENT)     75

WEATHER CONDITIONS. NUMBER OF DAYS WITH
THUNDERSTORM              0     MIXED PRECIP               0
HEAVY RAIN                3     RAIN                       4
LIGHT RAIN                9     FREEZING RAIN              0
LT FREEZING RAIN          0     HAIL                       0
HEAVY SNOW                0     SNOW                       0
LIGHT SNOW                0     SLEET                      0
FOG                      22     FOG W/VIS <= 1/4 MILE      0
HAZE                      1

-  INDICATES NEGATIVE NUMBERS.
R  INDICATES RECORD WAS SET OR TIED.
MM INDICATES DATA IS MISSING.
T  INDICATES TRACE AMOUNT.

$$
