000
CXUS44 KBRO 011551
CLMHRL


CLIMATE REPORT
NATIONAL WEATHER SERVICE BROWNSVILLE TX
1051 AM CDT WED NOV 1 2017

...................................

...THE HARLINGEN CLIMATE SUMMARY FOR THE MONTH OF OCTOBER 2017...

CLIMATE NORMAL PERIOD 1981 TO 2010
CLIMATE RECORD PERIOD 1912 TO 2017

WEATHER         OBSERVED          NORMAL  DEPART  LAST YEAR`S
                 VALUE   DATE(S)  VALUE   FROM    VALUE  DATE(S)
                                          NORMAL
................................................................
TEMPERATURE (F)
HIGHEST            95   10/22        93       2       97  10/18
                                                          10/17
                                                          10/15
LOWEST             39   10/29        51     -12       52  10/22
AVG. MAXIMUM     86.7              86.8    -0.1     92.3
AVG. MINIMUM     63.9              65.4    -1.5     66.5
MEAN             75.3              76.1    -0.8     79.4
DAYS MAX >= 90     11               8.5     2.5       25
DAYS MAX <= 32      0               0.0     0.0        0
DAYS MIN <= 32      0               0.0     0.0        0
DAYS MIN <= 0       0               0.0     0.0        0

PRECIPITATION (INCHES)
TOTALS           3.50              2.99    0.51     0.47
DAILY AVG.       0.11              0.10    0.01     0.02
DAYS >= .01         9                MM      MM        4
DAYS >= .10         7                MM      MM
DAYS >= .50         3                MM      MM
DAYS >= 1.00        1                MM      MM
GREATEST
 24 HR. TOTAL    1.08   10/03 TO 10/03           10/09 TO 10/09
                                                          10/08 TO 10/09
                                                          10/09 TO 10/09
 STORM TOTAL       MM                                 MM
 (MM/DD(HH))            MM                    10/09(00) TO 10/09(00)
                                                 10/09(00) TO 10/09(00)9
                                                 10/09(00) TO 10/09(00)9

SNOWFALL (INCHES)
RECORDS
 24 HR TOTAL       MM
TOTALS            0.0                MM      MM      0.0
 LIQUID EQUIV    0.00                MM      MM     0.00
SINCE 7/1         0.0                MM      MM      0.0
 LIQUID 7/1      0.00
DAYS >= TRACE       0                MM      MM        0
DAYS >= 1.0         0                MM      MM        0
GREATEST
 SNOW DEPTH         0   MM                             0  MM
 24 HR TOTAL      0.0   10/31 TO 10/31               0.0
 STORM TOTAL       MM                                 MM
 (MM/DD(HH))            MM

DEGREE_DAYS
HEATING TOTAL      14                 3      11        0
 SINCE 7/1         14                 3      11        0
COOLING TOTAL     342               347      -5      456
 SINCE 1/1       4419              3776     643     4377

FREEZE DATES
RECORD
 EARLIEST     MM
 LATEST       MM
EARLIEST                        MM
LATEST                          MM
..........................................................

WIND (MPH)
AVERAGE WIND SPEED              8.6
HIGHEST WIND SPEED/DIRECTION    35/MM     DATE   MM
HIGHEST GUST SPEED/DIRECTION    42/MM     DATE   MM

SKY COVER
POSSIBLE SUNSHINE (PERCENT)   MM
AVERAGE SKY COVER           0.30
NUMBER OF DAYS FAIR           17
NUMBER OF DAYS PC             13
NUMBER OF DAYS CLOUDY          1

AVERAGE RH (PERCENT)     73

WEATHER CONDITIONS. NUMBER OF DAYS WITH
THUNDERSTORM              0     MIXED PRECIP               0
HEAVY RAIN                7     RAIN                       5
LIGHT RAIN               11     FREEZING RAIN              0
LT FREEZING RAIN          0     HAIL                       0
HEAVY SNOW                0     SNOW                       0
LIGHT SNOW                0     SLEET                      0
FOG                      19     FOG W/VIS <= 1/4 MILE      5
HAZE                      2

-  INDICATES NEGATIVE NUMBERS.
R  INDICATES RECORD WAS SET OR TIED.
MM INDICATES DATA IS MISSING.
T  INDICATES TRACE AMOUNT.

$$
