000
CXUS52 KMHX 021753
CLMHSE


CLIMATE REPORT
NATIONAL WEATHER SERVICE NEWPORT/MOREHEAD CITY NC
1252 PM EST FRI FEB 2 2018

...................................

...THE CAPE HATTERAS NC CLIMATE SUMMARY FOR THE MONTH OF JANUARY 2018...

CLIMATE NORMAL PERIOD 1981 TO 2010
CLIMATE RECORD PERIOD 1874 TO 2018

WEATHER         OBSERVED          NORMAL  DEPART  LAST YEAR`S
                 VALUE   DATE(S)  VALUE   FROM    VALUE  DATE(S)
                                          NORMAL
................................................................
TEMPERATURE (F)
RECORD
 HIGH              99   01/21/2018
 LOW                6   01/21/1985
HIGHEST            69   01/12                         70
LOWEST             19   01/07                         24
                        01/06
AVG. MAXIMUM     47.5              52.2    -4.7     58.7
AVG. MINIMUM     33.7              38.7    -5.0     44.1
MEAN             40.6              45.5    -4.9     51.4
DAYS MAX >= 90      0               0.0     0.0        0
DAYS MAX <= 32      5               0.8     4.2        1
DAYS MIN <= 32     14               8.0     6.0        5
DAYS MIN <= 0       0               0.0     0.0        0

PRECIPITATION (INCHES)
RECORD
 MAXIMUM        12.45   1991
 MINIMUM           MM   2006
TOTALS           8.60              5.24    3.36     4.98
DAYS >= .01        11              10.6     0.4       14
DAYS >= .10         8               7.7     0.3       10
DAYS >= .50         6               3.4     2.6        4
DAYS >= 1.00        5               1.6     3.4        1

SNOWFALL (INCHES)
RECORDS
 TOTAL             MM   5
 SNOW DEPTH        MM   MM
TOTALS            3.5               0.3     3.2        T
 LIQUID EQUIV    0.35              0.00    0.35        T
SINCE 7/1         3.5               1.6     1.9        T
 LIQUID 7/1      0.35              0.20    0.15       MM
SNOWDEPTH AVG.      0                MM      MM        0
DAYS >= TRACE       2               0.4     1.6        1
DAYS >= 1.0         2               0.1     1.9        0
GREATEST
 SNOW DEPTH         3   01/18                          0  MM
 STORM TOTAL       MM
 (MM/DD(HH))            MM

DEGREE_DAYS
HEATING TOTAL     628               606      22      400
 SINCE 7/1       1347              1413     -66     1058
.................................................................

WIND (MPH)
AVERAGE WIND SPEED              9.3
HIGHEST WIND SPEED/DIRECTION    36/240    DATE  01/12
HIGHEST GUST SPEED/DIRECTION    52/240    DATE  01/12

SKY COVER
POSSIBLE SUNSHINE (PERCENT)   MM
AVERAGE SKY COVER           0.40
NUMBER OF DAYS FAIR           15
NUMBER OF DAYS PC              6
NUMBER OF DAYS CLOUDY          6

AVERAGE RH (PERCENT)     75

WEATHER CONDITIONS. NUMBER OF DAYS WITH
  0
  7
  1
  0
  2
  0
  4
HAZE                      1

-  INDICATES NEGATIVE NUMBERS.
R  INDICATES RECORD WAS SET OR TIED.
MM INDICATES DATA IS MISSING.
T  INDICATES TRACE AMOUNT.

$$
