000
CXUS51 KRLX 030433
CLMHTS


CLIMATE REPORT
NATIONAL WEATHER SERVICE CHARLESTON WV
1232 AM EDT FRI NOV 3 2017

...................................

...THE HUNTINGTON WV CLIMATE SUMMARY FOR THE MONTH OF OCTOBER 2017...

CLIMATE NORMAL PERIOD 1981 TO 2010
CLIMATE RECORD PERIOD 1897 TO 2017

WEATHER         OBSERVED          NORMAL  DEPART  LAST YEAR`S
                 VALUE   DATE(S)  VALUE   FROM    VALUE  DATE(S)
                                          NORMAL
................................................................
TEMPERATURE (F)
RECORD
 HIGH              93   10/08/2007
                        10/04/1951
                        10/07/1941
 LOW               16   10/27/1962
HIGHEST            87   10/07                         88
LOWEST             30   10/26                         36
AVG. MAXIMUM     71.6              68.1     3.5     74.1
AVG. MINIMUM     47.6              45.1     2.5     50.3
MEAN             59.6              56.6     3.0     62.2
DAYS MAX >= 90      0               0.1    -0.1        0
DAYS MAX <= 32      0               0.0     0.0        0
DAYS MIN <= 32      2               2.4    -0.4        0
DAYS MIN <= 0       0               0.0     0.0        0

PRECIPITATION (INCHES)
RECORD
 MAXIMUM         6.38   2006
 MINIMUM            T   1963
TOTALS           4.79              2.81    1.98     2.27
DAILY AVG.       0.15              0.09    0.06     0.07
DAYS >= .01         9               9.3    -0.3        4
DAYS >= .10         7               5.5     1.5        2
DAYS >= .50         2               2.0     0.0        2
DAYS >= 1.00        2               0.7     1.3        1
GREATEST
 24 HR. TOTAL    2.26   10/08 TO 10/08              2.15

SNOWFALL (INCHES)
RECORDS
 TOTAL            1.9   2012
 24 HR TOTAL       MM
 SNOW DEPTH         1   10/30/2012
TOTALS            0.0               0.1    -0.1      0.0
SINCE 7/1         0.0               0.1    -0.1      0.0
SNOWDEPTH AVG.      0                                  0
DAYS >= 1.0         0               0.0     0.0        0
GREATEST
 SNOW DEPTH         0   MM                             0  MM
 24 HR TOTAL      0.0   10/31 TO 10/31               0.0

DEGREE_DAYS
HEATING TOTAL     213               281     -68      136
 SINCE 7/1        245               339     -94      146
COOLING TOTAL      54                21      33       57
 SINCE 1/1       1188              1132      56     1582
.................................................................

WIND (MPH)
AVERAGE WIND SPEED              4.2
HIGHEST WIND SPEED/DIRECTION    25/250    DATE  10/11
HIGHEST GUST SPEED/DIRECTION    39/310    DATE  10/15

SKY COVER
POSSIBLE SUNSHINE (PERCENT)   MM
AVERAGE SKY COVER           0.30
NUMBER OF DAYS FAIR           16
NUMBER OF DAYS PC             12
NUMBER OF DAYS CLOUDY          3

AVERAGE RH (PERCENT)     68

WEATHER CONDITIONS. NUMBER OF DAYS WITH
THUNDERSTORM              0     MIXED PRECIP               0
HEAVY RAIN                2     RAIN                       6
LIGHT RAIN               10     FREEZING RAIN              0
LT FREEZING RAIN          0     HAIL                       0
HEAVY SNOW                0     SNOW                       0
LIGHT SNOW                0     SLEET                      0
FOG                      19     FOG W/VIS <= 1/4 MILE      6
HAZE                      7

-  INDICATES NEGATIVE NUMBERS.
R  INDICATES RECORD WAS SET OR TIED.
MM INDICATES DATA IS MISSING.
T  INDICATES TRACE AMOUNT.

$$
