000
CXUS53 KUNR 011608
CLMICR


CLIMATE REPORT
NATIONAL WEATHER SERVICE RAPID CITY SD
1007 AM MDT TUE SEP 1 2015

...................................

...THE WINNER REGIONAL AIRPORT SD CLIMATE SUMMARY FOR THE MONTH OF AUGUST 2015...

CLIMATE NORMAL PERIOD 1981 TO 2010
CLIMATE RECORD PERIOD 9999 TO 9999

WEATHER         OBSERVED          NORMAL  DEPART  LAST YEAR`S
                 VALUE   DATE(S)  VALUE   FROM    VALUE  DATE(S)
                                          NORMAL
................................................................
TEMPERATURE (F)
HIGHEST           101   08/15                         94  08/02
                                                          08/01
LOWEST             47R  08/24                         51  08/26
                                                          08/25
AVG. MAXIMUM     86.2              87.1    -0.9     84.0
AVG. MINIMUM     62.5              61.7     0.8     61.4
MEAN             74.3              74.4    -0.1     72.7
DAYS MAX >= 90     12                                  8
DAYS MAX <= 32      0                                  0
DAYS MIN <= 32      0                                  0
DAYS MIN <= 0       0                                  0

PRECIPITATION (INCHES)
TOTALS           3.09              2.32    0.77     3.87
DAILY AVG.       0.10              0.07    0.03     0.12
DAYS >= .01         8                                 11
DAYS >= .10         6                                  7
DAYS >= .50         2                                  3
DAYS >= 1.00        1                                  1
GREATEST
 24 HR. TOTAL    1.55   08/18 TO 08/18              1.64

DEGREE_DAYS
HEATING TOTAL      14                 9       5        1
 SINCE 7/1         14                14       0       13
COOLING TOTAL     312               300      12      246
 SINCE 1/1        940               806     134      730
.................................................................

WIND (MPH)
AVERAGE WIND SPEED              11.9
HIGHEST WIND SPEED/DIRECTION    40/320    DATE  08/22
HIGHEST GUST SPEED/DIRECTION    53/320    DATE  08/22

AVERAGE RH (PERCENT)     58

WEATHER CONDITIONS. NUMBER OF DAYS WITH
THUNDERSTORM              0     MIXED PRECIP               0
HEAVY RAIN                4     RAIN                       5
LIGHT RAIN               12     FREEZING RAIN              0
LT FREEZING RAIN          0     HAIL                       0
HEAVY SNOW                0     SNOW                       0
LIGHT SNOW                0     SLEET                      0
FOG                       7     FOG W/VIS <= 1/4 MILE      0
HAZE                      6

-  INDICATES NEGATIVE NUMBERS.
R  INDICATES RECORD WAS SET OR TIED.
MM INDICATES DATA IS MISSING.
T  INDICATES TRACE AMOUNT.

$$
