906
CXUS53 KUNR 011602
CLMIEN


CLIMATE REPORT
NATIONAL WEATHER SERVICE RAPID CITY SD
1001 AM MDT SAT JUL 1 2017

...................................

...THE PINE RIDGE SD CLIMATE SUMMARY FOR THE MONTH OF JUNE 2017...

CLIMATE NORMAL PERIOD 1981 TO 2010
CLIMATE RECORD PERIOD 9999 TO 9999

WEATHER         OBSERVED          NORMAL  DEPART  LAST YEAR`S
                 VALUE   DATE(S)  VALUE   FROM    VALUE  DATE(S)
                                          NORMAL
................................................................
TEMPERATURE (F)
HIGHEST            94   06/21                        102  06/21
                        06/20                             06/11
LOWEST             34R  06/24                         37  06/05
                                                          06/01
AVG. MAXIMUM     82.5              79.8     2.7     88.6
AVG. MINIMUM     51.2              51.7    -0.5     53.7
MEAN             66.9              65.8     1.1     71.2
DAYS MAX >= 90      4                                 14
DAYS MAX <= 32      0                                  0
DAYS MIN <= 32      0                                  0
DAYS MIN <= 0       0                                  0

PRECIPITATION (INCHES)
TOTALS           1.51              3.43   -1.92     1.50
DAILY AVG.       0.05              0.11   -0.06     0.05
DAYS >= .01         9                                  5
DAYS >= .10         3                                  2
DAYS >= .50         1                                  1
DAYS >= 1.00        0                                  1
GREATEST
 24 HR. TOTAL    0.55   06/12 TO 06/12              1.39

DEGREE_DAYS
HEATING TOTAL      35                87     -52       26
 SINCE 7/1       6719              7214    -495     6507
COOLING TOTAL      98               110     -12      217
 SINCE 1/1        114               127     -13      225
.................................................................

WIND (MPH)
AVERAGE WIND SPEED              8.0
HIGHEST WIND SPEED/DIRECTION    43/200    DATE  06/27
HIGHEST GUST SPEED/DIRECTION    55/200    DATE  06/27

AVERAGE RH (PERCENT)     61

WEATHER CONDITIONS. NUMBER OF DAYS WITH
THUNDERSTORM              0     MIXED PRECIP               0
HEAVY RAIN                3     RAIN                       3
LIGHT RAIN               11     FREEZING RAIN              0
LT FREEZING RAIN          0     HAIL                       0
HEAVY SNOW                0     SNOW                       0
LIGHT SNOW                0     SLEET                      0
FOG                       5     FOG W/VIS <= 1/4 MILE      0
HAZE                      3

-  INDICATES NEGATIVE NUMBERS.
R  INDICATES RECORD WAS SET OR TIED.
MM INDICATES DATA IS MISSING.
T  INDICATES TRACE AMOUNT.

$$
