000
CXUS53 KLBF 110353
CLMIML


CLIMATE REPORT
NATIONAL WEATHER SERVICE NORTH PLATTE
1050 PM CDT FRI JUL 10 2015

...................................

...THE IMPERIAL NE CLIMATE SUMMARY FOR THE MONTH OF JUNE 2015...

CLIMATE NORMAL PERIOD 1981 TO 2010
CLIMATE RECORD PERIOD 1893 TO 2015

WEATHER         OBSERVED          NORMAL  DEPART  LAST YEAR`S
                 VALUE   DATE(S)  VALUE   FROM    VALUE  DATE(S)
                                          NORMAL
................................................................
TEMPERATURE (F)
RECORD
 HIGH             110   06/26/2012
 LOW               29   MM
HIGHEST            99   06/30        98       1      100  06/03
LOWEST             53   06/13        45       8       43  06/10
                        06/01
AVG. MAXIMUM     84.1              84.0     0.1     82.8
AVG. MINIMUM     58.8              56.0     2.8     56.0
MEAN             71.4              70.0     1.4     69.4
DAYS MAX >= 90      6               8.7    -2.7        5
DAYS MAX <= 32      0               0.0     0.0        0
DAYS MIN <= 32      0               0.0     0.0        0
DAYS MIN <= 0       0               0.0     0.0        0

PRECIPITATION (INCHES)
RECORD
 MAXIMUM         8.75   1962
 MINIMUM         0.07   1952
TOTALS           2.87              3.17   -0.30     7.05
DAILY AVG.       0.10              0.11   -0.01     0.23
DAYS >= .01         8                MM      MM       13
DAYS >= .10         5                MM      MM       11
DAYS >= .50         3                MM      MM        7
DAYS >= 1.00        0                MM      MM        1
GREATEST
 24 HR. TOTAL    0.87   06/01 TO 06/02           06/08 TO 06/09
                                                          06/09 TO 06/09
                                                          06/09 TO 06/09

SNOWFALL (INCHES)
TOTALS             MM

DEGREE_DAYS
HEATING TOTAL       4                34     -30       29
 SINCE 7/1       5754              6101    -347     6260
COOLING TOTAL     206               184      22      167
 SINCE 1/1        210               228     -18      228
..........................................................

WIND (MPH)
HIGHEST WIND SPEED/DIRECTION    38/330    DATE  06/25
HIGHEST GUST SPEED/DIRECTION    56/340    DATE  06/25

AVERAGE RH (PERCENT)     68

WEATHER CONDITIONS. NUMBER OF DAYS WITH
THUNDERSTORM              0     MIXED PRECIP               0
HEAVY RAIN                3     RAIN                       2
LIGHT RAIN                9     FREEZING RAIN              0
LT FREEZING RAIN          0     HAIL                       0
HEAVY SNOW                0     SNOW                       0
LIGHT SNOW                0     SLEET                      0
FOG                       9     FOG W/VIS <= 1/4 MILE      1
HAZE                      1

-  INDICATES NEGATIVE NUMBERS.
R  INDICATES RECORD WAS SET OR TIED.
MM INDICATES DATA IS MISSING.
T  INDICATES TRACE AMOUNT.

$$
