000
CXUS53 KLBF 011429
CLMIML


CLIMATE REPORT
NATIONAL WEATHER SERVICE NORTH PLATTE
827 AM CST FRI DEC 1 2017

...................................

...THE IMPERIAL NE CLIMATE SUMMARY FOR THE MONTH OF NOVEMBER 2017...

CLIMATE NORMAL PERIOD 1981 TO 2010
CLIMATE RECORD PERIOD 1893 TO 2017

WEATHER         OBSERVED          NORMAL  DEPART  LAST YEAR`S
                 VALUE   DATE(S)  VALUE   FROM    VALUE  DATE(S)
                                          NORMAL
................................................................
TEMPERATURE (F)
RECORD
 HIGH              84   11/08/2006
 LOW              -18   11/27/1896
HIGHEST            79   11/27        73       6       75  11/10
LOWEST             16   11/08         6      10        5  11/19
                        11/07
AVG. MAXIMUM     57.4              51.2     6.2     58.4
AVG. MINIMUM     26.0              24.2     1.8     29.0
MEAN             41.7              37.7     4.0     43.7
DAYS MAX >= 90      0               0.0     0.0        0
DAYS MAX <= 32      0               2.3    -2.3        0
DAYS MIN <= 32     26              24.8     1.2       20
DAYS MIN <= 0       0               0.0     0.0        0

PRECIPITATION (INCHES)
RECORD
 MAXIMUM         3.34   1930
 MINIMUM         0.00   1901
TOTALS           0.06              0.63   -0.57     0.23
DAILY AVG.       0.00              0.02   -0.02     0.01
DAYS >= .01         2                MM      MM        3
DAYS >= .10         0                MM      MM        1
DAYS >= .50         0                MM      MM        0
DAYS >= 1.00        0                MM      MM        0
GREATEST
 24 HR. TOTAL    0.04   11/17 TO 11/17           11/16 TO 11/17
                        10/31 TO 11/01                    11/17 TO 11/17
                        11/01 TO 11/01                    11/17 TO 11/18

SNOWFALL (INCHES)
TOTALS             MM

DEGREE_DAYS
HEATING TOTAL     693               819    -126      635
 SINCE 7/1       1193              1381    -188      954
COOLING TOTAL       0                 0       0        0
 SINCE 1/1       1042               963      79     1011
.........................................................

WIND (MPH)
HIGHEST WIND SPEED/DIRECTION    35/320    DATE  11/24
HIGHEST GUST SPEED/DIRECTION    45/320    DATE  11/24

AVERAGE RH (PERCENT)     63

WEATHER CONDITIONS. NUMBER OF DAYS WITH
THUNDERSTORM              0     MIXED PRECIP               0
HEAVY RAIN                0     RAIN                       0
LIGHT RAIN                2     FREEZING RAIN              0
LT FREEZING RAIN          0     HAIL                       0
HEAVY SNOW                0     SNOW                       0
LIGHT SNOW                1     SLEET                      0
FOG                       8     FOG W/VIS <= 1/4 MILE      1
HAZE                      1

-  INDICATES NEGATIVE NUMBERS.
R  INDICATES RECORD WAS SET OR TIED.
MM INDICATES DATA IS MISSING.
T  INDICATES TRACE AMOUNT.

&&

...SNOWFALL AND SNOW DEPTH DATA IS UNAVAILABLE AT THIS LOCATION...

$$
