000
CXUS53 KIND 011610
CLMIND


CLIMATE REPORT
NATIONAL WEATHER SERVICE INDIANAPOLIS IN
1110 AM EST THU FEB 1 2018

...................................

...THE INDIANAPOLIS IN CLIMATE SUMMARY FOR THE MONTH OF JANUARY 2018...

CLIMATE NORMAL PERIOD 1981 TO 2010
CLIMATE RECORD PERIOD 1871 TO 2018

WEATHER         OBSERVED          NORMAL  DEPART  LAST YEAR`S
                 VALUE   DATE(S)  VALUE   FROM    VALUE  DATE(S)
                                          NORMAL
................................................................
TEMPERATURE (F)
RECORD
 HIGH              71   01/25/1950
 LOW              -27   01/19/1994
HIGHEST            58   01/26                         66  01/21
                        01/11
LOWEST            -12   01/02                         -1  01/07
AVG. MAXIMUM     33.8              35.6    -1.8     42.0
AVG. MINIMUM     16.3              20.5    -4.2     27.8
MEAN             25.1              28.1    -3.0     34.9
DAYS MAX >= 90      0               0.0     0.0        0
DAYS MAX <= 32     14              11.6     2.4        8
DAYS MIN <= 32     27              25.4     1.6       17
DAYS MIN <= 0       8               2.2     5.8        1

PRECIPITATION (INCHES)
RECORD
 MAXIMUM        12.69   1950
 MINIMUM         0.21   1944
TOTALS           2.00              2.66   -0.66     4.35
DAILY AVG.       0.06              0.09   -0.03     0.14
DAYS >= .01        12              12.1    -0.1       13
DAYS >= .10         6               5.8     0.2        9
DAYS >= .50         0               1.6    -1.6        5
DAYS >= 1.00        0               0.4    -0.4        0
GREATEST
 24 HR. TOTAL    0.49   01/11 TO 01/11

SNOWFALL (INCHES)
RECORDS
 TOTAL           30.6   1978
 SNOW DEPTH        20   01/28/1978
                        01/27/1978
TOTALS            3.7               8.6    -4.9      1.7
SINCE 7/1         7.6              16.6    -9.0      6.6
SNOWDEPTH AVG.      1
DAYS >= 1.0         2               2.5    -0.5        1
DAYS >= 0.1         5                                  3
GREATEST
 SNOW DEPTH         3   01/18                          1  01/08
                        01/17                             01/07
                        01/16                             01/06
 24 HR TOTAL      1.5   01/15 TO 01/15               1.2  01/20 TO 01/20

DEGREE_DAYS
HEATING TOTAL    1231              1145      86      925
 SINCE 7/1       3204              3221     -17     2685
COOLING TOTAL       0                 0       0        0
 SINCE 1/1          0                 0       0        0
.................................................

WIND (MPH)
AVERAGE WIND SPEED              10.8
HIGHEST WIND SPEED/DIRECTION    39/240    DATE  01/22
HIGHEST GUST SPEED/DIRECTION    48/250    DATE  01/22

SKY COVER
POSSIBLE SUNSHINE (PERCENT)   MM
AVERAGE SKY COVER           0.60
NUMBER OF DAYS FAIR            9
NUMBER OF DAYS PC              6
NUMBER OF DAYS CLOUDY         16

AVERAGE RH (PERCENT)     75

WEATHER CONDITIONS. NUMBER OF DAYS WITH
THUNDERSTORM              1     MIXED PRECIP               0
HEAVY RAIN                2     RAIN                       3
LIGHT RAIN               10     FREEZING RAIN              0
LT FREEZING RAIN          5     HAIL                       1
HEAVY SNOW                0     SNOW                       4
LIGHT SNOW               12     SLEET                      2
FOG                      17     FOG W/VIS <= 1/4 MILE      5
HAZE                      1

-  INDICATES NEGATIVE NUMBERS.
R  INDICATES RECORD WAS SET OR TIED.
MM INDICATES DATA IS MISSING.
T  INDICATES TRACE AMOUNT.

$$
