000
CXUS53 KEAX 011316 RRA
CLMIRK

CLIMATE REPORT
NATIONAL WEATHER SERVICE KANSAS CITY/PLEASANT HILL MO
1254 AM CST SUN JAN 1 2017

...................................

...THE KIRKSVILLE CLIMATE SUMMARY FOR THE MONTH OF DECEMBER 2016...

CLIMATE NORMAL PERIOD 1981 TO 2010
CLIMATE RECORD PERIOD 9999 TO 9999

WEATHER         OBSERVED          NORMAL  DEPART  LAST YEAR`S
                 VALUE   DATE(S)  VALUE   FROM    VALUE  DATE(S)
                                          NORMAL
................................................................
TEMPERATURE (F)
HIGHEST            58   12/25        59      -1       66  12/12
LOWEST            -10   12/18                -9       15  12/19
AVG. MAXIMUM     36.1              37.2    -1.1     46.7
AVG. MINIMUM     19.6              20.4    -0.8     31.4
MEAN             27.6              28.8    -1.2     39.1
DAYS MAX >= 90      0               0.0     0.0        0
DAYS MAX <= 32     12              10.9     1.1        3
DAYS MIN <= 32     27              26.9     0.1       18
DAYS MIN <= 0       2               2.3    -0.3        0

PRECIPITATION (INCHES)
TOTALS           1.23              1.75   -0.52     4.36
DAILY AVG.       0.04              0.06   -0.02     0.15
DAYS >= .01         6               7.5    -1.5        8
DAYS >= .10         2               3.6    -1.6        6
DAYS >= .50         1               0.7     0.3        2
DAYS >= 1.00        0               0.3    -0.3        2
GREATEST
 24 HR. TOTAL    0.50   12/04 TO 12/04
                        12/03 TO 12/04
                        12/04 TO 12/04

DEGREE_DAYS
HEATING TOTAL    1079              1122     -43      747
 SINCE 7/1       1801              2343    -542     1629
COOLING TOTAL       0                 0       0        0
 SINCE 1/1       1313               939     374     1102
.................................................................

WIND (MPH)
AVERAGE WIND SPEED              9.0
HIGHEST WIND SPEED/DIRECTION    33/300    DATE  12/29
HIGHEST GUST SPEED/DIRECTION    45/280    DATE  12/29

SKY COVER
POSSIBLE SUNSHINE (PERCENT)   MM
AVERAGE SKY COVER           0.40
NUMBER OF DAYS FAIR           16
NUMBER OF DAYS PC              5
NUMBER OF DAYS CLOUDY         10

AVERAGE RH (PERCENT)     70

WEATHER CONDITIONS. NUMBER OF DAYS WITH
THUNDERSTORM              0     MIXED PRECIP               0
HEAVY RAIN                1     RAIN                       1
LIGHT RAIN                3     FREEZING RAIN              0
LT FREEZING RAIN          1     HAIL                       0
HEAVY SNOW                1     SNOW                       1
LIGHT SNOW                4     SLEET                      0
FOG                      10     FOG W/VIS <= 1/4 MILE      4
HAZE                      5

-  INDICATES NEGATIVE NUMBERS.
R  INDICATES RECORD WAS SET OR TIED.
MM INDICATES DATA IS MISSING.
T  INDICATES TRACE AMOUNT.

$$
