000
CXUS53 KEAX 011511
CLMIRK

CLIMATE REPORT
NATIONAL WEATHER SERVICE KANSAS CITY/PLEASANT HILL MO
1003 AM CDT SAT AUG 1 2015

...................................

...THE KIRKSVILLE CLIMATE SUMMARY FOR THE MONTH OF JULY 2015...

CLIMATE NORMAL PERIOD 1981 TO 2010
CLIMATE RECORD PERIOD 9999 TO 9999

WEATHER         OBSERVED          NORMAL  DEPART  LAST YEAR`S
                 VALUE   DATE(S)  VALUE   FROM    VALUE  DATE(S)
                                          NORMAL
................................................................
TEMPERATURE (F)
HIGHEST            94   07/17        95      -1       93  07/22
LOWEST             55   07/09        54       1       51  07/17
                        07/04                             07/03
AVG. MAXIMUM     84.9              85.3    -0.4     81.7
AVG. MINIMUM     65.7              64.8     0.9     59.6
MEAN             75.3              75.1     0.2     70.7
DAYS MAX >= 90      8               8.3    -0.3        2
DAYS MAX <= 32      0               0.0     0.0        0
DAYS MIN <= 32      0               0.0     0.0        0
DAYS MIN <= 0       0               0.0     0.0        0

PRECIPITATION (INCHES)
TOTALS           6.85              4.66    2.19     2.81
DAILY AVG.       0.22              0.15    0.07     0.09
DAYS >= .01        15               9.5     5.5        8
DAYS >= .10        13               5.7     7.3        6
DAYS >= .50         3               2.5     0.5        2
DAYS >= 1.00        2               1.0     1.0        1
GREATEST
 24 HR. TOTAL    2.41   07/18 TO 07/19

DEGREE_DAYS
HEATING TOTAL       5                 1       4        6
 SINCE 7/1          5                 1       4        6
COOLING TOTAL     332               313      19      191
 SINCE 1/1        642               567      75      560
.................................................................

WIND (MPH)
AVERAGE WIND SPEED              6.8
HIGHEST WIND SPEED/DIRECTION    35/160    DATE  07/16
HIGHEST GUST SPEED/DIRECTION    56/170    DATE  07/16

SKY COVER
POSSIBLE SUNSHINE (PERCENT)   MM
AVERAGE SKY COVER           0.30
NUMBER OF DAYS FAIR           22
NUMBER OF DAYS PC              7
NUMBER OF DAYS CLOUDY          2

AVERAGE RH (PERCENT)     75

WEATHER CONDITIONS. NUMBER OF DAYS WITH
THUNDERSTORM             12     MIXED PRECIP               0
HEAVY RAIN               12     RAIN                      13
LIGHT RAIN               24     FREEZING RAIN              0
LT FREEZING RAIN          0     HAIL                       0
HEAVY SNOW                0     SNOW                       0
LIGHT SNOW                0     SLEET                      0
FOG                      23     FOG W/VIS <= 1/4 MILE      2
HAZE                      8

-  INDICATES NEGATIVE NUMBERS.
R  INDICATES RECORD WAS SET OR TIED.
MM INDICATES DATA IS MISSING.
T  INDICATES TRACE AMOUNT.

$$
